{"id":18731,"date":"2025-04-28T10:39:37","date_gmt":"2025-04-28T08:39:37","guid":{"rendered":"https:\/\/www.scienzaegoverno.org\/?post_type=libro&#038;p=18731"},"modified":"2025-07-04T10:20:39","modified_gmt":"2025-07-04T08:20:39","slug":"daniele-zovi-voci-dal-bosco-incontri-silenziosi-con-piante-alberi","status":"publish","type":"libro","link":"https:\/\/www.scienzaegoverno.org\/?libro=daniele-zovi-voci-dal-bosco-incontri-silenziosi-con-piante-alberi","title":{"rendered":"Daniele Zovi Voci dal Bosco &#8211; incontri silenziosi con piante alberi"},"content":{"rendered":"\n<div class=\"wp-block-columns is-layout-flex wp-container-core-columns-is-layout-9d6595d7 wp-block-columns-is-layout-flex\">\n<div class=\"wp-block-column is-layout-flow wp-block-column-is-layout-flow\">\n<figure class=\"wp-block-image size-full is-resized\"><img loading=\"lazy\" decoding=\"async\" width=\"300\" height=\"457\" src=\"https:\/\/www.scienzaegoverno.org\/wp-content\/uploads\/2025\/04\/COPERTINA1.png\" alt=\"\" class=\"wp-image-18732\" style=\"width:175px;height:auto\" srcset=\"https:\/\/www.scienzaegoverno.org\/wp-content\/uploads\/2025\/04\/COPERTINA1.png 300w, https:\/\/www.scienzaegoverno.org\/wp-content\/uploads\/2025\/04\/COPERTINA1-197x300.png 197w\" sizes=\"auto, (max-width: 300px) 100vw, 300px\" \/><\/figure>\n<\/div>\n\n\n\n<div class=\"wp-block-column is-layout-flow wp-block-column-is-layout-flow\">\n<figure class=\"wp-block-table\"><table class=\"has-fixed-layout\"><tbody><tr><td>Autore: Daniele Zovi <br>Illustratore: Giuliano Dall&#8217;Oglio <br>Editore: CAI Edizioni Collana: Il Rifugio delle Idee <br>Anno edizione: 2025 <br>In commercio dal: 29 gennaio 2025<br>Pagine: 96 illustrazioni a colori. In brossura<br>Prezzo di copertina \u20ac 12<br>ISBN: 9788879821568<\/td><\/tr><\/tbody><\/table><\/figure>\n\n\n\n<p><\/p>\n<\/div>\n<\/div>\n\n\n\n<div class=\"wp-block-columns is-layout-flex wp-container-core-columns-is-layout-9d6595d7 wp-block-columns-is-layout-flex\">\n<div class=\"wp-block-column is-layout-flow wp-block-column-is-layout-flow\">\n<p>Incontrare un albero, abbracciarlo, provare a sentire la sua voce. Qualcuno ci prova davvero con strumenti sofisticati, e per conoscerlo meglio, usiamo la dendrologia per dargli un\u2019et\u00e0! Tranquilli non dobbiamo abbattere gli alberi per contare gli anelli di crescita. Attualmente, con precisone chirurgica, si possono estrarre carote di legno che permettono di contare e misurare gli anelli di crescita senza danneggiare l\u2019albero.<\/p>\n\n\n\n<p>Per chi vive a nord della nostra lunga penisola, il primo bosco cui si pensa \u00e8 la <strong>Foresta del Cansiglio<\/strong>, visibile dal campanile di San Marco nei giorni sereni. La vedevano i dogi tra il monte Cavallo e Col Visentin, quella macchia scura patrimonio del ducato del Friuli e poi della Serenissima repubblica veneziana che deve il proprio sviluppo e ricchezza a quella risorsa naturale. Barche, remi, galee sono del legno di quella foresta. Sfruttamento e gestione regolamentati, la risorsa preziosa veniva protetta. E tuttora questo patrimonio, a cavallo tra le regioni Friuli Venezia Giulia e Veneto, viene gestito e curato.<\/p>\n\n\n\n<p>Chi invece, percorrendo lo stivale verso sud, arriva in Basilicata a Policoro vicino a Matera pu\u00f2 immergersi nel \u201c<strong>Bosco Pantano<\/strong>\u201d foresta planiziale tra i fiumi Sinni e Agri. Una delle poche foreste sopravvissute alle bonifiche, attualmente Riserva Regionale orientata, ora presa in carico dagli amministratori locali per lavori di ricarica della falda che si abbassa sempre pi\u00f9. Custodisce un grande patrimonio di insetti come il coleottero Rosalia Alpina specie protetta, e il lepidottero Monarca africana farfalla migratrice che arriva dall\u2019Africa, presente da poco in questo ambiente. Un fascino arcano tra i sentieri che permettono di osservare diversi habitat, le tracce di un istrice, una lontra che esce dall\u2019acqua, immersi nei profumi di macchia mediterranea lentisco, alloro, mirto fino ad alzare lo sguardo in una radura per abbracciare una superba farnia.<\/p>\n\n\n\n<p>Scendendo oltre lo stivale, in Sicilia troviamo realt\u00e0 difficili da immaginare, l\u2019autore definisce questa terra \u201cesagerata\u201d. I suoi pendii sono aridi e ingialliti a quote basse ma non \u00e8 cos\u00ec nelle terre alte verdi, rigogliose e varie. Nella catena dei Nebrodi \u00e8 un susseguirsi di macchia mediterranea sempre verde con leccio e sughera associata a roverella e a quota 1200 tassi meravigliosi per forma e vetust\u00e0, sulle Madonie agrifogli giganti alti oltre 15 m. E la straordinaria vita della <em>Betula aetnensis<\/em> esempio di adattamento e resilienza sulle nere lave dell\u2019Etna dove \u00e8 accompagnata dalle pi\u00f9 basse e modeste piante pioniere come muschi e licheni. E a Palermo? I monumenti viventi come i 4 ficus, il pi\u00f9 imponente quello di Villa Garibaldi con 36 metri di circonferenza e radici che scendono lungo il tronco con la certezza di trovare terreno da cui nutrirsi.<\/p>\n\n\n\n<p>La resilienza dei vegetali, e degli alberi in particolare, ci fa sperare che qualsiasi cosa faranno i Sapiens a questo nostro pianeta, loro saranno in grado di adottare strategie di adattamento. Un esplicito invito a riflettere sul nostro rapporto con questi esseri viventi fondamentali per la nostra esistenza. Riflettere su come li trattiamo, sfruttiamo, utilizziamo. Come in tutti i suoi saggi, l\u2019autore oltre alla profonda conoscenza di questi esseri viventi, rende la lettura coinvolgente attraverso personali esperienze e aneddoti legati alla storia antica, alle credenze popolari. Scrive sempre di esperienze personali vissute che condivide con un target che possiamo definire eterogeneo: dall\u2019amante della natura, al botanico, allo studente, allo studioso e al camminatore curioso.<\/p>\n\n\n\n<p>Alberta<\/p>\n<\/div>\n<\/div>\n","protected":false},"author":6,"featured_media":0,"template":"","meta":{"advgb_blocks_editor_width":"","advgb_blocks_columns_visual_guide":""},"class_list":["post-18731","libro","type-libro","status-publish","hentry"],"featured_img":false,"coauthors":[],"author_meta":{"author_link":"https:\/\/www.scienzaegoverno.org\/?author=6","display_name":"Alberta"},"relative_dates":{"created":"Pubblicato 1 anno fa","modified":"Aggiornato 10 mesi fa"},"absolute_dates":{"created":"Pubblicato il 28\/04\/2025","modified":"Aggiornato il 04\/07\/2025"},"absolute_dates_time":{"created":"Pubblicato il 28\/04\/2025 10:39","modified":"Aggiornato il 04\/07\/2025 10:20"},"featured_img_caption":"","tax_additional":[],"series_order":"","_links":{"self":[{"href":"https:\/\/www.scienzaegoverno.org\/index.php?rest_route=\/wp\/v2\/libro\/18731","targetHints":{"allow":["GET"]}}],"collection":[{"href":"https:\/\/www.scienzaegoverno.org\/index.php?rest_route=\/wp\/v2\/libro"}],"about":[{"href":"https:\/\/www.scienzaegoverno.org\/index.php?rest_route=\/wp\/v2\/types\/libro"}],"author":[{"embeddable":true,"href":"https:\/\/www.scienzaegoverno.org\/index.php?rest_route=\/wp\/v2\/users\/6"}],"wp:attachment":[{"href":"https:\/\/www.scienzaegoverno.org\/index.php?rest_route=%2Fwp%2Fv2%2Fmedia&parent=18731"}],"curies":[{"name":"wp","href":"https:\/\/api.w.org\/{rel}","templated":true}]}}

<div class="wp-block-columns is-layout-flex wp-container-core-columns-is-layout-9d6595d7 wp-block-columns-is-layout-flex">
<div class="wp-block-column is-layout-flow wp-block-column-is-layout-flow">
<figure class="wp-block-image size-full is-resized"><img loading="lazy" decoding="async" width="300" height="457" src="https://www.scienzaegoverno.org/wp-content/uploads/2025/04/COPERTINA1.png" alt="" class="wp-image-18732" style="width:175px;height:auto" srcset="https://www.scienzaegoverno.org/wp-content/uploads/2025/04/COPERTINA1.png 300w, https://www.scienzaegoverno.org/wp-content/uploads/2025/04/COPERTINA1-197x300.png 197w" sizes="auto, (max-width: 300px) 100vw, 300px" /></figure>
</div>



<div class="wp-block-column is-layout-flow wp-block-column-is-layout-flow">
<figure class="wp-block-table"><table class="has-fixed-layout"><tbody><tr><td>Autore: Daniele Zovi <br>Illustratore: Giuliano Dall&#8217;Oglio <br>Editore: CAI Edizioni Collana: Il Rifugio delle Idee <br>Anno edizione: 2025 <br>In commercio dal: 29 gennaio 2025<br>Pagine: 96 illustrazioni a colori. In brossura<br>Prezzo di copertina € 12<br>ISBN: 9788879821568</td></tr></tbody></table></figure>



<p></p>
</div>
</div>



<div class="wp-block-columns is-layout-flex wp-container-core-columns-is-layout-9d6595d7 wp-block-columns-is-layout-flex">
<div class="wp-block-column is-layout-flow wp-block-column-is-layout-flow">
<p>Incontrare un albero, abbracciarlo, provare a sentire la sua voce. Qualcuno ci prova davvero con strumenti sofisticati, e per conoscerlo meglio, usiamo la dendrologia per dargli un’età! Tranquilli non dobbiamo abbattere gli alberi per contare gli anelli di crescita. Attualmente, con precisone chirurgica, si possono estrarre carote di legno che permettono di contare e misurare gli anelli di crescita senza danneggiare l’albero.</p>



<p>Per chi vive a nord della nostra lunga penisola, il primo bosco cui si pensa è la <strong>Foresta del Cansiglio</strong>, visibile dal campanile di San Marco nei giorni sereni. La vedevano i dogi tra il monte Cavallo e Col Visentin, quella macchia scura patrimonio del ducato del Friuli e poi della Serenissima repubblica veneziana che deve il proprio sviluppo e ricchezza a quella risorsa naturale. Barche, remi, galee sono del legno di quella foresta. Sfruttamento e gestione regolamentati, la risorsa preziosa veniva protetta. E tuttora questo patrimonio, a cavallo tra le regioni Friuli Venezia Giulia e Veneto, viene gestito e curato.</p>



<p>Chi invece, percorrendo lo stivale verso sud, arriva in Basilicata a Policoro vicino a Matera può immergersi nel “<strong>Bosco Pantano</strong>” foresta planiziale tra i fiumi Sinni e Agri. Una delle poche foreste sopravvissute alle bonifiche, attualmente Riserva Regionale orientata, ora presa in carico dagli amministratori locali per lavori di ricarica della falda che si abbassa sempre più. Custodisce un grande patrimonio di insetti come il coleottero Rosalia Alpina specie protetta, e il lepidottero Monarca africana farfalla migratrice che arriva dall’Africa, presente da poco in questo ambiente. Un fascino arcano tra i sentieri che permettono di osservare diversi habitat, le tracce di un istrice, una lontra che esce dall’acqua, immersi nei profumi di macchia mediterranea lentisco, alloro, mirto fino ad alzare lo sguardo in una radura per abbracciare una superba farnia.</p>



<p>Scendendo oltre lo stivale, in Sicilia troviamo realtà difficili da immaginare, l’autore definisce questa terra “esagerata”. I suoi pendii sono aridi e ingialliti a quote basse ma non è così nelle terre alte verdi, rigogliose e varie. Nella catena dei Nebrodi è un susseguirsi di macchia mediterranea sempre verde con leccio e sughera associata a roverella e a quota 1200 tassi meravigliosi per forma e vetustà, sulle Madonie agrifogli giganti alti oltre 15 m. E la straordinaria vita della <em>Betula aetnensis</em> esempio di adattamento e resilienza sulle nere lave dell’Etna dove è accompagnata dalle più basse e modeste piante pioniere come muschi e licheni. E a Palermo? I monumenti viventi come i 4 ficus, il più imponente quello di Villa Garibaldi con 36 metri di circonferenza e radici che scendono lungo il tronco con la certezza di trovare terreno da cui nutrirsi.</p>



<p>La resilienza dei vegetali, e degli alberi in particolare, ci fa sperare che qualsiasi cosa faranno i Sapiens a questo nostro pianeta, loro saranno in grado di adottare strategie di adattamento. Un esplicito invito a riflettere sul nostro rapporto con questi esseri viventi fondamentali per la nostra esistenza. Riflettere su come li trattiamo, sfruttiamo, utilizziamo. Come in tutti i suoi saggi, l’autore oltre alla profonda conoscenza di questi esseri viventi, rende la lettura coinvolgente attraverso personali esperienze e aneddoti legati alla storia antica, alle credenze popolari. Scrive sempre di esperienze personali vissute che condivide con un target che possiamo definire eterogeneo: dall’amante della natura, al botanico, allo studente, allo studioso e al camminatore curioso.</p>



<p>Alberta</p>
</div>
</div>
