{"id":18586,"date":"2025-04-02T11:09:37","date_gmt":"2025-04-02T09:09:37","guid":{"rendered":"https:\/\/www.scienzaegoverno.org\/?post_type=libro&#038;p=18586"},"modified":"2025-07-04T10:21:29","modified_gmt":"2025-07-04T08:21:29","slug":"giorgio-lago-il-mio-veneto-e-altri-scritti","status":"publish","type":"libro","link":"https:\/\/www.scienzaegoverno.org\/?libro=giorgio-lago-il-mio-veneto-e-altri-scritti","title":{"rendered":"Giorgio Lago: il mio Veneto e altri scritti"},"content":{"rendered":"\n<div class=\"wp-block-columns is-layout-flex wp-container-core-columns-is-layout-9d6595d7 wp-block-columns-is-layout-flex\">\n<div class=\"wp-block-column is-layout-flow wp-block-column-is-layout-flow\">\n<figure class=\"wp-block-image size-full is-resized\"><img loading=\"lazy\" decoding=\"async\" width=\"210\" height=\"336\" src=\"https:\/\/www.scienzaegoverno.org\/wp-content\/uploads\/2025\/04\/LAGO2-1.png\" alt=\"\" class=\"wp-image-18592\" style=\"width:169px;height:auto\" srcset=\"https:\/\/www.scienzaegoverno.org\/wp-content\/uploads\/2025\/04\/LAGO2-1.png 210w, https:\/\/www.scienzaegoverno.org\/wp-content\/uploads\/2025\/04\/LAGO2-1-188x300.png 188w\" sizes=\"auto, (max-width: 210px) 100vw, 210px\" \/><\/figure>\n<\/div>\n\n\n\n<div class=\"wp-block-column is-layout-flow wp-block-column-is-layout-flow\">\n<figure class=\"wp-block-table\"><table class=\"has-fixed-layout\"><tbody><tr><td>Autore: Giorgio Lago<br>Curatori: Francesco Lago Chiavacci e Francesco Jori<br>Editore: Ronzani<br>Collana: Collana Vento Veneto<br>Anno edizione: 2025 <br>In commercio dal: 22 gennaio 2025<br>540 pagine in brossura<br>Prezzo di copertina \u20ac20,00<br>ISBN: 979-12-5997-152-4<br><br><br><br><br><\/td><\/tr><\/tbody><\/table><\/figure>\n\n\n\n<div class=\"wp-block-columns is-layout-flex wp-container-core-columns-is-layout-9d6595d7 wp-block-columns-is-layout-flex\">\n<div class=\"wp-block-column is-layout-flow wp-block-column-is-layout-flow\"><\/div>\n<\/div>\n<\/div>\n<\/div>\n\n\n\n<p><strong>Indipendenza, attinenza ai dati di fatto, citazione di fonti e opinioni<\/strong> erano le parole chiave del Gazzettino di Giorgio Lago. Nei primi anni \u201880 entrava nelle famiglie portato direttamente dall\u2019edicolante di quartiere, i suoi editoriali erano apprezzati, in una citt\u00e0 come Padova in cui gli studenti universitari aggiungevano dibattito e fermento culturale.<\/p>\n\n\n\n<p>Si tratta di qualche decennio fa, attualmente il lettore di quotidiani \u00e8 bersagliato da notizie che escono nel cartaceo e\/o nella rete in modo caotico con dibattiti estemporanei cui seguono spesso contraddizioni.<\/p>\n\n\n\n<p>Questi elementi messi insieme fanno del testo su Giorgio Lago, edito da Ronzani a 20 anni dalla sua morte, curato dal figlio Francesco Lago Chiavacci e da Francesco Jori, un\u2019opera importante per la quantit\u00e0 e qualit\u00e0 dei testi pubblicati, riguardanti non solo il Veneto e il Nordest, locomotiva economica di grande importanza, ma anche il mondo intero. Nel libro possiamo conoscere, grazie alle introduzioni di giornalisti come Ezio Mauro, Ilvo Diamanti e Franceco Jori la dimensione socio culturale di Lago sottolineata marcatamente dal figlio Francesco Chiavacci Lago. Figlio impegnato a evitare che l\u2019eredit\u00e0 culturale del padre vada perduta. \u201cIl facchino del nordest\u201d non muore. Nel 2008 su proposta del prorettore del Bo, viene fondato il Centro Studi interdipartimentale a lui intitolato, proprio al fine di valorizzare quanto lasciato da Lago riassumibile in una sua affermazione <strong>\u201cil nuovo petrolio sar\u00e0 il sapere: chi avr\u00e0 la leva del sapere guider\u00e0 il domani\u201d.<\/strong> Ci piacerebbe poterlo credere anche oggi in un mondo in cui le fondamenta del sapere sono intrappolate nell\u2019unica cosa che sembra contare, il denaro.<\/p>\n\n\n\n<p>C&#8217;\u00e8 il Lago visto e raccontato da fuori, da chi ha intersecato la sua lunga strada: sono interviste da lui rilasciate, ma soprattutto la testimonianza di chi ha avuto il privilegio di frequentarlo, sia nel giornale che nella vita civile, tra personaggi dello sport e della societ\u00e0 civile.<\/p>\n\n\n\n<p>I suoi articoli sportivi, il suo nordest senza trattino, dagli Alpini al Vajont, e poi i ritratti, brevi scritti di Lago dedicati a figure fondamentali dell\u2019attualit\u00e0 politica e sociale non solo italiana di due decenni fa: Falcone e Borsellino, Gianni Agnelli,  papa Wojtila, Leonardo da Vinci come genio universale e Don Paolo Chiavacci.<\/p>\n\n\n\n<p>Nell\u2019attuale contingenza viene spontaneo fare sintesi dell\u2019impegno di quest\u2019ultimo, zio di Giorgio, paladino dell\u2019ambiente ante litteram. Don Paolo Chiavacci, il prete alpino precursore dell\u2019impegno per l\u2019ambiente. Dalla guerra al sacerdozio sentiva il bisogno di comunicare. Condividere il suo sentirsi parte della natura. Il legame stretto verso il monte Grappa e gli Alpini sintesi di amore e capit\u00e0 di superare le difficolt\u00e0. Ha dato vita all\u2019Associazione \u201c<strong>Incontri con la Natura per la Salvaguardia del Creato\u201d.<\/strong><\/p>\n\n\n\n<p>E c&#8217;\u00e8 poi, soprattutto, il Lago che esce dai suoi tantissimi scritti, da giornalista di sport a direttore di testata: una figura centrale per quel Nordest di cui \u00e8 stato autorevole testimonial, e al tempo stesso, un giornalista attento a registrare le trasformazioni della sua epoca,  a pungolare i lettori ma anche i responsabili della vita pubblica a coltivare quella passione civile che \u00e8 stata la sua regola di giornalista e di uomo.<\/p>\n\n\n\n<p>Anche qui portiamo solo un articolo come esempio. Determinato fin dal titolo  quanto mai attuale, \u00e8 il pezzo dal titolo <strong>La Sanit\u00e0 non si tagli<\/strong>a. Inizia con una affermazione \u201cbisogna eliminare il termine tagli abbinato alla parola sanit\u00e0\u201d. Nessuna societ\u00e0 cammina senza la sanit\u00e0. La salute fa parte del benessere sociale. Nel coraggioso articolo uscito nel 2004 scrive che \u201c<em>il ceto politico costa alla comunit\u00e0 ma rende solo ai titolari. Questo Paese per far tornare i conti non ha diritto di tagliare la Sanit\u00e0 ma l\u2019obbligo di tagliare la foresta di privilegi, sprechi e illegalit\u00e0, faccia dimagrire un po\u2019 lo stato obeso e poi nel riparliamo<\/em>\u201d.<\/p>\n\n\n\n<p>Un testo-eredit\u00e0 che fa capire la necessit\u00e0 di ritrovare consapevolezza e capacit\u00e0 critica indispensabili per leggere quanto accade intorno a noi.<\/p>\n\n\n\n<p>Il testo \u00e8 edito da Ronzani <a href=\"https:\/\/ronzanieditore.it\/\">https:\/\/ronzanieditore.it\/<\/a>. Casa editrice il cui fondatore \u00e8 Beppe Cantele che afferma con fierezza \u201cHo scelto di fare politica prendendola molto molto alla larga\u201d. Fare libri \u00e8 fare politica!<\/p>\n\n\n\n<p>Alberta<\/p>\n","protected":false},"author":6,"featured_media":0,"template":"","meta":{"advgb_blocks_editor_width":"","advgb_blocks_columns_visual_guide":""},"class_list":["post-18586","libro","type-libro","status-publish","hentry"],"featured_img":false,"coauthors":[],"author_meta":{"author_link":"https:\/\/www.scienzaegoverno.org\/?author=6","display_name":"Alberta"},"relative_dates":{"created":"Pubblicato 1 anno fa","modified":"Aggiornato 10 mesi fa"},"absolute_dates":{"created":"Pubblicato il 02\/04\/2025","modified":"Aggiornato il 04\/07\/2025"},"absolute_dates_time":{"created":"Pubblicato il 02\/04\/2025 11:09","modified":"Aggiornato il 04\/07\/2025 10:21"},"featured_img_caption":"","tax_additional":[],"series_order":"","_links":{"self":[{"href":"https:\/\/www.scienzaegoverno.org\/index.php?rest_route=\/wp\/v2\/libro\/18586","targetHints":{"allow":["GET"]}}],"collection":[{"href":"https:\/\/www.scienzaegoverno.org\/index.php?rest_route=\/wp\/v2\/libro"}],"about":[{"href":"https:\/\/www.scienzaegoverno.org\/index.php?rest_route=\/wp\/v2\/types\/libro"}],"author":[{"embeddable":true,"href":"https:\/\/www.scienzaegoverno.org\/index.php?rest_route=\/wp\/v2\/users\/6"}],"wp:attachment":[{"href":"https:\/\/www.scienzaegoverno.org\/index.php?rest_route=%2Fwp%2Fv2%2Fmedia&parent=18586"}],"curies":[{"name":"wp","href":"https:\/\/api.w.org\/{rel}","templated":true}]}}

<div class="wp-block-columns is-layout-flex wp-container-core-columns-is-layout-9d6595d7 wp-block-columns-is-layout-flex">
<div class="wp-block-column is-layout-flow wp-block-column-is-layout-flow">
<figure class="wp-block-image size-full is-resized"><img loading="lazy" decoding="async" width="210" height="336" src="https://www.scienzaegoverno.org/wp-content/uploads/2025/04/LAGO2-1.png" alt="" class="wp-image-18592" style="width:169px;height:auto" srcset="https://www.scienzaegoverno.org/wp-content/uploads/2025/04/LAGO2-1.png 210w, https://www.scienzaegoverno.org/wp-content/uploads/2025/04/LAGO2-1-188x300.png 188w" sizes="auto, (max-width: 210px) 100vw, 210px" /></figure>
</div>



<div class="wp-block-column is-layout-flow wp-block-column-is-layout-flow">
<figure class="wp-block-table"><table class="has-fixed-layout"><tbody><tr><td>Autore: Giorgio Lago<br>Curatori: Francesco Lago Chiavacci e Francesco Jori<br>Editore: Ronzani<br>Collana: Collana Vento Veneto<br>Anno edizione: 2025 <br>In commercio dal: 22 gennaio 2025<br>540 pagine in brossura<br>Prezzo di copertina €20,00<br>ISBN: 979-12-5997-152-4<br><br><br><br><br></td></tr></tbody></table></figure>



<div class="wp-block-columns is-layout-flex wp-container-core-columns-is-layout-9d6595d7 wp-block-columns-is-layout-flex">
<div class="wp-block-column is-layout-flow wp-block-column-is-layout-flow"></div>
</div>
</div>
</div>



<p><strong>Indipendenza, attinenza ai dati di fatto, citazione di fonti e opinioni</strong> erano le parole chiave del Gazzettino di Giorgio Lago. Nei primi anni ‘80 entrava nelle famiglie portato direttamente dall’edicolante di quartiere, i suoi editoriali erano apprezzati, in una città come Padova in cui gli studenti universitari aggiungevano dibattito e fermento culturale.</p>



<p>Si tratta di qualche decennio fa, attualmente il lettore di quotidiani è bersagliato da notizie che escono nel cartaceo e/o nella rete in modo caotico con dibattiti estemporanei cui seguono spesso contraddizioni.</p>



<p>Questi elementi messi insieme fanno del testo su Giorgio Lago, edito da Ronzani a 20 anni dalla sua morte, curato dal figlio Francesco Lago Chiavacci e da Francesco Jori, un’opera importante per la quantità e qualità dei testi pubblicati, riguardanti non solo il Veneto e il Nordest, locomotiva economica di grande importanza, ma anche il mondo intero. Nel libro possiamo conoscere, grazie alle introduzioni di giornalisti come Ezio Mauro, Ilvo Diamanti e Franceco Jori la dimensione socio culturale di Lago sottolineata marcatamente dal figlio Francesco Chiavacci Lago. Figlio impegnato a evitare che l’eredità culturale del padre vada perduta. “Il facchino del nordest” non muore. Nel 2008 su proposta del prorettore del Bo, viene fondato il Centro Studi interdipartimentale a lui intitolato, proprio al fine di valorizzare quanto lasciato da Lago riassumibile in una sua affermazione <strong>“il nuovo petrolio sarà il sapere: chi avrà la leva del sapere guiderà il domani”.</strong> Ci piacerebbe poterlo credere anche oggi in un mondo in cui le fondamenta del sapere sono intrappolate nell’unica cosa che sembra contare, il denaro.</p>



<p>C&#8217;è il Lago visto e raccontato da fuori, da chi ha intersecato la sua lunga strada: sono interviste da lui rilasciate, ma soprattutto la testimonianza di chi ha avuto il privilegio di frequentarlo, sia nel giornale che nella vita civile, tra personaggi dello sport e della società civile.</p>



<p>I suoi articoli sportivi, il suo nordest senza trattino, dagli Alpini al Vajont, e poi i ritratti, brevi scritti di Lago dedicati a figure fondamentali dell’attualità politica e sociale non solo italiana di due decenni fa: Falcone e Borsellino, Gianni Agnelli,  papa Wojtila, Leonardo da Vinci come genio universale e Don Paolo Chiavacci.</p>



<p>Nell’attuale contingenza viene spontaneo fare sintesi dell’impegno di quest’ultimo, zio di Giorgio, paladino dell’ambiente ante litteram. Don Paolo Chiavacci, il prete alpino precursore dell’impegno per l’ambiente. Dalla guerra al sacerdozio sentiva il bisogno di comunicare. Condividere il suo sentirsi parte della natura. Il legame stretto verso il monte Grappa e gli Alpini sintesi di amore e capità di superare le difficoltà. Ha dato vita all’Associazione “<strong>Incontri con la Natura per la Salvaguardia del Creato”.</strong></p>



<p>E c&#8217;è poi, soprattutto, il Lago che esce dai suoi tantissimi scritti, da giornalista di sport a direttore di testata: una figura centrale per quel Nordest di cui è stato autorevole testimonial, e al tempo stesso, un giornalista attento a registrare le trasformazioni della sua epoca,  a pungolare i lettori ma anche i responsabili della vita pubblica a coltivare quella passione civile che è stata la sua regola di giornalista e di uomo.</p>



<p>Anche qui portiamo solo un articolo come esempio. Determinato fin dal titolo  quanto mai attuale, è il pezzo dal titolo <strong>La Sanità non si tagli</strong>a. Inizia con una affermazione “bisogna eliminare il termine tagli abbinato alla parola sanità”. Nessuna società cammina senza la sanità. La salute fa parte del benessere sociale. Nel coraggioso articolo uscito nel 2004 scrive che “<em>il ceto politico costa alla comunità ma rende solo ai titolari. Questo Paese per far tornare i conti non ha diritto di tagliare la Sanità ma l’obbligo di tagliare la foresta di privilegi, sprechi e illegalità, faccia dimagrire un po’ lo stato obeso e poi nel riparliamo</em>”.</p>



<p>Un testo-eredità che fa capire la necessità di ritrovare consapevolezza e capacità critica indispensabili per leggere quanto accade intorno a noi.</p>



<p>Il testo è edito da Ronzani <a href="https://ronzanieditore.it/">https://ronzanieditore.it/</a>. Casa editrice il cui fondatore è Beppe Cantele che afferma con fierezza “Ho scelto di fare politica prendendola molto molto alla larga”. Fare libri è fare politica!</p>



<p>Alberta</p>
