{"id":5222,"date":"2018-05-15T12:55:59","date_gmt":"2018-05-15T12:55:59","guid":{"rendered":"https:\/\/scienzaegoverno.org\/evento\/la-piazza-della-scienza\/"},"modified":"2018-05-15T12:55:59","modified_gmt":"2018-05-15T12:55:59","slug":"la-piazza-della-scienza","status":"publish","type":"evento","link":"https:\/\/www.scienzaegoverno.org\/?evento=la-piazza-della-scienza","title":{"rendered":"La Piazza della Scienza"},"content":{"rendered":"<hr \/>\n<p>&ldquo;La Piazza della Scienza&rdquo; consiste tre incontri per&nbsp;promuovere la divulgazione delle scienze ambientali, per sostenere la crescita del patrimonio culturale della comunit\u00e0 e la consapevolezza che ognuno pu\u00f2 attivare pratiche di resilienza per fronteggiare i rischi ambientali. La scienza diventa cos\u00ec strumento di crescita del senso civico dei cittadini e ne stimola la partecipazione attiva ed \u00e8 un&rsquo;opportunit\u00e0 per conoscere e affrontare i problemi quotidiani.<\/p>\n<h3>Le date<\/h3>\n<div>\n<div>\n<div>15\/05\/2018<\/div>\n<div>19\/05\/2018<\/div>\n<div>01\/06\/2018<\/div>\n<\/div>\n<\/div>\n<div class=\"field field-name-field-ora-inizio field-type-text field-label-inline clearfix\" style=\"margin: 1em 0px 0.5em; padding: 0px; border: 0px; outline: 0px; vertical-align: baseline; font-variant-numeric: inherit; font-variant-east-asian: inherit; font-stretch: inherit; font-size: 14px; line-height: inherit; font-family: ABeeZee, Enriqueta, &quot;Helvetica Nueue&quot;, Helvetica, Geneva, Arial, Verdana, sans-serif; color: rgb(100, 100, 100); text-align: justify; background-color: rgb(255, 255, 255);\">\n<div class=\"field-label\" style=\"margin: 0px; padding: 0px; border: 0px; outline: 0px; vertical-align: baseline; font-style: inherit; font-variant: inherit; font-stretch: inherit; font-size: inherit; line-height: 1.2em; font-family: ABeeZee, Enriqueta, Georgia, serif; float: left; display: inline;\">Ora inizio:&nbsp;<\/div>\n<div class=\"field-items\" style=\"margin: 0px; padding: 0px; border: 0px; outline: 0px; vertical-align: baseline; font-style: inherit; font-variant: inherit; font-weight: inherit; font-stretch: inherit; font-size: 12px; line-height: inherit; font-family: inherit; float: left; display: inline;\">\n<div class=\"field-item even\" style=\"margin: 0px; padding: 0px; border: 0px; outline: 0px; vertical-align: baseline; font-style: inherit; font-variant: inherit; font-weight: inherit; font-stretch: inherit; font-size: inherit; line-height: inherit; font-family: inherit; display: inline;\">16:00<\/div>\n<\/div>\n<\/div>\n<hr \/>\n<p>Saranno utilizzati giochi di ruolo, che sfrutteranno le propriet\u00e0 dell&rsquo;App &ldquo;Ecobalance&rdquo;, scaricabile gratuitamente, per il calcolo della quantit\u00e0 di CO2, non rilasciata in atmosfera a seguito di un corretto smaltimento del packaging, e momenti di partecipazione e decisione condivisa attraverso giochi collettivi per adulti e bambini per la comprensione di fenomeni come ad esempio i cambiamenti climatici e sulla raccolta differenziata. Gli eventi dal titolo&nbsp;Tira una brutta aria, Riduci giocando&nbsp;e&nbsp;La scienza a tavola, tratteranno di:&nbsp;qualit\u00e0 dell&rsquo;aria, corretto smaltimento dei rifiuti, sana alimentazione. Altri eventi in programma saranno&nbsp;La Tombola scientifica &#8211;&nbsp;Trova il compagno e vinci,&nbsp;L&#39;ocAmbientalista e l&#39;ocAlimentare&nbsp;&#8211; il gioco dell&#39;oca per conoscere l&#39;ambiente e il cibo di stagione,&nbsp;Ecobalance &#8211;&nbsp;L&#39;App per ridurre le emissioni di CO2,&nbsp;IQA &#8211;&nbsp;Un indice di qualit\u00e0 dell&#39;aria per conoscere ci\u00f2 che respiriamo.<br \/>E per i pi\u00f9 piccoli:&nbsp;Ricicla giocando &#8211;&nbsp;Un domino per imparare la raccolta differenziata e&nbsp;Ricrea creando&nbsp;&#8211; Costruire differenziando.<\/p>\n<hr \/>\n<p>Ingresso libero&nbsp;<\/p>\n<p>&nbsp;<\/p>\n<p style=\"text-align: right;\"><a data-mce-href=\"https:\/\/www.facebook.com\/CentroStudiUomoAmbiente\" href=\"https:\/\/www.facebook.com\/CentroStudiUomoAmbiente\" style=\"margin: 0px; padding: 0px; border: none; outline: 0px; vertical-align: baseline; font-style: italic; font-variant-numeric: inherit; font-variant-east-asian: inherit; font-stretch: inherit; font-size: 13px; line-height: inherit; font-family: Georgia; color: rgb(38, 121, 185); text-decoration-line: none; background-color: rgb(255, 255, 255); text-align: center;\"><img loading=\"lazy\" decoding=\"async\" data-mce-src=\"http:\/\/scienzaegoverno.voxmail.it\/rs\/content\/facebook-logo.png\" height=\"15\" src=\"http:\/\/scienzaegoverno.voxmail.it\/rs\/content\/facebook-logo.png\" style=\"border: none; margin: 0px; padding: 0px; outline: 0px; vertical-align: bottom; font-style: inherit; font-variant: inherit; font-weight: inherit; font-stretch: inherit; font-size: inherit; line-height: inherit; font-family: inherit; max-width: 100%; height: auto;\" width=\"15\" \/><\/a><\/p>\n","protected":false},"author":4,"featured_media":5223,"template":"","meta":{"advgb_blocks_editor_width":"","advgb_blocks_columns_visual_guide":""},"class_list":["post-5222","evento","type-evento","status-publish","has-post-thumbnail","hentry"],"featured_img":"https:\/\/www.scienzaegoverno.org\/wp-content\/uploads\/2018\/05\/piazza-scienza.jpg","coauthors":[],"author_meta":{"author_link":"https:\/\/www.scienzaegoverno.org\/?author=4","display_name":"NoName"},"relative_dates":{"created":"Pubblicato 8 anni fa","modified":"Aggiornato 8 anni fa"},"absolute_dates":{"created":"Pubblicato il 15\/05\/2018","modified":"Aggiornato il 15\/05\/2018"},"absolute_dates_time":{"created":"Pubblicato il 15\/05\/2018 12:55","modified":"Aggiornato il 15\/05\/2018 12:55"},"featured_img_caption":"","tax_additional":[],"series_order":"","_links":{"self":[{"href":"https:\/\/www.scienzaegoverno.org\/index.php?rest_route=\/wp\/v2\/evento\/5222","targetHints":{"allow":["GET"]}}],"collection":[{"href":"https:\/\/www.scienzaegoverno.org\/index.php?rest_route=\/wp\/v2\/evento"}],"about":[{"href":"https:\/\/www.scienzaegoverno.org\/index.php?rest_route=\/wp\/v2\/types\/evento"}],"author":[{"embeddable":true,"href":"https:\/\/www.scienzaegoverno.org\/index.php?rest_route=\/wp\/v2\/users\/4"}],"wp:featuredmedia":[{"embeddable":true,"href":"https:\/\/www.scienzaegoverno.org\/index.php?rest_route=\/wp\/v2\/media\/5223"}],"wp:attachment":[{"href":"https:\/\/www.scienzaegoverno.org\/index.php?rest_route=%2Fwp%2Fv2%2Fmedia&parent=5222"}],"curies":[{"name":"wp","href":"https:\/\/api.w.org\/{rel}","templated":true}]}}

<hr />
<p>&ldquo;La Piazza della Scienza&rdquo; consiste tre incontri per&nbsp;promuovere la divulgazione delle scienze ambientali, per sostenere la crescita del patrimonio culturale della comunità e la consapevolezza che ognuno può attivare pratiche di resilienza per fronteggiare i rischi ambientali. La scienza diventa così strumento di crescita del senso civico dei cittadini e ne stimola la partecipazione attiva ed è un&rsquo;opportunità per conoscere e affrontare i problemi quotidiani.</p>
<h3>Le date</h3>
<div>
<div>
<div>15/05/2018</div>
<div>19/05/2018</div>
<div>01/06/2018</div>
</div>
</div>
<div class="field field-name-field-ora-inizio field-type-text field-label-inline clearfix" style="margin: 1em 0px 0.5em; padding: 0px; border: 0px; outline: 0px; vertical-align: baseline; font-variant-numeric: inherit; font-variant-east-asian: inherit; font-stretch: inherit; font-size: 14px; line-height: inherit; font-family: ABeeZee, Enriqueta, &quot;Helvetica Nueue&quot;, Helvetica, Geneva, Arial, Verdana, sans-serif; color: rgb(100, 100, 100); text-align: justify; background-color: rgb(255, 255, 255);">
<div class="field-label" style="margin: 0px; padding: 0px; border: 0px; outline: 0px; vertical-align: baseline; font-style: inherit; font-variant: inherit; font-stretch: inherit; font-size: inherit; line-height: 1.2em; font-family: ABeeZee, Enriqueta, Georgia, serif; float: left; display: inline;">Ora inizio:&nbsp;</div>
<div class="field-items" style="margin: 0px; padding: 0px; border: 0px; outline: 0px; vertical-align: baseline; font-style: inherit; font-variant: inherit; font-weight: inherit; font-stretch: inherit; font-size: 12px; line-height: inherit; font-family: inherit; float: left; display: inline;">
<div class="field-item even" style="margin: 0px; padding: 0px; border: 0px; outline: 0px; vertical-align: baseline; font-style: inherit; font-variant: inherit; font-weight: inherit; font-stretch: inherit; font-size: inherit; line-height: inherit; font-family: inherit; display: inline;">16:00</div>
</div>
</div>
<hr />
<p>Saranno utilizzati giochi di ruolo, che sfrutteranno le proprietà dell&rsquo;App &ldquo;Ecobalance&rdquo;, scaricabile gratuitamente, per il calcolo della quantità di CO2, non rilasciata in atmosfera a seguito di un corretto smaltimento del packaging, e momenti di partecipazione e decisione condivisa attraverso giochi collettivi per adulti e bambini per la comprensione di fenomeni come ad esempio i cambiamenti climatici e sulla raccolta differenziata. Gli eventi dal titolo&nbsp;Tira una brutta aria, Riduci giocando&nbsp;e&nbsp;La scienza a tavola, tratteranno di:&nbsp;qualità dell&rsquo;aria, corretto smaltimento dei rifiuti, sana alimentazione. Altri eventi in programma saranno&nbsp;La Tombola scientifica &#8211;&nbsp;Trova il compagno e vinci,&nbsp;L&#39;ocAmbientalista e l&#39;ocAlimentare&nbsp;&#8211; il gioco dell&#39;oca per conoscere l&#39;ambiente e il cibo di stagione,&nbsp;Ecobalance &#8211;&nbsp;L&#39;App per ridurre le emissioni di CO2,&nbsp;IQA &#8211;&nbsp;Un indice di qualità dell&#39;aria per conoscere ciò che respiriamo.<br />E per i più piccoli:&nbsp;Ricicla giocando &#8211;&nbsp;Un domino per imparare la raccolta differenziata e&nbsp;Ricrea creando&nbsp;&#8211; Costruire differenziando.</p>
<hr />
<p>Ingresso libero&nbsp;</p>
<p>&nbsp;</p>
<p style="text-align: right;"><a data-mce-href="https://www.facebook.com/CentroStudiUomoAmbiente" href="https://www.facebook.com/CentroStudiUomoAmbiente" style="margin: 0px; padding: 0px; border: none; outline: 0px; vertical-align: baseline; font-style: italic; font-variant-numeric: inherit; font-variant-east-asian: inherit; font-stretch: inherit; font-size: 13px; line-height: inherit; font-family: Georgia; color: rgb(38, 121, 185); text-decoration-line: none; background-color: rgb(255, 255, 255); text-align: center;"><img loading="lazy" decoding="async" data-mce-src="http://scienzaegoverno.voxmail.it/rs/content/facebook-logo.png" height="15" src="http://scienzaegoverno.voxmail.it/rs/content/facebook-logo.png" style="border: none; margin: 0px; padding: 0px; outline: 0px; vertical-align: bottom; font-style: inherit; font-variant: inherit; font-weight: inherit; font-stretch: inherit; font-size: inherit; line-height: inherit; font-family: inherit; max-width: 100%; height: auto;" width="15" /></a></p>
