{"id":5178,"date":"2018-04-26T15:16:54","date_gmt":"2018-04-26T15:16:54","guid":{"rendered":"https:\/\/scienzaegoverno.org\/evento\/risvegli-la-primavera-scientifica-allorto-botanico\/"},"modified":"2018-04-26T15:16:54","modified_gmt":"2018-04-26T15:16:54","slug":"risvegli-la-primavera-scientifica-allorto-botanico","status":"publish","type":"evento","link":"https:\/\/www.scienzaegoverno.org\/?evento=risvegli-la-primavera-scientifica-allorto-botanico","title":{"rendered":"Risvegli, la primavera scientifica all&#8217;Orto botanico"},"content":{"rendered":"<p>&nbsp;<\/p>\n<hr \/>\n<p>La primavera \u00e8 sinonimo di risveglio dal torpore invernale. I sensi si fanno pi\u00f9 acuti, i colori pi\u00f9 vivi e la natura sboccia in tutto il suo splendore. Non c&rsquo;\u00e8 a Padova luogo migliore dell&rsquo;Orto botanico per incarnare lo spirito primaverile.<br \/>Dal 27 aprile al primo maggio l&rsquo;Orto ospita quindi cinque giorni densi di incontri, concerti, conferenze, momenti di riflessione sul pianeta e sulla sua natura, aperti a tutta la cittadinanza, ai turisti e ovviamente a chi abita l&rsquo;ateneo.<\/p>\n","protected":false},"author":4,"featured_media":5179,"template":"","meta":{"advgb_blocks_editor_width":"","advgb_blocks_columns_visual_guide":""},"class_list":["post-5178","evento","type-evento","status-publish","has-post-thumbnail","hentry"],"featured_img":"https:\/\/www.scienzaegoverno.org\/wp-content\/uploads\/2018\/04\/risvegliilbo.jpg","coauthors":[],"author_meta":{"author_link":"https:\/\/www.scienzaegoverno.org\/?author=4","display_name":"NoName"},"relative_dates":{"created":"Pubblicato 8 anni fa","modified":"Aggiornato 8 anni fa"},"absolute_dates":{"created":"Pubblicato il 26\/04\/2018","modified":"Aggiornato il 26\/04\/2018"},"absolute_dates_time":{"created":"Pubblicato il 26\/04\/2018 15:16","modified":"Aggiornato il 26\/04\/2018 15:16"},"featured_img_caption":"","tax_additional":[],"series_order":"","_links":{"self":[{"href":"https:\/\/www.scienzaegoverno.org\/index.php?rest_route=\/wp\/v2\/evento\/5178","targetHints":{"allow":["GET"]}}],"collection":[{"href":"https:\/\/www.scienzaegoverno.org\/index.php?rest_route=\/wp\/v2\/evento"}],"about":[{"href":"https:\/\/www.scienzaegoverno.org\/index.php?rest_route=\/wp\/v2\/types\/evento"}],"author":[{"embeddable":true,"href":"https:\/\/www.scienzaegoverno.org\/index.php?rest_route=\/wp\/v2\/users\/4"}],"wp:featuredmedia":[{"embeddable":true,"href":"https:\/\/www.scienzaegoverno.org\/index.php?rest_route=\/wp\/v2\/media\/5179"}],"wp:attachment":[{"href":"https:\/\/www.scienzaegoverno.org\/index.php?rest_route=%2Fwp%2Fv2%2Fmedia&parent=5178"}],"curies":[{"name":"wp","href":"https:\/\/api.w.org\/{rel}","templated":true}]}}

<p>&nbsp;</p>
<hr />
<p>La primavera è sinonimo di risveglio dal torpore invernale. I sensi si fanno più acuti, i colori più vivi e la natura sboccia in tutto il suo splendore. Non c&rsquo;è a Padova luogo migliore dell&rsquo;Orto botanico per incarnare lo spirito primaverile.<br />Dal 27 aprile al primo maggio l&rsquo;Orto ospita quindi cinque giorni densi di incontri, concerti, conferenze, momenti di riflessione sul pianeta e sulla sua natura, aperti a tutta la cittadinanza, ai turisti e ovviamente a chi abita l&rsquo;ateneo.</p>
