{"id":5166,"date":"2018-04-19T13:40:31","date_gmt":"2018-04-19T13:40:31","guid":{"rendered":"https:\/\/scienzaegoverno.org\/evento\/movimento-e-sostenibili-al-festival-dello-sviluppo-sostenibile-2018-il-programma\/"},"modified":"2023-05-23T13:07:24","modified_gmt":"2023-05-23T13:07:24","slug":"movimento-e-sostenibili-al-festival-dello-sviluppo-sostenibile-2018-il-programma","status":"publish","type":"evento","link":"https:\/\/www.scienzaegoverno.org\/?evento=movimento-e-sostenibili-al-festival-dello-sviluppo-sostenibile-2018-il-programma","title":{"rendered":"&#8220;In movimento e sostenibili&#8221; al Festival dello Sviluppo Sostenibile 2018 &#8211; Il Programma"},"content":{"rendered":"<p>Il Centro Studi &quot;l&#39;Uomo e l&rsquo;Ambiente&quot;&nbsp; in collaborazione con Fisiosport Civitas Vitae TFC-Team For Cohesion a.r.l. S.S.D. partecipa al &quot;Festival dello sviluppo sostenibile&quot; 2018 con l&#39;evento sportivo-informativo &quot;In movimento e sostenibili&quot;.<\/p>\n<h3><span style=\"display: none;\">&nbsp;<\/span><a href=\"https:\/\/scienzaegoverno.org\/wp-content\/uploads\/2018\/04\/Programma-In-movimento-e-sostenibiliWEB.pdf\">Programma<\/a> e <a href=\"https:\/\/scienzaegoverno.org\/evento\/movimento-e-sostenibili-iscrizioni\/\">Iscrizioni<\/a><\/h3>\n<hr \/>\n<p>Il <a href=\"http:\/\/festivalsvilupposostenibile.it\/2018\">Festival dello Sviluppo Sostenibile<\/a> 2018 (22 maggio &#8211; 7 giugno) \u00e8 alla sua seconda edizione. Promosso da ASviS \u00e8 nato sulla scia dell&rsquo;Agenda 2030 e degli &quot;Obiettivi di sviluppo sostenibile&quot; sottoscritti dall&#39;ONU nel settembre 2015, a seguito dei quali organizzazioni internazionali, governi centrali, enti territoriali, associazioni imprenditoriali e della societ\u00e0 civile si sono mobilitai per programmare politiche e strategie indirizzate al raggiungimento degli Obiettivi prefissati. Poich\u00e9 sensibilizzazione e consapevolezza della popolazione sono elementi importanti per stimolare e rendere efficaci e proficue le scelte dei decisori pubblici e privati, l&#39;Asvis ha dato la possibilit\u00e0 di contribuire in prima persona alla realizzazione dell&rsquo;Agenda 2030 in Italia candidando un evento della propria organizzazione di appartenenza.<\/p>\n<p>Nell&#39;ambito del settore &quot;Salute e benessere&quot; del Festival, il Centro Studi &quot;l&#39;Uomo e l&rsquo;Ambiente&quot;<\/p>\n<p><img loading=\"lazy\" decoding=\"async\" class=\" size-full wp-image-5163\" alt=\"\" src=\"https:\/\/scienzaegoverno.org\/wp-content\/uploads\/2018\/04\/23-5-14-csua_per-facebook.png\" style=\"width: 180px; height: 41px;\" width=\"800\" height=\"182\" srcset=\"https:\/\/www.scienzaegoverno.org\/wp-content\/uploads\/2018\/04\/23-5-14-csua_per-facebook.png 800w, https:\/\/www.scienzaegoverno.org\/wp-content\/uploads\/2018\/04\/23-5-14-csua_per-facebook-300x68.png 300w, https:\/\/www.scienzaegoverno.org\/wp-content\/uploads\/2018\/04\/23-5-14-csua_per-facebook-768x175.png 768w\" sizes=\"auto, (max-width: 800px) 100vw, 800px\" \/><\/p>\n<p>e Fisiosport Civitas Vitae TFC-Team For Cohesion a.r.l. S.S.D.<\/p>\n<p><img loading=\"lazy\" decoding=\"async\" class=\" size-full wp-image-5165\" alt=\"\" src=\"https:\/\/scienzaegoverno.org\/wp-content\/uploads\/2018\/04\/LOGO_Fisiosport-Civitas-Vitae.jpg\" style=\"width: 129px; height: 50px;\" width=\"800\" height=\"310\" srcset=\"https:\/\/www.scienzaegoverno.org\/wp-content\/uploads\/2018\/04\/LOGO_Fisiosport-Civitas-Vitae.jpg 800w, https:\/\/www.scienzaegoverno.org\/wp-content\/uploads\/2018\/04\/LOGO_Fisiosport-Civitas-Vitae-300x116.jpg 300w, https:\/\/www.scienzaegoverno.org\/wp-content\/uploads\/2018\/04\/LOGO_Fisiosport-Civitas-Vitae-768x298.jpg 768w\" sizes=\"auto, (max-width: 800px) 100vw, 800px\" \/><\/p>\n<p>si sono candidati con l&#39;evento sportivo-informativo &quot;In movimento e sostenibili&quot;.<br \/>&nbsp;<\/p>\n<hr \/>\n<h3>Obiettivo<\/h3>\n<p>Aumentare la consapevolezza dell&rsquo;importanza di uno stile di vita sano apprezzando le bellezze del parco sotto casa.<\/p>\n<h3>Descrizione&nbsp;<\/h3>\n<p>Una mattina al parco con attivit\u00e0 fisiche e al contempo informative adatte per ogni gruppo di et\u00e0. Occasione per sottolineare l&#39;importanza del movimento, inteso non solo come attivit\u00e0 sportiva, e di una corretta alimentazione per migliorare il benessere fisico e mentale di tutti, dai bambini agli anziani.&nbsp;<\/p>\n<h3>Attivit\u00e0&nbsp;&nbsp;<\/h3>\n<table border=\"1\" cellpadding=\"0\" cellspacing=\"0\">\n<tbody>\n<tr>\n<td style=\"width:121px;\">\n<p>Ora<\/p>\n<\/td>\n<td style=\"width:172px;\">\n<p>Attivit\u00e0<\/p>\n<\/td>\n<td style=\"width:133px;\">\n<p>Dove<\/p>\n<\/td>\n<td style=\"width:217px;\">\n<p>Chi<\/p>\n<\/td>\n<\/tr>\n<tr>\n<td style=\"width:121px;\">\n<p>9.00 &#8211; 9.45<\/p>\n<\/td>\n<td style=\"width:172px;\">\n<p>Nordic walking*<\/p>\n<\/td>\n<td style=\"width:133px;\">\n<p>Parco<\/p>\n<\/td>\n<td style=\"width:217px;\">\n<p>Adulti<\/p>\n<\/td>\n<\/tr>\n<tr>\n<td style=\"width:121px;\">\n<p>9.00 &#8211; 12.00<\/p>\n<\/td>\n<td style=\"width:172px;\">\n<p>Torneo dodgeball<\/p>\n<\/td>\n<td style=\"width:133px;\">\n<p>Palazzetto sport<\/p>\n<\/td>\n<td style=\"width:217px;\">\n<p>Riservato agli Alunni Scuola Primaria della Vittoria<\/p>\n<\/td>\n<\/tr>\n<tr>\n<td style=\"width:121px;\">\n<p>9.15 &#8211; 10.15<\/p>\n<\/td>\n<td style=\"width:172px;\">\n<p>Camminata nel parco&nbsp;<strong style=\"color: rgb(255, 0, 0);\">*<\/strong><\/p>\n<\/td>\n<td style=\"width:133px;\">\n<p>Parco<\/p>\n<\/td>\n<td style=\"width:217px;\">\n<p>Tutti, anche passeggini, carrozzine, deambulatori&#8230;<\/p>\n<\/td>\n<\/tr>\n<tr>\n<td style=\"width:121px;\">\n<p>9.30 &#8211; 10.00<\/p>\n<\/td>\n<td style=\"width:172px;\">\n<p>Stride*<\/p>\n<\/td>\n<td style=\"width:133px;\">\n<p>Pista atletica<\/p>\n<\/td>\n<td style=\"width:217px;\">\n<p>Dai 14 anni<\/p>\n<\/td>\n<\/tr>\n<tr>\n<td style=\"width:121px;\">\n<p>9.30 &ndash; 12.00<\/p>\n<\/td>\n<td style=\"width:172px;\">\n<p>Giochi e circuiti&nbsp;<strong style=\"color: rgb(255, 0, 0);\">*<\/strong><\/p>\n<\/td>\n<td style=\"width:133px;\">\n<p>Pista atletica<\/p>\n<\/td>\n<td style=\"width:217px;\">\n<p>Bambine e bambini<\/p>\n<\/td>\n<\/tr>\n<tr>\n<td style=\"width:121px;\">\n<p>10.00 &ndash; 11.30<\/p>\n<\/td>\n<td style=\"width:172px;\">\n<p>Sala Fitness&nbsp; <span style=\"color:#ff0000;\"><strong>*<\/strong><\/span><\/p>\n<\/td>\n<td style=\"width:133px;\">\n<p>Palestra<\/p>\n<\/td>\n<td style=\"width:217px;\">\n<p>Dai 14 anni<\/p>\n<\/td>\n<\/tr>\n<tr>\n<td style=\"width:121px;\">\n<p>10.30 &#8211; 11.30<\/p>\n<\/td>\n<td style=\"width:172px;\">\n<p>Conferenza Nutrizione *<\/p>\n<\/td>\n<td style=\"width:133px;\">\n<p>Sala riunioni<\/p>\n<\/td>\n<td style=\"width:217px;\">\n<p>Adulti<\/p>\n<\/td>\n<\/tr>\n<tr>\n<td style=\"width:121px;\">\n<p>11.30 &#8211; 12:30<\/p>\n<\/td>\n<td style=\"width:172px;\">\n<p>Interval training *<\/p>\n<\/td>\n<td style=\"width:133px;\">\n<p>Palestra<\/p>\n<\/td>\n<td style=\"width:217px;\">\n<p>Under 50<\/p>\n<\/td>\n<\/tr>\n<\/tbody>\n<\/table>\n<h3>&nbsp;<\/h3>\n<p>* Le attivit\u00e0 con asterisco nero sono a numero chiuso, richiedono l&#39;iscrizione.&nbsp;<\/p>\n<p><span style=\"color:#ff0000;\">*<\/span>&nbsp;Le attivit\u00e0 con asterisco&nbsp;<span style=\"color:#ff0000;\">rosso<\/span>&nbsp;sono aperte a tutti, ma \u00e8 preferibile l&#39;iscrizione per ragioni organizzative.<\/p>\n<p><\/p>\n<h3><strong><a href=\"https:\/\/scienzaegoverno.org\/evento\/movimento-e-sostenibili-iscrizioni\/\">Per iscriversi<\/a><\/strong><br \/>&nbsp;<\/h3>\n<hr \/>\n<h3>Saranno presenti gli assessori del Comune di Padova&nbsp;<a href=\"https:\/\/www.facebook.com\/AssessoreBonavina\/\" style=\"color: rgb(54, 88, 153); cursor: pointer; text-decoration-line: none; font-family: Helvetica, Arial, sans-serif; font-size: 14px; background-color: rgb(255, 255, 255);\">Diego Bonavina<\/a><span style=\"color: rgb(29, 33, 41); font-family: Helvetica, Arial, sans-serif; font-size: 14px; background-color: rgb(255, 255, 255);\">, assessore allo Sport, e&nbsp;<\/span><a href=\"https:\/\/www.facebook.com\/ChiaraGallaniCoalizioneCivica\/\" style=\"color: rgb(54, 88, 153); cursor: pointer; text-decoration-line: none; font-family: Helvetica, Arial, sans-serif; font-size: 14px; background-color: rgb(255, 255, 255);\">Chiara Gallani<\/a><span style=\"color: rgb(29, 33, 41); font-family: Helvetica, Arial, sans-serif; font-size: 14px; background-color: rgb(255, 255, 255);\">, assessore all&#39;Ambiente.<\/span><\/h3>\n<hr \/>\n<h3>Contatti<\/h3>\n<p>*Giuseppina Vittadello<br \/>Centro Studi l&#39;Uomo e l&#39;Ambiente, via N. Copernico 15, Padova.<br \/>tel\/fax: 049.8802773<br \/><a href=\"mailto:inmovimentoesostenibili@gmail.com\">inmovimentoesostenibili@gmail.com<\/a><\/p>\n<p>*Chiara Cremonese<br \/>Fisiosport Civitas Vitae TFC-Team For Cohesion a.r.l. S.S.D.<br \/> Via Venzone, 72\/2-35142 Padova, tel.: 049 6683535<br \/><a href=\"mailto:inmovimentoesostenibili@gmail.com\">inmovimentoesostenibili@gmail.com<\/a>&nbsp;<br \/>&nbsp;<\/p>\n<p style=\"text-align: right;\"><a data-mce-href=\"https:\/\/www.facebook.com\/CentroStudiUomoAmbiente\" href=\"https:\/\/www.facebook.com\/CentroStudiUomoAmbiente\" style=\"text-align: right;\"><img decoding=\"async\" data-mce-src=\"http:\/\/scienzaegoverno.voxmail.it\/rs\/content\/facebook-logo.png\" src=\"http:\/\/scienzaegoverno.voxmail.it\/rs\/content\/facebook-logo.png\" style=\"height: 20px; width: 20px;\" \/><\/a><\/p>\n<p>&nbsp;<\/p>\n","protected":false},"author":4,"featured_media":5167,"template":"","meta":{"advgb_blocks_editor_width":"","advgb_blocks_columns_visual_guide":""},"class_list":["post-5166","evento","type-evento","status-publish","has-post-thumbnail","hentry"],"featured_img":"https:\/\/www.scienzaegoverno.org\/wp-content\/uploads\/2018\/04\/logo112.png","coauthors":[],"author_meta":{"author_link":"https:\/\/www.scienzaegoverno.org\/?author=4","display_name":"NoName"},"relative_dates":{"created":"Pubblicato 8 anni fa","modified":"Aggiornato 3 anni fa"},"absolute_dates":{"created":"Pubblicato il 19\/04\/2018","modified":"Aggiornato il 23\/05\/2023"},"absolute_dates_time":{"created":"Pubblicato il 19\/04\/2018 13:40","modified":"Aggiornato il 23\/05\/2023 13:07"},"featured_img_caption":"","tax_additional":[],"series_order":"","_links":{"self":[{"href":"https:\/\/www.scienzaegoverno.org\/index.php?rest_route=\/wp\/v2\/evento\/5166","targetHints":{"allow":["GET"]}}],"collection":[{"href":"https:\/\/www.scienzaegoverno.org\/index.php?rest_route=\/wp\/v2\/evento"}],"about":[{"href":"https:\/\/www.scienzaegoverno.org\/index.php?rest_route=\/wp\/v2\/types\/evento"}],"author":[{"embeddable":true,"href":"https:\/\/www.scienzaegoverno.org\/index.php?rest_route=\/wp\/v2\/users\/4"}],"wp:featuredmedia":[{"embeddable":true,"href":"https:\/\/www.scienzaegoverno.org\/index.php?rest_route=\/wp\/v2\/media\/5167"}],"wp:attachment":[{"href":"https:\/\/www.scienzaegoverno.org\/index.php?rest_route=%2Fwp%2Fv2%2Fmedia&parent=5166"}],"curies":[{"name":"wp","href":"https:\/\/api.w.org\/{rel}","templated":true}]}}

<p>Il Centro Studi &quot;l&#39;Uomo e l&rsquo;Ambiente&quot;&nbsp; in collaborazione con Fisiosport Civitas Vitae TFC-Team For Cohesion a.r.l. S.S.D. partecipa al &quot;Festival dello sviluppo sostenibile&quot; 2018 con l&#39;evento sportivo-informativo &quot;In movimento e sostenibili&quot;.</p>
<h3><span style="display: none;">&nbsp;</span><a href="https://scienzaegoverno.org/wp-content/uploads/2018/04/Programma-In-movimento-e-sostenibiliWEB.pdf">Programma</a> e <a href="https://scienzaegoverno.org/evento/movimento-e-sostenibili-iscrizioni/">Iscrizioni</a></h3>
<hr />
<p>Il <a href="http://festivalsvilupposostenibile.it/2018">Festival dello Sviluppo Sostenibile</a> 2018 (22 maggio &#8211; 7 giugno) è alla sua seconda edizione. Promosso da ASviS è nato sulla scia dell&rsquo;Agenda 2030 e degli &quot;Obiettivi di sviluppo sostenibile&quot; sottoscritti dall&#39;ONU nel settembre 2015, a seguito dei quali organizzazioni internazionali, governi centrali, enti territoriali, associazioni imprenditoriali e della società civile si sono mobilitai per programmare politiche e strategie indirizzate al raggiungimento degli Obiettivi prefissati. Poiché sensibilizzazione e consapevolezza della popolazione sono elementi importanti per stimolare e rendere efficaci e proficue le scelte dei decisori pubblici e privati, l&#39;Asvis ha dato la possibilità di contribuire in prima persona alla realizzazione dell&rsquo;Agenda 2030 in Italia candidando un evento della propria organizzazione di appartenenza.</p>
<p>Nell&#39;ambito del settore &quot;Salute e benessere&quot; del Festival, il Centro Studi &quot;l&#39;Uomo e l&rsquo;Ambiente&quot;</p>
<p><img loading="lazy" decoding="async" class=" size-full wp-image-5163" alt="" src="https://scienzaegoverno.org/wp-content/uploads/2018/04/23-5-14-csua_per-facebook.png" style="width: 180px; height: 41px;" width="800" height="182" srcset="https://www.scienzaegoverno.org/wp-content/uploads/2018/04/23-5-14-csua_per-facebook.png 800w, https://www.scienzaegoverno.org/wp-content/uploads/2018/04/23-5-14-csua_per-facebook-300x68.png 300w, https://www.scienzaegoverno.org/wp-content/uploads/2018/04/23-5-14-csua_per-facebook-768x175.png 768w" sizes="auto, (max-width: 800px) 100vw, 800px" /></p>
<p>e Fisiosport Civitas Vitae TFC-Team For Cohesion a.r.l. S.S.D.</p>
<p><img loading="lazy" decoding="async" class=" size-full wp-image-5165" alt="" src="https://scienzaegoverno.org/wp-content/uploads/2018/04/LOGO_Fisiosport-Civitas-Vitae.jpg" style="width: 129px; height: 50px;" width="800" height="310" srcset="https://www.scienzaegoverno.org/wp-content/uploads/2018/04/LOGO_Fisiosport-Civitas-Vitae.jpg 800w, https://www.scienzaegoverno.org/wp-content/uploads/2018/04/LOGO_Fisiosport-Civitas-Vitae-300x116.jpg 300w, https://www.scienzaegoverno.org/wp-content/uploads/2018/04/LOGO_Fisiosport-Civitas-Vitae-768x298.jpg 768w" sizes="auto, (max-width: 800px) 100vw, 800px" /></p>
<p>si sono candidati con l&#39;evento sportivo-informativo &quot;In movimento e sostenibili&quot;.<br />&nbsp;</p>
<hr />
<h3>Obiettivo</h3>
<p>Aumentare la consapevolezza dell&rsquo;importanza di uno stile di vita sano apprezzando le bellezze del parco sotto casa.</p>
<h3>Descrizione&nbsp;</h3>
<p>Una mattina al parco con attività fisiche e al contempo informative adatte per ogni gruppo di età. Occasione per sottolineare l&#39;importanza del movimento, inteso non solo come attività sportiva, e di una corretta alimentazione per migliorare il benessere fisico e mentale di tutti, dai bambini agli anziani.&nbsp;</p>
<h3>Attività&nbsp;&nbsp;</h3>
<table border="1" cellpadding="0" cellspacing="0">
<tbody>
<tr>
<td style="width:121px;">
<p>Ora</p>
</td>
<td style="width:172px;">
<p>Attività</p>
</td>
<td style="width:133px;">
<p>Dove</p>
</td>
<td style="width:217px;">
<p>Chi</p>
</td>
</tr>
<tr>
<td style="width:121px;">
<p>9.00 &#8211; 9.45</p>
</td>
<td style="width:172px;">
<p>Nordic walking*</p>
</td>
<td style="width:133px;">
<p>Parco</p>
</td>
<td style="width:217px;">
<p>Adulti</p>
</td>
</tr>
<tr>
<td style="width:121px;">
<p>9.00 &#8211; 12.00</p>
</td>
<td style="width:172px;">
<p>Torneo dodgeball</p>
</td>
<td style="width:133px;">
<p>Palazzetto sport</p>
</td>
<td style="width:217px;">
<p>Riservato agli Alunni Scuola Primaria della Vittoria</p>
</td>
</tr>
<tr>
<td style="width:121px;">
<p>9.15 &#8211; 10.15</p>
</td>
<td style="width:172px;">
<p>Camminata nel parco&nbsp;<strong style="color: rgb(255, 0, 0);">*</strong></p>
</td>
<td style="width:133px;">
<p>Parco</p>
</td>
<td style="width:217px;">
<p>Tutti, anche passeggini, carrozzine, deambulatori&#8230;</p>
</td>
</tr>
<tr>
<td style="width:121px;">
<p>9.30 &#8211; 10.00</p>
</td>
<td style="width:172px;">
<p>Stride*</p>
</td>
<td style="width:133px;">
<p>Pista atletica</p>
</td>
<td style="width:217px;">
<p>Dai 14 anni</p>
</td>
</tr>
<tr>
<td style="width:121px;">
<p>9.30 &ndash; 12.00</p>
</td>
<td style="width:172px;">
<p>Giochi e circuiti&nbsp;<strong style="color: rgb(255, 0, 0);">*</strong></p>
</td>
<td style="width:133px;">
<p>Pista atletica</p>
</td>
<td style="width:217px;">
<p>Bambine e bambini</p>
</td>
</tr>
<tr>
<td style="width:121px;">
<p>10.00 &ndash; 11.30</p>
</td>
<td style="width:172px;">
<p>Sala Fitness&nbsp; <span style="color:#ff0000;"><strong>*</strong></span></p>
</td>
<td style="width:133px;">
<p>Palestra</p>
</td>
<td style="width:217px;">
<p>Dai 14 anni</p>
</td>
</tr>
<tr>
<td style="width:121px;">
<p>10.30 &#8211; 11.30</p>
</td>
<td style="width:172px;">
<p>Conferenza Nutrizione *</p>
</td>
<td style="width:133px;">
<p>Sala riunioni</p>
</td>
<td style="width:217px;">
<p>Adulti</p>
</td>
</tr>
<tr>
<td style="width:121px;">
<p>11.30 &#8211; 12:30</p>
</td>
<td style="width:172px;">
<p>Interval training *</p>
</td>
<td style="width:133px;">
<p>Palestra</p>
</td>
<td style="width:217px;">
<p>Under 50</p>
</td>
</tr>
</tbody>
</table>
<h3>&nbsp;</h3>
<p>* Le attività con asterisco nero sono a numero chiuso, richiedono l&#39;iscrizione.&nbsp;</p>
<p><span style="color:#ff0000;">*</span>&nbsp;Le attività con asterisco&nbsp;<span style="color:#ff0000;">rosso</span>&nbsp;sono aperte a tutti, ma è preferibile l&#39;iscrizione per ragioni organizzative.</p>
<p></p>
<h3><strong><a href="https://scienzaegoverno.org/evento/movimento-e-sostenibili-iscrizioni/">Per iscriversi</a></strong><br />&nbsp;</h3>
<hr />
<h3>Saranno presenti gli assessori del Comune di Padova&nbsp;<a href="https://www.facebook.com/AssessoreBonavina/" style="color: rgb(54, 88, 153); cursor: pointer; text-decoration-line: none; font-family: Helvetica, Arial, sans-serif; font-size: 14px; background-color: rgb(255, 255, 255);">Diego Bonavina</a><span style="color: rgb(29, 33, 41); font-family: Helvetica, Arial, sans-serif; font-size: 14px; background-color: rgb(255, 255, 255);">, assessore allo Sport, e&nbsp;</span><a href="https://www.facebook.com/ChiaraGallaniCoalizioneCivica/" style="color: rgb(54, 88, 153); cursor: pointer; text-decoration-line: none; font-family: Helvetica, Arial, sans-serif; font-size: 14px; background-color: rgb(255, 255, 255);">Chiara Gallani</a><span style="color: rgb(29, 33, 41); font-family: Helvetica, Arial, sans-serif; font-size: 14px; background-color: rgb(255, 255, 255);">, assessore all&#39;Ambiente.</span></h3>
<hr />
<h3>Contatti</h3>
<p>*Giuseppina Vittadello<br />Centro Studi l&#39;Uomo e l&#39;Ambiente, via N. Copernico 15, Padova.<br />tel/fax: 049.8802773<br /><a href="mailto:inmovimentoesostenibili@gmail.com">inmovimentoesostenibili@gmail.com</a></p>
<p>*Chiara Cremonese<br />Fisiosport Civitas Vitae TFC-Team For Cohesion a.r.l. S.S.D.<br /> Via Venzone, 72/2-35142 Padova, tel.: 049 6683535<br /><a href="mailto:inmovimentoesostenibili@gmail.com">inmovimentoesostenibili@gmail.com</a>&nbsp;<br />&nbsp;</p>
<p style="text-align: right;"><a data-mce-href="https://www.facebook.com/CentroStudiUomoAmbiente" href="https://www.facebook.com/CentroStudiUomoAmbiente" style="text-align: right;"><img decoding="async" data-mce-src="http://scienzaegoverno.voxmail.it/rs/content/facebook-logo.png" src="http://scienzaegoverno.voxmail.it/rs/content/facebook-logo.png" style="height: 20px; width: 20px;" /></a></p>
<p>&nbsp;</p>
