{"id":5148,"date":"2018-04-12T12:05:06","date_gmt":"2018-04-12T12:05:06","guid":{"rendered":"https:\/\/scienzaegoverno.org\/evento\/racconta-sui-social-il-tuo-impegno-raggiungere-gli-sdgs\/"},"modified":"2018-04-12T12:05:06","modified_gmt":"2018-04-12T12:05:06","slug":"racconta-sui-social-il-tuo-impegno-raggiungere-gli-sdgs","status":"publish","type":"evento","link":"https:\/\/www.scienzaegoverno.org\/?evento=racconta-sui-social-il-tuo-impegno-raggiungere-gli-sdgs","title":{"rendered":"Racconta sui social il tuo impegno per raggiungere gli SDGs"},"content":{"rendered":"<hr \/>\n<p>L&rsquo;Alleanza Italiana per lo Sviluppo Sostenibile (ASviS) chiede di&nbsp;raccontare su <a href=\"https:\/\/asvis.us13.list-manage.com\/track\/click?u=69d57a354097810ea13f7416b&amp;id=16298201d3&amp;e=97070b32ef\" target=\"_blank\" rel=\"noopener\">Facebook<\/a>&nbsp;o<a href=\"https:\/\/asvis.us13.list-manage.com\/track\/click?u=69d57a354097810ea13f7416b&amp;id=e4fb4323fc&amp;e=97070b32ef\" target=\"_blank\" rel=\"noopener\">Twitter<\/a>, la propria storia utilizzando l&rsquo;hashtag&nbsp;&nbsp;<a href=\"https:\/\/asvis.us13.list-manage.com\/track\/click?u=69d57a354097810ea13f7416b&amp;id=618919ad38&amp;e=97070b32ef\" target=\"_blank\" rel=\"noopener\">#2030whatareUdoing<\/a>.<br \/>Le testimonianze su cosa ognuno fa concretamente per diffondere la cultura della sostenibilit\u00e0 nel Paese sono fondamentali per costruire una societ\u00e0 pi\u00f9 vivibile ed equa per tutti e per accelerare il cammino verso la sostenibilit\u00e0 economica, sociale e ambientale. Scegli dunque il tuo Obiettivo e racconta cosa fai per raggiungerlo.<\/p>\n<h3>Modalit\u00e0<\/p>\n<p>Racconta con una foto o un video di 30 secondi su Facebook, Twitter un&rsquo;azione quotidiana che contribuisce agli Obiettivi dell&rsquo;Agenda 2030:<\/h3>\n<ol>\n<li>Scegli il Goal,&nbsp;spiega la tua azione e i risultati che porta.<\/li>\n<li>Correda i tuoi post con le grafiche&nbsp;della campagna, scaricabili a questo link:&nbsp;<a href=\"https:\/\/asvis.us13.list-manage.com\/track\/click?u=69d57a354097810ea13f7416b&amp;id=c9b774ea22&amp;e=97070b32ef\" target=\"_blank\" rel=\"noopener\">https:\/\/we.tl\/lOTP4H9oDQ<\/a><\/li>\n<li>Condividi una pillola video&nbsp;di 30 secondi o&nbsp;una o pi\u00f9 foto&nbsp;esplicative della tua esperienza<\/li>\n<li>Usa sempre l&rsquo;hashtag&nbsp;#2030whatareUdoing<\/li>\n<li>Includi la mention&nbsp;@ASviSItalia&nbsp;su Twitter;&nbsp;@asvisitalia&nbsp;su Facebook<\/li>\n<\/ol>\n<p>I contributi pi\u00f9 significativi verranno valorizzati nel corso della <a href=\"https:\/\/asvis.us13.list-manage.com\/track\/click?u=69d57a354097810ea13f7416b&amp;id=19cab18e76&amp;e=97070b32ef\" target=\"_blank\" rel=\"noopener\">seconda edizione del Festival dello Sviluppo Sostenibile<\/a>, la pi\u00f9 grande manifestazione organizzata dall&#39;ASviS per diffondere la cultura della sostenibilit\u00e0, che si svolger\u00e0 dal 22 maggio al 7 giugno in tutta Italia.<\/p>\n<h3>Fino al 22 aprile puoi caricare su Facebook e Twitter un video o una foto per raccontare il tuo impegno per raggiungere i 17 Obiettivi di sviluppo sostenibile.<\/h3>\n<h3><a data-saferedirecturl=\"https:\/\/www.google.com\/url?q=https:\/\/asvis.us13.list-manage.com\/track\/click?u%3D69d57a354097810ea13f7416b%26id%3Da53c6ce960%26e%3D97070b32ef&amp;source=gmail&amp;ust=1523620670871000&amp;usg=AFQjCNF91o-3RgE1ZrGneI-enmTKDHxo0Q\" href=\"https:\/\/asvis.us13.list-manage.com\/track\/click?u=69d57a354097810ea13f7416b&amp;id=a53c6ce960&amp;e=97070b32ef\" style=\"color: rgb(43, 170, 223); font-family: &quot;Trebuchet MS&quot;, &quot;Lucida Grande&quot;, &quot;Lucida Sans Unicode&quot;, &quot;Lucida Sans&quot;, Tahoma, sans-serif; font-size: 14px; text-align: justify; background-color: rgb(255, 255, 255);\" target=\"_blank\" rel=\"noopener\">[Scopri di pi\u00f9 sulla campagna]<\/a><\/h3>\n<p style=\"text-align: right;\"><a data-mce-href=\"https:\/\/www.facebook.com\/CentroStudiUomoAmbiente\" href=\"https:\/\/www.facebook.com\/CentroStudiUomoAmbiente\"><img decoding=\"async\" data-mce-src=\"http:\/\/scienzaegoverno.voxmail.it\/rs\/content\/facebook-logo.png\" src=\"http:\/\/scienzaegoverno.voxmail.it\/rs\/content\/facebook-logo.png\" style=\"height: 20px; width: 20px;\" \/><\/a><\/p>\n","protected":false},"author":4,"featured_media":5149,"template":"","meta":{"advgb_blocks_editor_width":"","advgb_blocks_columns_visual_guide":""},"class_list":["post-5148","evento","type-evento","status-publish","has-post-thumbnail","hentry"],"featured_img":"https:\/\/www.scienzaegoverno.org\/wp-content\/uploads\/2018\/04\/SDGs.png","coauthors":[],"author_meta":{"author_link":"https:\/\/www.scienzaegoverno.org\/?author=4","display_name":"NoName"},"relative_dates":{"created":"Pubblicato 8 anni fa","modified":"Aggiornato 8 anni fa"},"absolute_dates":{"created":"Pubblicato il 12\/04\/2018","modified":"Aggiornato il 12\/04\/2018"},"absolute_dates_time":{"created":"Pubblicato il 12\/04\/2018 12:05","modified":"Aggiornato il 12\/04\/2018 12:05"},"featured_img_caption":"","tax_additional":[],"series_order":"","_links":{"self":[{"href":"https:\/\/www.scienzaegoverno.org\/index.php?rest_route=\/wp\/v2\/evento\/5148","targetHints":{"allow":["GET"]}}],"collection":[{"href":"https:\/\/www.scienzaegoverno.org\/index.php?rest_route=\/wp\/v2\/evento"}],"about":[{"href":"https:\/\/www.scienzaegoverno.org\/index.php?rest_route=\/wp\/v2\/types\/evento"}],"author":[{"embeddable":true,"href":"https:\/\/www.scienzaegoverno.org\/index.php?rest_route=\/wp\/v2\/users\/4"}],"wp:featuredmedia":[{"embeddable":true,"href":"https:\/\/www.scienzaegoverno.org\/index.php?rest_route=\/wp\/v2\/media\/5149"}],"wp:attachment":[{"href":"https:\/\/www.scienzaegoverno.org\/index.php?rest_route=%2Fwp%2Fv2%2Fmedia&parent=5148"}],"curies":[{"name":"wp","href":"https:\/\/api.w.org\/{rel}","templated":true}]}}

<hr />
<p>L&rsquo;Alleanza Italiana per lo Sviluppo Sostenibile (ASviS) chiede di&nbsp;raccontare su <a href="https://asvis.us13.list-manage.com/track/click?u=69d57a354097810ea13f7416b&amp;id=16298201d3&amp;e=97070b32ef" target="_blank" rel="noopener">Facebook</a>&nbsp;o<a href="https://asvis.us13.list-manage.com/track/click?u=69d57a354097810ea13f7416b&amp;id=e4fb4323fc&amp;e=97070b32ef" target="_blank" rel="noopener">Twitter</a>, la propria storia utilizzando l&rsquo;hashtag&nbsp;&nbsp;<a href="https://asvis.us13.list-manage.com/track/click?u=69d57a354097810ea13f7416b&amp;id=618919ad38&amp;e=97070b32ef" target="_blank" rel="noopener">#2030whatareUdoing</a>.<br />Le testimonianze su cosa ognuno fa concretamente per diffondere la cultura della sostenibilità nel Paese sono fondamentali per costruire una società più vivibile ed equa per tutti e per accelerare il cammino verso la sostenibilità economica, sociale e ambientale. Scegli dunque il tuo Obiettivo e racconta cosa fai per raggiungerlo.</p>
<h3>Modalità</p>
<p>Racconta con una foto o un video di 30 secondi su Facebook, Twitter un&rsquo;azione quotidiana che contribuisce agli Obiettivi dell&rsquo;Agenda 2030:</h3>
<ol>
<li>Scegli il Goal,&nbsp;spiega la tua azione e i risultati che porta.</li>
<li>Correda i tuoi post con le grafiche&nbsp;della campagna, scaricabili a questo link:&nbsp;<a href="https://asvis.us13.list-manage.com/track/click?u=69d57a354097810ea13f7416b&amp;id=c9b774ea22&amp;e=97070b32ef" target="_blank" rel="noopener">https://we.tl/lOTP4H9oDQ</a></li>
<li>Condividi una pillola video&nbsp;di 30 secondi o&nbsp;una o più foto&nbsp;esplicative della tua esperienza</li>
<li>Usa sempre l&rsquo;hashtag&nbsp;#2030whatareUdoing</li>
<li>Includi la mention&nbsp;@ASviSItalia&nbsp;su Twitter;&nbsp;@asvisitalia&nbsp;su Facebook</li>
</ol>
<p>I contributi più significativi verranno valorizzati nel corso della <a href="https://asvis.us13.list-manage.com/track/click?u=69d57a354097810ea13f7416b&amp;id=19cab18e76&amp;e=97070b32ef" target="_blank" rel="noopener">seconda edizione del Festival dello Sviluppo Sostenibile</a>, la più grande manifestazione organizzata dall&#39;ASviS per diffondere la cultura della sostenibilità, che si svolgerà dal 22 maggio al 7 giugno in tutta Italia.</p>
<h3>Fino al 22 aprile puoi caricare su Facebook e Twitter un video o una foto per raccontare il tuo impegno per raggiungere i 17 Obiettivi di sviluppo sostenibile.</h3>
<h3><a data-saferedirecturl="https://www.google.com/url?q=https://asvis.us13.list-manage.com/track/click?u%3D69d57a354097810ea13f7416b%26id%3Da53c6ce960%26e%3D97070b32ef&amp;source=gmail&amp;ust=1523620670871000&amp;usg=AFQjCNF91o-3RgE1ZrGneI-enmTKDHxo0Q" href="https://asvis.us13.list-manage.com/track/click?u=69d57a354097810ea13f7416b&amp;id=a53c6ce960&amp;e=97070b32ef" style="color: rgb(43, 170, 223); font-family: &quot;Trebuchet MS&quot;, &quot;Lucida Grande&quot;, &quot;Lucida Sans Unicode&quot;, &quot;Lucida Sans&quot;, Tahoma, sans-serif; font-size: 14px; text-align: justify; background-color: rgb(255, 255, 255);" target="_blank" rel="noopener">[Scopri di più sulla campagna]</a></h3>
<p style="text-align: right;"><a data-mce-href="https://www.facebook.com/CentroStudiUomoAmbiente" href="https://www.facebook.com/CentroStudiUomoAmbiente"><img decoding="async" data-mce-src="http://scienzaegoverno.voxmail.it/rs/content/facebook-logo.png" src="http://scienzaegoverno.voxmail.it/rs/content/facebook-logo.png" style="height: 20px; width: 20px;" /></a></p>
