{"id":4934,"date":"2018-02-06T14:54:11","date_gmt":"2018-02-06T14:54:11","guid":{"rendered":"https:\/\/scienzaegoverno.org\/evento\/cambiamenti-climatici-politiche-di-mobilita-e-qualita-dellaria-nelle-grandi-citta-italiane\/"},"modified":"2018-02-06T14:54:11","modified_gmt":"2018-02-06T14:54:11","slug":"cambiamenti-climatici-politiche-di-mobilita-e-qualita-dellaria-nelle-grandi-citta-italiane","status":"publish","type":"evento","link":"https:\/\/www.scienzaegoverno.org\/?evento=cambiamenti-climatici-politiche-di-mobilita-e-qualita-dellaria-nelle-grandi-citta-italiane","title":{"rendered":"&#8220;Cambiamenti climatici, politiche di mobilit\u00e0 e qualit\u00e0 dell\u2019aria nelle grandi citt\u00e0 italiane&#8221;"},"content":{"rendered":"<hr \/>\n<p>Convegno organizzato da Kyoto Club organizza. L&#39;evento \u00e8 promosso con il sostegno di CNR-IIA. Durante i lavori sar\u00e0 presentato lo studio &quot;MOBILITARIA 2018: Politiche di mobilit\u00e0 e qualit\u00e0 dell&#39;aria nelle 14 citt\u00e0 metropolitane&quot; di Kyoto Club e CNR-IIA.<\/p>\n<p style=\"text-align: right;\">&nbsp;<\/p>\n<p style=\"text-align: right;\"><a data-mce-href=\"https:\/\/www.facebook.com\/CentroStudiUomoAmbiente\" href=\"https:\/\/www.facebook.com\/CentroStudiUomoAmbiente\" style=\"margin: 0px; padding: 0px; border: none; outline: 0px; vertical-align: baseline; font-style: italic; font-variant-numeric: inherit; font-stretch: inherit; font-size: 13px; line-height: inherit; font-family: Georgia; color: rgb(38, 121, 185); text-decoration-line: none; background-color: rgb(255, 255, 255); text-align: center;\"><img loading=\"lazy\" decoding=\"async\" data-mce-src=\"http:\/\/scienzaegoverno.voxmail.it\/rs\/content\/facebook-logo.png\" height=\"15\" src=\"http:\/\/scienzaegoverno.voxmail.it\/rs\/content\/facebook-logo.png\" style=\"border: none; margin: 0px; padding: 0px; outline: 0px; vertical-align: bottom; font-style: inherit; font-variant: inherit; font-weight: inherit; font-stretch: inherit; font-size: inherit; line-height: inherit; font-family: inherit; max-width: 100%; height: auto;\" width=\"15\" \/><\/a><\/p>\n","protected":false},"author":4,"featured_media":0,"template":"","meta":{"advgb_blocks_editor_width":"","advgb_blocks_columns_visual_guide":""},"class_list":["post-4934","evento","type-evento","status-publish","hentry"],"featured_img":false,"coauthors":[],"author_meta":{"author_link":"https:\/\/www.scienzaegoverno.org\/?author=4","display_name":"NoName"},"relative_dates":{"created":"Pubblicato 8 anni fa","modified":"Aggiornato 8 anni fa"},"absolute_dates":{"created":"Pubblicato il 06\/02\/2018","modified":"Aggiornato il 06\/02\/2018"},"absolute_dates_time":{"created":"Pubblicato il 06\/02\/2018 14:54","modified":"Aggiornato il 06\/02\/2018 14:54"},"featured_img_caption":"","tax_additional":[],"series_order":"","_links":{"self":[{"href":"https:\/\/www.scienzaegoverno.org\/index.php?rest_route=\/wp\/v2\/evento\/4934","targetHints":{"allow":["GET"]}}],"collection":[{"href":"https:\/\/www.scienzaegoverno.org\/index.php?rest_route=\/wp\/v2\/evento"}],"about":[{"href":"https:\/\/www.scienzaegoverno.org\/index.php?rest_route=\/wp\/v2\/types\/evento"}],"author":[{"embeddable":true,"href":"https:\/\/www.scienzaegoverno.org\/index.php?rest_route=\/wp\/v2\/users\/4"}],"wp:attachment":[{"href":"https:\/\/www.scienzaegoverno.org\/index.php?rest_route=%2Fwp%2Fv2%2Fmedia&parent=4934"}],"curies":[{"name":"wp","href":"https:\/\/api.w.org\/{rel}","templated":true}]}}

&#8220;Cambiamenti climatici, politiche di mobilità e qualità dell’aria nelle grandi città italiane&#8221;

<hr />
<p>Convegno organizzato da Kyoto Club organizza. L&#39;evento è promosso con il sostegno di CNR-IIA. Durante i lavori sarà presentato lo studio &quot;MOBILITARIA 2018: Politiche di mobilità e qualità dell&#39;aria nelle 14 città metropolitane&quot; di Kyoto Club e CNR-IIA.</p>
<p style="text-align: right;">&nbsp;</p>
<p style="text-align: right;"><a data-mce-href="https://www.facebook.com/CentroStudiUomoAmbiente" href="https://www.facebook.com/CentroStudiUomoAmbiente" style="margin: 0px; padding: 0px; border: none; outline: 0px; vertical-align: baseline; font-style: italic; font-variant-numeric: inherit; font-stretch: inherit; font-size: 13px; line-height: inherit; font-family: Georgia; color: rgb(38, 121, 185); text-decoration-line: none; background-color: rgb(255, 255, 255); text-align: center;"><img loading="lazy" decoding="async" data-mce-src="http://scienzaegoverno.voxmail.it/rs/content/facebook-logo.png" height="15" src="http://scienzaegoverno.voxmail.it/rs/content/facebook-logo.png" style="border: none; margin: 0px; padding: 0px; outline: 0px; vertical-align: bottom; font-style: inherit; font-variant: inherit; font-weight: inherit; font-stretch: inherit; font-size: inherit; line-height: inherit; font-family: inherit; max-width: 100%; height: auto;" width="15" /></a></p>
