{"id":4763,"date":"2017-10-19T14:18:54","date_gmt":"2017-10-19T14:18:54","guid":{"rendered":"https:\/\/scienzaegoverno.org\/evento\/icity-lab-2017-verso-le-citta-intelligenti-la-classifica\/"},"modified":"2017-10-19T14:18:54","modified_gmt":"2017-10-19T14:18:54","slug":"icity-lab-2017-verso-le-citta-intelligenti-la-classifica","status":"publish","type":"evento","link":"https:\/\/www.scienzaegoverno.org\/?evento=icity-lab-2017-verso-le-citta-intelligenti-la-classifica","title":{"rendered":"ICity Lab 2017. Verso le citt\u00e0 intelligenti. La classifica"},"content":{"rendered":"<hr \/>\n<p>&nbsp;<\/p>\n<p>ICity Rate 2017: Milano la citt\u00e0 pi\u00f9 &ldquo;smart&rdquo; d&#39;Italia, Bologna e Firenze sul podio.<\/p>\n<p>Le citt\u00e0 italiane pi\u00f9 intelligenti sono anche quelle pi\u00f9 vicine agli obiettivi globali di sviluppo sostenibile.<\/p>\n<p>Nel ranking nazionale bene i capoluoghi emiliano-romagnoli. Bergamo e Trento le inseguitrici pi\u00f9 dinamiche.<br \/>Male il Sud: le citt\u00e0 meridionali in coda alla classifica<\/p>\n<h3><a href=\"http:\/\/www.icitylab.it\/icity-rate-2017-milano-la-citta-piu-smart-ditalia-bologna-firenze-sul-podio\/\">I risultati del rapporto ICity Rate 2017<\/a> di FPA&nbsp;&nbsp;<\/h3>\n<p>Facebook&nbsp;<a data-saferedirecturl=\"https:\/\/www.google.com\/url?hl=it&amp;q=https:\/\/www.facebook.com\/icitylab\/&amp;source=gmail&amp;ust=1508508366340000&amp;usg=AFQjCNFWcOnR1EcnRcSV20vvc849UzVjBg\" href=\"https:\/\/www.facebook.com\/icitylab\/\" target=\"_blank\" rel=\"noopener\">@icitylab<\/a><\/p>\n<p>Twitter&nbsp;<a data-saferedirecturl=\"https:\/\/www.google.com\/url?hl=it&amp;q=https:\/\/twitter.com\/icitylab_fpa&amp;source=gmail&amp;ust=1508508366340000&amp;usg=AFQjCNGUFEUCCp8lE6esVIznh1TzDbBvYQ\" href=\"https:\/\/twitter.com\/icitylab_fpa\" target=\"_blank\" rel=\"noopener\">@icitylab_fpa<\/a><\/p>\n<p><a data-saferedirecturl=\"https:\/\/www.google.com\/url?hl=it&amp;q=https:\/\/twitter.com\/hashtag\/icitylab2017?src%3Dhash&amp;source=gmail&amp;ust=1508508366340000&amp;usg=AFQjCNHufPiRT8wz41EK50E_pw-yrS2lgQ\" href=\"https:\/\/twitter.com\/hashtag\/icitylab2017?src=hash\" target=\"_blank\" rel=\"noopener\">#icitylab2017<\/a><\/p>\n<p style=\"text-align: right;\"><a data-mce-href=\"https:\/\/www.facebook.com\/CentroStudiUomoAmbiente\" href=\"https:\/\/www.facebook.com\/CentroStudiUomoAmbiente\" style=\"margin: 0px; padding: 0px; border: none; outline: 0px; vertical-align: baseline; font-style: italic; font-variant-numeric: inherit; font-stretch: inherit; font-size: 13px; line-height: inherit; font-family: Georgia; color: rgb(38, 121, 185); text-decoration-line: none; background-color: rgb(255, 255, 255); text-align: center;\"><img loading=\"lazy\" decoding=\"async\" data-mce-src=\"http:\/\/scienzaegoverno.voxmail.it\/rs\/content\/facebook-logo.png\" height=\"15\" src=\"http:\/\/scienzaegoverno.voxmail.it\/rs\/content\/facebook-logo.png\" style=\"border: none; margin: 0px; padding: 0px; outline: 0px; vertical-align: bottom; font-style: inherit; font-variant: inherit; font-weight: inherit; font-stretch: inherit; font-size: inherit; line-height: inherit; font-family: inherit; max-width: 100%; height: auto;\" width=\"15\" \/><\/a><\/p>\n<hr \/>\n<p>&nbsp;<\/p>\n","protected":false},"author":4,"featured_media":4764,"template":"","meta":{"advgb_blocks_editor_width":"","advgb_blocks_columns_visual_guide":""},"class_list":["post-4763","evento","type-evento","status-publish","has-post-thumbnail","hentry"],"featured_img":"https:\/\/www.scienzaegoverno.org\/wp-content\/uploads\/2017\/10\/Icitylab.jpg","coauthors":[],"author_meta":{"author_link":"https:\/\/www.scienzaegoverno.org\/?author=4","display_name":"NoName"},"relative_dates":{"created":"Pubblicato 9 anni fa","modified":"Aggiornato 9 anni fa"},"absolute_dates":{"created":"Pubblicato il 19\/10\/2017","modified":"Aggiornato il 19\/10\/2017"},"absolute_dates_time":{"created":"Pubblicato il 19\/10\/2017 14:18","modified":"Aggiornato il 19\/10\/2017 14:18"},"featured_img_caption":"","tax_additional":[],"series_order":"","_links":{"self":[{"href":"https:\/\/www.scienzaegoverno.org\/index.php?rest_route=\/wp\/v2\/evento\/4763","targetHints":{"allow":["GET"]}}],"collection":[{"href":"https:\/\/www.scienzaegoverno.org\/index.php?rest_route=\/wp\/v2\/evento"}],"about":[{"href":"https:\/\/www.scienzaegoverno.org\/index.php?rest_route=\/wp\/v2\/types\/evento"}],"author":[{"embeddable":true,"href":"https:\/\/www.scienzaegoverno.org\/index.php?rest_route=\/wp\/v2\/users\/4"}],"wp:featuredmedia":[{"embeddable":true,"href":"https:\/\/www.scienzaegoverno.org\/index.php?rest_route=\/wp\/v2\/media\/4764"}],"wp:attachment":[{"href":"https:\/\/www.scienzaegoverno.org\/index.php?rest_route=%2Fwp%2Fv2%2Fmedia&parent=4763"}],"curies":[{"name":"wp","href":"https:\/\/api.w.org\/{rel}","templated":true}]}}

ICity Lab 2017. Verso le città intelligenti. La classifica

<hr />
<p>&nbsp;</p>
<p>ICity Rate 2017: Milano la città più &ldquo;smart&rdquo; d&#39;Italia, Bologna e Firenze sul podio.</p>
<p>Le città italiane più intelligenti sono anche quelle più vicine agli obiettivi globali di sviluppo sostenibile.</p>
<p>Nel ranking nazionale bene i capoluoghi emiliano-romagnoli. Bergamo e Trento le inseguitrici più dinamiche.<br />Male il Sud: le città meridionali in coda alla classifica</p>
<h3><a href="http://www.icitylab.it/icity-rate-2017-milano-la-citta-piu-smart-ditalia-bologna-firenze-sul-podio/">I risultati del rapporto ICity Rate 2017</a> di FPA&nbsp;&nbsp;</h3>
<p>Facebook&nbsp;<a data-saferedirecturl="https://www.google.com/url?hl=it&amp;q=https://www.facebook.com/icitylab/&amp;source=gmail&amp;ust=1508508366340000&amp;usg=AFQjCNFWcOnR1EcnRcSV20vvc849UzVjBg" href="https://www.facebook.com/icitylab/" target="_blank" rel="noopener">@icitylab</a></p>
<p>Twitter&nbsp;<a data-saferedirecturl="https://www.google.com/url?hl=it&amp;q=https://twitter.com/icitylab_fpa&amp;source=gmail&amp;ust=1508508366340000&amp;usg=AFQjCNGUFEUCCp8lE6esVIznh1TzDbBvYQ" href="https://twitter.com/icitylab_fpa" target="_blank" rel="noopener">@icitylab_fpa</a></p>
<p><a data-saferedirecturl="https://www.google.com/url?hl=it&amp;q=https://twitter.com/hashtag/icitylab2017?src%3Dhash&amp;source=gmail&amp;ust=1508508366340000&amp;usg=AFQjCNHufPiRT8wz41EK50E_pw-yrS2lgQ" href="https://twitter.com/hashtag/icitylab2017?src=hash" target="_blank" rel="noopener">#icitylab2017</a></p>
<p style="text-align: right;"><a data-mce-href="https://www.facebook.com/CentroStudiUomoAmbiente" href="https://www.facebook.com/CentroStudiUomoAmbiente" style="margin: 0px; padding: 0px; border: none; outline: 0px; vertical-align: baseline; font-style: italic; font-variant-numeric: inherit; font-stretch: inherit; font-size: 13px; line-height: inherit; font-family: Georgia; color: rgb(38, 121, 185); text-decoration-line: none; background-color: rgb(255, 255, 255); text-align: center;"><img loading="lazy" decoding="async" data-mce-src="http://scienzaegoverno.voxmail.it/rs/content/facebook-logo.png" height="15" src="http://scienzaegoverno.voxmail.it/rs/content/facebook-logo.png" style="border: none; margin: 0px; padding: 0px; outline: 0px; vertical-align: bottom; font-style: inherit; font-variant: inherit; font-weight: inherit; font-stretch: inherit; font-size: inherit; line-height: inherit; font-family: inherit; max-width: 100%; height: auto;" width="15" /></a></p>
<hr />
<p>&nbsp;</p>
