{"id":4663,"date":"2017-09-27T14:00:38","date_gmt":"2017-09-27T14:00:38","guid":{"rendered":"https:\/\/scienzaegoverno.org\/evento\/il-salone-della-csr-e-dellinnovazione-sociale-2017\/"},"modified":"2017-09-27T14:00:38","modified_gmt":"2017-09-27T14:00:38","slug":"il-salone-della-csr-e-dellinnovazione-sociale-2017","status":"publish","type":"evento","link":"https:\/\/www.scienzaegoverno.org\/?evento=il-salone-della-csr-e-dellinnovazione-sociale-2017","title":{"rendered":"Il Salone della CSR e dell\u2019Innovazione sociale 2017"},"content":{"rendered":"<hr \/>\n<p>Il Salone \u00e8 promosso da Universit\u00e0 Bocconi, CSR Manager Network, Unioncamere, Fondazione Global Compact Network Italia, Fondazione Sodalitas, Koin\u00e8tica.<\/p>\n<p>&quot;L&rsquo;arte della sostenibilit\u00e0&quot;&nbsp;\u00e8 il titolo scelto per l&rsquo;edizione 2017. La bellezza del fare bene e il piacere di condividere passioni, valori, risultati, la sostenibilit\u00e0 come visione per il futuro sono le declinazioni scelte per costruire nuove prospettive in sistemi interconnessi, dove i tempi sono accelerati e solo il cambiamento \u00e8 immutabile.<\/p>\n<p style=\"text-align: right;\"><a href=\"https:\/\/www.facebook.com\/CentroStudiUomoAmbiente\"><img loading=\"lazy\" decoding=\"async\" class=\" size-full wp-image-4662\" alt=\"\" src=\"https:\/\/scienzaegoverno.org\/wp-content\/uploads\/2017\/09\/facebook-logo.png\" style=\"width: 20px; height: 20px;\" width=\"40\" height=\"40\" \/><\/a><\/p>\n","protected":false},"author":4,"featured_media":4664,"template":"","meta":{"advgb_blocks_editor_width":"","advgb_blocks_columns_visual_guide":""},"class_list":["post-4663","evento","type-evento","status-publish","has-post-thumbnail","hentry"],"featured_img":"https:\/\/www.scienzaegoverno.org\/wp-content\/uploads\/2017\/09\/Salone-CSR-ottobre-2017.png","coauthors":[],"author_meta":{"author_link":"https:\/\/www.scienzaegoverno.org\/?author=4","display_name":"NoName"},"relative_dates":{"created":"Pubblicato 9 anni fa","modified":"Aggiornato 9 anni fa"},"absolute_dates":{"created":"Pubblicato il 27\/09\/2017","modified":"Aggiornato il 27\/09\/2017"},"absolute_dates_time":{"created":"Pubblicato il 27\/09\/2017 14:00","modified":"Aggiornato il 27\/09\/2017 14:00"},"featured_img_caption":"","tax_additional":[],"series_order":"","_links":{"self":[{"href":"https:\/\/www.scienzaegoverno.org\/index.php?rest_route=\/wp\/v2\/evento\/4663","targetHints":{"allow":["GET"]}}],"collection":[{"href":"https:\/\/www.scienzaegoverno.org\/index.php?rest_route=\/wp\/v2\/evento"}],"about":[{"href":"https:\/\/www.scienzaegoverno.org\/index.php?rest_route=\/wp\/v2\/types\/evento"}],"author":[{"embeddable":true,"href":"https:\/\/www.scienzaegoverno.org\/index.php?rest_route=\/wp\/v2\/users\/4"}],"wp:featuredmedia":[{"embeddable":true,"href":"https:\/\/www.scienzaegoverno.org\/index.php?rest_route=\/wp\/v2\/media\/4664"}],"wp:attachment":[{"href":"https:\/\/www.scienzaegoverno.org\/index.php?rest_route=%2Fwp%2Fv2%2Fmedia&parent=4663"}],"curies":[{"name":"wp","href":"https:\/\/api.w.org\/{rel}","templated":true}]}}

<hr />
<p>Il Salone è promosso da Università Bocconi, CSR Manager Network, Unioncamere, Fondazione Global Compact Network Italia, Fondazione Sodalitas, Koinètica.</p>
<p>&quot;L&rsquo;arte della sostenibilità&quot;&nbsp;è il titolo scelto per l&rsquo;edizione 2017. La bellezza del fare bene e il piacere di condividere passioni, valori, risultati, la sostenibilità come visione per il futuro sono le declinazioni scelte per costruire nuove prospettive in sistemi interconnessi, dove i tempi sono accelerati e solo il cambiamento è immutabile.</p>
<p style="text-align: right;"><a href="https://www.facebook.com/CentroStudiUomoAmbiente"><img loading="lazy" decoding="async" class=" size-full wp-image-4662" alt="" src="https://scienzaegoverno.org/wp-content/uploads/2017/09/facebook-logo.png" style="width: 20px; height: 20px;" width="40" height="40" /></a></p>
