{"id":4651,"date":"2017-09-26T12:44:00","date_gmt":"2017-09-26T12:44:00","guid":{"rendered":"https:\/\/scienzaegoverno.org\/evento\/report-sulla-qualita-dellaria-dieci-proposte-di-green-economy\/"},"modified":"2017-09-26T12:44:00","modified_gmt":"2017-09-26T12:44:00","slug":"report-sulla-qualita-dellaria-dieci-proposte-di-green-economy","status":"publish","type":"evento","link":"https:\/\/www.scienzaegoverno.org\/?evento=report-sulla-qualita-dellaria-dieci-proposte-di-green-economy","title":{"rendered":"Report sulla qualit\u00e0 dell\u2019aria. Dieci proposte di Green Economy"},"content":{"rendered":"<p>&nbsp;<\/p>\n<hr \/>\n<p>Quali sono le vere origini dell&rsquo;inquinamento dell&rsquo;aria nelle aree urbane in Italia? Quanto pesano il traffico veicolare, il riscaldamento, le attivit\u00e0 produttive, il trasporto degli inquinanti a media e lunga distanza, le condizioni meteorologiche nel quadro del cambiamento climatico?<\/p>\n<p>Secondo l&rsquo;Agenzia europea dell&rsquo;ambiente in Europa ogni anno si registrano oltre 500.000 morti premature a causa dell&rsquo;inquinamento atmosferico, circa 20 volte il numero di vittime per incidenti stradali. Almeno 9 cittadini europei su 10 risultano esposti a concentrazioni di PM2,5, ozono e benzo-A-pirene superiori ai livelli raccomandati dall&rsquo;Organizzazione Mondiale della Sanit\u00e0.<\/p>\n<p>In Italia, nonostante i miglioramenti registrati negli ultimi decenni, l&rsquo;inquinamento atmosferico \u00e8 la causa ogni anno di oltre 90 mila morti premature. Con pi\u00f9 di 1.500 decessi per milione di abitanti l&rsquo;Italia presenta valori decisamente pi\u00f9 alti rispetto alla media europea, pari a circa 1.000 decessi prematuri.<\/p>\n<p>Queste sono solo alcune delle tematiche affrontate nel&nbsp;<strong>Report sulla qualit\u00e0 dell&rsquo;aria&nbsp;<\/strong>&nbsp;che sar\u00e0 presentato a Roma. La ricerca \u00e8 stata realizzata dalla&nbsp;<strong>Fondazione per lo Sviluppo Sostenibile<\/strong>, in collaborazione con&nbsp;<strong>ENEA<\/strong>&nbsp;e in partnership con il&nbsp;<strong>Gruppo Ferrovie dello Stato Italiane<\/strong>. L&rsquo;incontro, cui parteciperanno rappresentanti delle amministrazioni e degli enti locali, esperti e parlamentari, sar\u00e0 concluso dal Presidente della Fondazione Sviluppo Sostenibile, Edo Ronchi.<\/p>\n<p>Grazie alla ricostruzione di un quadro conoscitivo chiaro e completo sul tema delle emissioni inquinanti e della qualit\u00e0 dell&rsquo;aria&nbsp;con un&rsquo;analisi approfondita delle cause primarie dell&rsquo;inquinamento atmosferico nelle citt\u00e0 italiane (con risultati a volte sorprendenti), \u00e8 stato elaborato un&nbsp;&ldquo;decalogo&rdquo; per vincere la sfida della qualit\u00e0 dell&rsquo;aria nelle citt\u00e0 italiane&nbsp;attraverso soluzioni strutturali che superino le emergenze e puntino sullo sviluppo della green economy.<\/p>\n<hr \/>\n<p style=\"text-align: right;\"><a href=\"https:\/\/www.facebook.com\/CentroStudiUomoAmbiente\"><img decoding=\"async\" src=\"http:\/\/scienzaegoverno.voxmail.it\/rs\/content\/facebook-logo.png\" style=\"height: 20px; width: 20px;\" \/><\/a><\/p>\n","protected":false},"author":4,"featured_media":4652,"template":"","meta":{"advgb_blocks_editor_width":"","advgb_blocks_columns_visual_guide":""},"class_list":["post-4651","evento","type-evento","status-publish","has-post-thumbnail","hentry"],"featured_img":"https:\/\/www.scienzaegoverno.org\/wp-content\/uploads\/2017\/09\/La_sfida_alla_qualita_.png","coauthors":[],"author_meta":{"author_link":"https:\/\/www.scienzaegoverno.org\/?author=4","display_name":"NoName"},"relative_dates":{"created":"Pubblicato 9 anni fa","modified":"Aggiornato 9 anni fa"},"absolute_dates":{"created":"Pubblicato il 26\/09\/2017","modified":"Aggiornato il 26\/09\/2017"},"absolute_dates_time":{"created":"Pubblicato il 26\/09\/2017 12:44","modified":"Aggiornato il 26\/09\/2017 12:44"},"featured_img_caption":"","tax_additional":[],"series_order":"","_links":{"self":[{"href":"https:\/\/www.scienzaegoverno.org\/index.php?rest_route=\/wp\/v2\/evento\/4651","targetHints":{"allow":["GET"]}}],"collection":[{"href":"https:\/\/www.scienzaegoverno.org\/index.php?rest_route=\/wp\/v2\/evento"}],"about":[{"href":"https:\/\/www.scienzaegoverno.org\/index.php?rest_route=\/wp\/v2\/types\/evento"}],"author":[{"embeddable":true,"href":"https:\/\/www.scienzaegoverno.org\/index.php?rest_route=\/wp\/v2\/users\/4"}],"wp:featuredmedia":[{"embeddable":true,"href":"https:\/\/www.scienzaegoverno.org\/index.php?rest_route=\/wp\/v2\/media\/4652"}],"wp:attachment":[{"href":"https:\/\/www.scienzaegoverno.org\/index.php?rest_route=%2Fwp%2Fv2%2Fmedia&parent=4651"}],"curies":[{"name":"wp","href":"https:\/\/api.w.org\/{rel}","templated":true}]}}

Report sulla qualità dell’aria. Dieci proposte di Green Economy

<p>&nbsp;</p>
<hr />
<p>Quali sono le vere origini dell&rsquo;inquinamento dell&rsquo;aria nelle aree urbane in Italia? Quanto pesano il traffico veicolare, il riscaldamento, le attività produttive, il trasporto degli inquinanti a media e lunga distanza, le condizioni meteorologiche nel quadro del cambiamento climatico?</p>
<p>Secondo l&rsquo;Agenzia europea dell&rsquo;ambiente in Europa ogni anno si registrano oltre 500.000 morti premature a causa dell&rsquo;inquinamento atmosferico, circa 20 volte il numero di vittime per incidenti stradali. Almeno 9 cittadini europei su 10 risultano esposti a concentrazioni di PM2,5, ozono e benzo-A-pirene superiori ai livelli raccomandati dall&rsquo;Organizzazione Mondiale della Sanità.</p>
<p>In Italia, nonostante i miglioramenti registrati negli ultimi decenni, l&rsquo;inquinamento atmosferico è la causa ogni anno di oltre 90 mila morti premature. Con più di 1.500 decessi per milione di abitanti l&rsquo;Italia presenta valori decisamente più alti rispetto alla media europea, pari a circa 1.000 decessi prematuri.</p>
<p>Queste sono solo alcune delle tematiche affrontate nel&nbsp;<strong>Report sulla qualità dell&rsquo;aria&nbsp;</strong>&nbsp;che sarà presentato a Roma. La ricerca è stata realizzata dalla&nbsp;<strong>Fondazione per lo Sviluppo Sostenibile</strong>, in collaborazione con&nbsp;<strong>ENEA</strong>&nbsp;e in partnership con il&nbsp;<strong>Gruppo Ferrovie dello Stato Italiane</strong>. L&rsquo;incontro, cui parteciperanno rappresentanti delle amministrazioni e degli enti locali, esperti e parlamentari, sarà concluso dal Presidente della Fondazione Sviluppo Sostenibile, Edo Ronchi.</p>
<p>Grazie alla ricostruzione di un quadro conoscitivo chiaro e completo sul tema delle emissioni inquinanti e della qualità dell&rsquo;aria&nbsp;con un&rsquo;analisi approfondita delle cause primarie dell&rsquo;inquinamento atmosferico nelle città italiane (con risultati a volte sorprendenti), è stato elaborato un&nbsp;&ldquo;decalogo&rdquo; per vincere la sfida della qualità dell&rsquo;aria nelle città italiane&nbsp;attraverso soluzioni strutturali che superino le emergenze e puntino sullo sviluppo della green economy.</p>
<hr />
<p style="text-align: right;"><a href="https://www.facebook.com/CentroStudiUomoAmbiente"><img decoding="async" src="http://scienzaegoverno.voxmail.it/rs/content/facebook-logo.png" style="height: 20px; width: 20px;" /></a></p>
