{"id":4643,"date":"2017-09-25T12:29:12","date_gmt":"2017-09-25T12:29:12","guid":{"rendered":"https:\/\/scienzaegoverno.org\/evento\/climate-kic-forma-i-futuri-professionisti-della-lotta-ai-cambiamenti-climatici\/"},"modified":"2017-09-25T12:29:12","modified_gmt":"2017-09-25T12:29:12","slug":"climate-kic-forma-i-futuri-professionisti-della-lotta-ai-cambiamenti-climatici","status":"publish","type":"evento","link":"https:\/\/www.scienzaegoverno.org\/?evento=climate-kic-forma-i-futuri-professionisti-della-lotta-ai-cambiamenti-climatici","title":{"rendered":"CLIMATE-KIC FORMA I FUTURI PROFESSIONISTI DELLA LOTTA AI CAMBIAMENTI CLIMATICI"},"content":{"rendered":"<p>Acquisire le competenze necessarie per sviluppare business ecosostenibili e per interpretare l&rsquo;impatto su agricoltura e urbanistica degli eventi metereologici. \u00c8 l&rsquo;opportunit\u00e0 che offrono tre corsi specialistici organizzati nel mese di ottobre a Bologna da Climate-KIC, comunit\u00e0 europea dell&rsquo;innovazione nella lotta ai cambiamenti climatici, di cui \u00e8 partner Aster, societ\u00e0 della regione Emilia-Romagna per l&rsquo;innovazione e la ricerca industriale. I corsi, in lingua inglese, sono aperti ad aspiranti imprenditori, ricercatori e professionisti.&nbsp;<\/p>\n<p>Il costo di partecipazione \u00e8 di 400 euro, con uno sconto del 50% per i partner di Climate-KIC, Climate-KIC Alunmi, le organizzazione non governativi e le istituzioni pubbliche.<\/p>\n<hr \/>\n<p style=\"text-align: right;\"><a href=\"https:\/\/www.facebook.com\/CentroStudiUomoAmbiente\"><img decoding=\"async\" src=\"http:\/\/scienzaegoverno.voxmail.it\/rs\/content\/facebook-logo.png\" style=\"height: 20px; width: 20px;\" \/><\/a><\/p>\n","protected":false},"author":4,"featured_media":4644,"template":"","meta":{"advgb_blocks_editor_width":"","advgb_blocks_columns_visual_guide":""},"class_list":["post-4643","evento","type-evento","status-publish","has-post-thumbnail","hentry"],"featured_img":"https:\/\/www.scienzaegoverno.org\/wp-content\/uploads\/2017\/09\/greening_your_business.jpg","coauthors":[],"author_meta":{"author_link":"https:\/\/www.scienzaegoverno.org\/?author=4","display_name":"NoName"},"relative_dates":{"created":"Pubblicato 9 anni fa","modified":"Aggiornato 9 anni fa"},"absolute_dates":{"created":"Pubblicato il 25\/09\/2017","modified":"Aggiornato il 25\/09\/2017"},"absolute_dates_time":{"created":"Pubblicato il 25\/09\/2017 12:29","modified":"Aggiornato il 25\/09\/2017 12:29"},"featured_img_caption":"","tax_additional":[],"series_order":"","_links":{"self":[{"href":"https:\/\/www.scienzaegoverno.org\/index.php?rest_route=\/wp\/v2\/evento\/4643","targetHints":{"allow":["GET"]}}],"collection":[{"href":"https:\/\/www.scienzaegoverno.org\/index.php?rest_route=\/wp\/v2\/evento"}],"about":[{"href":"https:\/\/www.scienzaegoverno.org\/index.php?rest_route=\/wp\/v2\/types\/evento"}],"author":[{"embeddable":true,"href":"https:\/\/www.scienzaegoverno.org\/index.php?rest_route=\/wp\/v2\/users\/4"}],"wp:featuredmedia":[{"embeddable":true,"href":"https:\/\/www.scienzaegoverno.org\/index.php?rest_route=\/wp\/v2\/media\/4644"}],"wp:attachment":[{"href":"https:\/\/www.scienzaegoverno.org\/index.php?rest_route=%2Fwp%2Fv2%2Fmedia&parent=4643"}],"curies":[{"name":"wp","href":"https:\/\/api.w.org\/{rel}","templated":true}]}}

<p>Acquisire le competenze necessarie per sviluppare business ecosostenibili e per interpretare l&rsquo;impatto su agricoltura e urbanistica degli eventi metereologici. È l&rsquo;opportunità che offrono tre corsi specialistici organizzati nel mese di ottobre a Bologna da Climate-KIC, comunità europea dell&rsquo;innovazione nella lotta ai cambiamenti climatici, di cui è partner Aster, società della regione Emilia-Romagna per l&rsquo;innovazione e la ricerca industriale. I corsi, in lingua inglese, sono aperti ad aspiranti imprenditori, ricercatori e professionisti.&nbsp;</p>
<p>Il costo di partecipazione è di 400 euro, con uno sconto del 50% per i partner di Climate-KIC, Climate-KIC Alunmi, le organizzazione non governativi e le istituzioni pubbliche.</p>
<hr />
<p style="text-align: right;"><a href="https://www.facebook.com/CentroStudiUomoAmbiente"><img decoding="async" src="http://scienzaegoverno.voxmail.it/rs/content/facebook-logo.png" style="height: 20px; width: 20px;" /></a></p>
