{"id":4622,"date":"2017-09-13T15:06:13","date_gmt":"2017-09-13T15:06:13","guid":{"rendered":"https:\/\/scienzaegoverno.org\/evento\/corsi-di-formazione-ambientale-tuttoambiente\/"},"modified":"2017-09-13T15:06:13","modified_gmt":"2017-09-13T15:06:13","slug":"corsi-di-formazione-ambientale-tuttoambiente","status":"publish","type":"evento","link":"https:\/\/www.scienzaegoverno.org\/?evento=corsi-di-formazione-ambientale-tuttoambiente","title":{"rendered":"Corsi di Formazione ambientale TUTTOAMBIENTE"},"content":{"rendered":"<p>Da&nbsp;oltre 15 anni&nbsp;sono migliaia i partecipanti che hanno frequentato con piena soddisfazione i corsi e i master di TuttoAmbiente, formazione&nbsp;certificata,&nbsp;pratica,&nbsp;utile,&nbsp;autorevole, nelle&nbsp;sedipi\u00f9 prestigiose con i migliori&nbsp;docenti. L&rsquo;attivit\u00e0 formativa, interamente coordinata da Stefano Maglia, \u00e8 ora possibile&nbsp;anche a distanza o presso le&nbsp;proprie sedi&nbsp;con l&rsquo;organizzazione di personalizzati&nbsp;corsi in azienda.<\/p>\n<hr \/>\n<p>Sono disponibili master, in sede o online, i dei corsi. Informazioni su date e oggetti &nbsp;dgli insegnamenti sul sito<\/p>\n","protected":false},"author":4,"featured_media":4623,"template":"","meta":{"advgb_blocks_editor_width":"","advgb_blocks_columns_visual_guide":""},"class_list":["post-4622","evento","type-evento","status-publish","has-post-thumbnail","hentry"],"featured_img":"https:\/\/www.scienzaegoverno.org\/wp-content\/uploads\/2017\/09\/tuttoambiente.png","coauthors":[],"author_meta":{"author_link":"https:\/\/www.scienzaegoverno.org\/?author=4","display_name":"NoName"},"relative_dates":{"created":"Pubblicato 9 anni fa","modified":"Aggiornato 9 anni fa"},"absolute_dates":{"created":"Pubblicato il 13\/09\/2017","modified":"Aggiornato il 13\/09\/2017"},"absolute_dates_time":{"created":"Pubblicato il 13\/09\/2017 15:06","modified":"Aggiornato il 13\/09\/2017 15:06"},"featured_img_caption":"","tax_additional":[],"series_order":"","_links":{"self":[{"href":"https:\/\/www.scienzaegoverno.org\/index.php?rest_route=\/wp\/v2\/evento\/4622","targetHints":{"allow":["GET"]}}],"collection":[{"href":"https:\/\/www.scienzaegoverno.org\/index.php?rest_route=\/wp\/v2\/evento"}],"about":[{"href":"https:\/\/www.scienzaegoverno.org\/index.php?rest_route=\/wp\/v2\/types\/evento"}],"author":[{"embeddable":true,"href":"https:\/\/www.scienzaegoverno.org\/index.php?rest_route=\/wp\/v2\/users\/4"}],"wp:featuredmedia":[{"embeddable":true,"href":"https:\/\/www.scienzaegoverno.org\/index.php?rest_route=\/wp\/v2\/media\/4623"}],"wp:attachment":[{"href":"https:\/\/www.scienzaegoverno.org\/index.php?rest_route=%2Fwp%2Fv2%2Fmedia&parent=4622"}],"curies":[{"name":"wp","href":"https:\/\/api.w.org\/{rel}","templated":true}]}}

<p>Da&nbsp;oltre 15 anni&nbsp;sono migliaia i partecipanti che hanno frequentato con piena soddisfazione i corsi e i master di TuttoAmbiente, formazione&nbsp;certificata,&nbsp;pratica,&nbsp;utile,&nbsp;autorevole, nelle&nbsp;sedipiù prestigiose con i migliori&nbsp;docenti. L&rsquo;attività formativa, interamente coordinata da Stefano Maglia, è ora possibile&nbsp;anche a distanza o presso le&nbsp;proprie sedi&nbsp;con l&rsquo;organizzazione di personalizzati&nbsp;corsi in azienda.</p>
<hr />
<p>Sono disponibili master, in sede o online, i dei corsi. Informazioni su date e oggetti &nbsp;dgli insegnamenti sul sito</p>
