{"id":4585,"date":"2017-09-12T10:37:06","date_gmt":"2017-09-12T10:37:06","guid":{"rendered":"https:\/\/scienzaegoverno.org\/evento\/il-progetto-urban-green-belts-ugb-flormart\/"},"modified":"2017-09-12T10:37:06","modified_gmt":"2017-09-12T10:37:06","slug":"il-progetto-urban-green-belts-ugb-flormart","status":"publish","type":"evento","link":"https:\/\/www.scienzaegoverno.org\/?evento=il-progetto-urban-green-belts-ugb-flormart","title":{"rendered":"Il progetto Urban Green Belts (UGB) a Flormart"},"content":{"rendered":"<p>&nbsp;Il principale obiettivo del progetto \u00e8 migliorare la pianificazione, la gestione e la capacit\u00e0 decisionale del settore pubblico in relazione agli spazi verdi urbani, attraverso uno strumento integrato di gestione sostenibile.<\/p>\n<hr \/>\n<p>Dal suo esordio a Budapest nel luglio 2016, il progetto Urban Green Belts (UGB) sta dando l&rsquo;opportunit\u00e0 alla citt\u00e0 di Padova di confrontarsi con gli altri partner nella definizione di un modello di programmazione e gestione del verde pubblico e privato.&nbsp;<br \/>Attraverso un percorso condiviso tra Universit\u00e0 di Padova, Universit\u00e0 IUAV di Venezia e il coinvolgimento della societ\u00e0 civile sar\u00e0 possibile rilevare i dati riguardanti il verde pubblico e privato&nbsp;in citt\u00e0 e creare un modello e una banca dati informatizzata per arrivare alla redazione partecipata di un regolamento per la gestione del verde in citt\u00e0.&nbsp;<br \/>&nbsp;<\/p>\n","protected":false},"author":4,"featured_media":4586,"template":"","meta":{"advgb_blocks_editor_width":"","advgb_blocks_columns_visual_guide":""},"class_list":["post-4585","evento","type-evento","status-publish","has-post-thumbnail","hentry"],"featured_img":"https:\/\/www.scienzaegoverno.org\/wp-content\/uploads\/2017\/09\/ugb.png","coauthors":[],"author_meta":{"author_link":"https:\/\/www.scienzaegoverno.org\/?author=4","display_name":"NoName"},"relative_dates":{"created":"Pubblicato 9 anni fa","modified":"Aggiornato 9 anni fa"},"absolute_dates":{"created":"Pubblicato il 12\/09\/2017","modified":"Aggiornato il 12\/09\/2017"},"absolute_dates_time":{"created":"Pubblicato il 12\/09\/2017 10:37","modified":"Aggiornato il 12\/09\/2017 10:37"},"featured_img_caption":"","tax_additional":[],"series_order":"","_links":{"self":[{"href":"https:\/\/www.scienzaegoverno.org\/index.php?rest_route=\/wp\/v2\/evento\/4585","targetHints":{"allow":["GET"]}}],"collection":[{"href":"https:\/\/www.scienzaegoverno.org\/index.php?rest_route=\/wp\/v2\/evento"}],"about":[{"href":"https:\/\/www.scienzaegoverno.org\/index.php?rest_route=\/wp\/v2\/types\/evento"}],"author":[{"embeddable":true,"href":"https:\/\/www.scienzaegoverno.org\/index.php?rest_route=\/wp\/v2\/users\/4"}],"wp:featuredmedia":[{"embeddable":true,"href":"https:\/\/www.scienzaegoverno.org\/index.php?rest_route=\/wp\/v2\/media\/4586"}],"wp:attachment":[{"href":"https:\/\/www.scienzaegoverno.org\/index.php?rest_route=%2Fwp%2Fv2%2Fmedia&parent=4585"}],"curies":[{"name":"wp","href":"https:\/\/api.w.org\/{rel}","templated":true}]}}

<p>&nbsp;Il principale obiettivo del progetto è migliorare la pianificazione, la gestione e la capacità decisionale del settore pubblico in relazione agli spazi verdi urbani, attraverso uno strumento integrato di gestione sostenibile.</p>
<hr />
<p>Dal suo esordio a Budapest nel luglio 2016, il progetto Urban Green Belts (UGB) sta dando l&rsquo;opportunità alla città di Padova di confrontarsi con gli altri partner nella definizione di un modello di programmazione e gestione del verde pubblico e privato.&nbsp;<br />Attraverso un percorso condiviso tra Università di Padova, Università IUAV di Venezia e il coinvolgimento della società civile sarà possibile rilevare i dati riguardanti il verde pubblico e privato&nbsp;in città e creare un modello e una banca dati informatizzata per arrivare alla redazione partecipata di un regolamento per la gestione del verde in città.&nbsp;<br />&nbsp;</p>
