{"id":4449,"date":"2017-07-25T12:40:28","date_gmt":"2017-07-25T12:40:28","guid":{"rendered":"https:\/\/scienzaegoverno.org\/evento\/green-logistics-expo\/"},"modified":"2017-07-25T12:40:28","modified_gmt":"2017-07-25T12:40:28","slug":"green-logistics-expo","status":"publish","type":"evento","link":"https:\/\/www.scienzaegoverno.org\/?evento=green-logistics-expo","title":{"rendered":"Green Logistics Expo."},"content":{"rendered":"<hr \/>\n<p>Nasce a Padova Green Logistics Expo, il nuovo&nbsp;Salone Internazionale dedicato alla logistica sostenibile.&nbsp;La prima edizione della nuova manifestazione, promossa da Interporto Padova e Fiera di Padova&nbsp; che si propone di essere l&#39;appuntamento italiano di riferimento per tutto il settore, \u00e8 in calendario nei rinnovati padiglioni della Fiera di Padova.<br \/>Tre giorni che mettono al centro tutti i temi pi\u00f9 avanzati della catena logistica, a partire naturalmente dalla sostenibilit\u00e0, fino alle opportunit\u00e0 offerte dalle nuove tecnologie.<\/p>\n<p>&nbsp;<\/p>\n","protected":false},"author":4,"featured_media":4450,"template":"","meta":{"advgb_blocks_editor_width":"","advgb_blocks_columns_visual_guide":""},"class_list":["post-4449","evento","type-evento","status-publish","has-post-thumbnail","hentry"],"featured_img":"https:\/\/www.scienzaegoverno.org\/wp-content\/uploads\/2017\/07\/Green-logistcs-Expo.jpg","coauthors":[],"author_meta":{"author_link":"https:\/\/www.scienzaegoverno.org\/?author=4","display_name":"NoName"},"relative_dates":{"created":"Pubblicato 9 anni fa","modified":"Aggiornato 9 anni fa"},"absolute_dates":{"created":"Pubblicato il 25\/07\/2017","modified":"Aggiornato il 25\/07\/2017"},"absolute_dates_time":{"created":"Pubblicato il 25\/07\/2017 12:40","modified":"Aggiornato il 25\/07\/2017 12:40"},"featured_img_caption":"","tax_additional":[],"series_order":"","_links":{"self":[{"href":"https:\/\/www.scienzaegoverno.org\/index.php?rest_route=\/wp\/v2\/evento\/4449","targetHints":{"allow":["GET"]}}],"collection":[{"href":"https:\/\/www.scienzaegoverno.org\/index.php?rest_route=\/wp\/v2\/evento"}],"about":[{"href":"https:\/\/www.scienzaegoverno.org\/index.php?rest_route=\/wp\/v2\/types\/evento"}],"author":[{"embeddable":true,"href":"https:\/\/www.scienzaegoverno.org\/index.php?rest_route=\/wp\/v2\/users\/4"}],"wp:featuredmedia":[{"embeddable":true,"href":"https:\/\/www.scienzaegoverno.org\/index.php?rest_route=\/wp\/v2\/media\/4450"}],"wp:attachment":[{"href":"https:\/\/www.scienzaegoverno.org\/index.php?rest_route=%2Fwp%2Fv2%2Fmedia&parent=4449"}],"curies":[{"name":"wp","href":"https:\/\/api.w.org\/{rel}","templated":true}]}}

<hr />
<p>Nasce a Padova Green Logistics Expo, il nuovo&nbsp;Salone Internazionale dedicato alla logistica sostenibile.&nbsp;La prima edizione della nuova manifestazione, promossa da Interporto Padova e Fiera di Padova&nbsp; che si propone di essere l&#39;appuntamento italiano di riferimento per tutto il settore, è in calendario nei rinnovati padiglioni della Fiera di Padova.<br />Tre giorni che mettono al centro tutti i temi più avanzati della catena logistica, a partire naturalmente dalla sostenibilità, fino alle opportunità offerte dalle nuove tecnologie.</p>
<p>&nbsp;</p>
