{"id":4422,"date":"2017-07-04T10:38:09","date_gmt":"2017-07-04T10:38:09","guid":{"rendered":"https:\/\/scienzaegoverno.org\/evento\/arriva-bologna-la-scuola-contrastare-i-cambiamenti-climatici\/"},"modified":"2017-07-04T10:38:09","modified_gmt":"2017-07-04T10:38:09","slug":"arriva-bologna-la-scuola-contrastare-i-cambiamenti-climatici","status":"publish","type":"evento","link":"https:\/\/www.scienzaegoverno.org\/?evento=arriva-bologna-la-scuola-contrastare-i-cambiamenti-climatici","title":{"rendered":"Arriva a Bologna la Scuola per contrastare i cambiamenti climatici"},"content":{"rendered":"<p>Per la 8&deg; edizione &nbsp;del &quot;Journey 2017, la scuola estiva di Climate-KIC&quot;, 38 giovani studenti provenienti da tutto il mondo parteciperanno a Bologna a due settimane di formazione sui business sostenibili.<\/p>\n<hr \/>\n<p>Trentotto giovani provenienti dalle universit\u00e0 di tutta Europa studieranno a Bologna soluzioni e nuovi business per il contrasto ai cambiamenti climatici. Alla fine del percorso di studi, i partecipanti dovranno elaborare un proprio progetto di impresa &ldquo;sostenibile&rdquo;. \u00c8 il programma del&nbsp;<strong>Journey 2017<\/strong>, la scuola estiva di Climate-KIC, comunit\u00e0 europea dell&rsquo;innovazione nella lotta ai cambiamenti climatici, di cui sono partner l&rsquo;Alma Mater Universit\u00e0 di Bologna e Aster, societ\u00e0 della Regione Emilia-Romagna per l&rsquo;innovazione e la ricerca industriale.&nbsp;<\/p>\n<p>&nbsp;<\/p>\n","protected":false},"author":4,"featured_media":4423,"template":"","meta":{"advgb_blocks_editor_width":"","advgb_blocks_columns_visual_guide":""},"class_list":["post-4422","evento","type-evento","status-publish","has-post-thumbnail","hentry"],"featured_img":"https:\/\/www.scienzaegoverno.org\/wp-content\/uploads\/2017\/07\/Bologna_Journay-2017.jpg","coauthors":[],"author_meta":{"author_link":"https:\/\/www.scienzaegoverno.org\/?author=4","display_name":"NoName"},"relative_dates":{"created":"Pubblicato 9 anni fa","modified":"Aggiornato 9 anni fa"},"absolute_dates":{"created":"Pubblicato il 04\/07\/2017","modified":"Aggiornato il 04\/07\/2017"},"absolute_dates_time":{"created":"Pubblicato il 04\/07\/2017 10:38","modified":"Aggiornato il 04\/07\/2017 10:38"},"featured_img_caption":"","tax_additional":[],"series_order":"","_links":{"self":[{"href":"https:\/\/www.scienzaegoverno.org\/index.php?rest_route=\/wp\/v2\/evento\/4422","targetHints":{"allow":["GET"]}}],"collection":[{"href":"https:\/\/www.scienzaegoverno.org\/index.php?rest_route=\/wp\/v2\/evento"}],"about":[{"href":"https:\/\/www.scienzaegoverno.org\/index.php?rest_route=\/wp\/v2\/types\/evento"}],"author":[{"embeddable":true,"href":"https:\/\/www.scienzaegoverno.org\/index.php?rest_route=\/wp\/v2\/users\/4"}],"wp:featuredmedia":[{"embeddable":true,"href":"https:\/\/www.scienzaegoverno.org\/index.php?rest_route=\/wp\/v2\/media\/4423"}],"wp:attachment":[{"href":"https:\/\/www.scienzaegoverno.org\/index.php?rest_route=%2Fwp%2Fv2%2Fmedia&parent=4422"}],"curies":[{"name":"wp","href":"https:\/\/api.w.org\/{rel}","templated":true}]}}

<p>Per la 8&deg; edizione &nbsp;del &quot;Journey 2017, la scuola estiva di Climate-KIC&quot;, 38 giovani studenti provenienti da tutto il mondo parteciperanno a Bologna a due settimane di formazione sui business sostenibili.</p>
<hr />
<p>Trentotto giovani provenienti dalle università di tutta Europa studieranno a Bologna soluzioni e nuovi business per il contrasto ai cambiamenti climatici. Alla fine del percorso di studi, i partecipanti dovranno elaborare un proprio progetto di impresa &ldquo;sostenibile&rdquo;. È il programma del&nbsp;<strong>Journey 2017</strong>, la scuola estiva di Climate-KIC, comunità europea dell&rsquo;innovazione nella lotta ai cambiamenti climatici, di cui sono partner l&rsquo;Alma Mater Università di Bologna e Aster, società della Regione Emilia-Romagna per l&rsquo;innovazione e la ricerca industriale.&nbsp;</p>
<p>&nbsp;</p>
