{"id":4365,"date":"2017-06-08T11:58:01","date_gmt":"2017-06-08T11:58:01","guid":{"rendered":"https:\/\/scienzaegoverno.org\/evento\/societa-civile-e-g7-ambiente-alla-base-non-al-vertice\/"},"modified":"2017-06-08T11:58:01","modified_gmt":"2017-06-08T11:58:01","slug":"societa-civile-e-g7-ambiente-alla-base-non-al-vertice","status":"publish","type":"evento","link":"https:\/\/www.scienzaegoverno.org\/?evento=societa-civile-e-g7-ambiente-alla-base-non-al-vertice","title":{"rendered":"Societ\u00e0 civile e G7: ambiente alla base, non al vertice"},"content":{"rendered":"<hr \/>\n<p>&nbsp;<\/p>\n<p>Il DECOLOGO per una societ\u00e0 ecologica e delle attivit\u00e0 organizzate dalla societ\u00e0 civile in occasione del G7Ambiente di Bologna.<\/p>\n<p>Nell&rsquo;ambito delle iniziative promosse dalla societ\u00e0 civile in occasione del G7 Ambiente 2017 di Bologna, un&rsquo;ampia coalizione di esponenti di spicco della comunit\u00e0 scientifica ed accademica e di organizzazioni della societ\u00e0 civile attive sul fronte ambientale hanno redatto e sottoscritto il &ldquo;Decologo per una societ\u00e0 ecologica&rdquo;, un manifesto in dieci punti con 78 proposte concrete indirizzate ai decisori politici a livello nazionale ed internazionale, necessarie ad impostare una concreta e non pi\u00f9 rimandabile transizione ecologica dell&rsquo;economia e della societ\u00e0.<\/p>\n<p>Tra i promotori, il Presidente dell&rsquo;Associazione Meteorologica Italiana Luca Mercalli, il gruppo di ricerca di Bologna &ldquo;Energia per l&rsquo;Italia&rdquo;, presieduto dal chimico Vincenzo Balzani e decine di altri esponenti di spicco della comunit\u00e0 scientifica, assieme a oltre 100 associazioni attive nella difesa dell&rsquo;ambiente e dei diritti ad esso connessi.<\/p>\n","protected":false},"author":4,"featured_media":4366,"template":"","meta":{"advgb_blocks_editor_width":"","advgb_blocks_columns_visual_guide":""},"class_list":["post-4365","evento","type-evento","status-publish","has-post-thumbnail","hentry"],"featured_img":"https:\/\/www.scienzaegoverno.org\/wp-content\/uploads\/2017\/06\/G7M.png","coauthors":[],"author_meta":{"author_link":"https:\/\/www.scienzaegoverno.org\/?author=4","display_name":"NoName"},"relative_dates":{"created":"Pubblicato 9 anni fa","modified":"Aggiornato 9 anni fa"},"absolute_dates":{"created":"Pubblicato il 08\/06\/2017","modified":"Aggiornato il 08\/06\/2017"},"absolute_dates_time":{"created":"Pubblicato il 08\/06\/2017 11:58","modified":"Aggiornato il 08\/06\/2017 11:58"},"featured_img_caption":"","tax_additional":[],"series_order":"","_links":{"self":[{"href":"https:\/\/www.scienzaegoverno.org\/index.php?rest_route=\/wp\/v2\/evento\/4365","targetHints":{"allow":["GET"]}}],"collection":[{"href":"https:\/\/www.scienzaegoverno.org\/index.php?rest_route=\/wp\/v2\/evento"}],"about":[{"href":"https:\/\/www.scienzaegoverno.org\/index.php?rest_route=\/wp\/v2\/types\/evento"}],"author":[{"embeddable":true,"href":"https:\/\/www.scienzaegoverno.org\/index.php?rest_route=\/wp\/v2\/users\/4"}],"wp:featuredmedia":[{"embeddable":true,"href":"https:\/\/www.scienzaegoverno.org\/index.php?rest_route=\/wp\/v2\/media\/4366"}],"wp:attachment":[{"href":"https:\/\/www.scienzaegoverno.org\/index.php?rest_route=%2Fwp%2Fv2%2Fmedia&parent=4365"}],"curies":[{"name":"wp","href":"https:\/\/api.w.org\/{rel}","templated":true}]}}

Società civile e G7: ambiente alla base, non al vertice

<hr />
<p>&nbsp;</p>
<p>Il DECOLOGO per una società ecologica e delle attività organizzate dalla società civile in occasione del G7Ambiente di Bologna.</p>
<p>Nell&rsquo;ambito delle iniziative promosse dalla società civile in occasione del G7 Ambiente 2017 di Bologna, un&rsquo;ampia coalizione di esponenti di spicco della comunità scientifica ed accademica e di organizzazioni della società civile attive sul fronte ambientale hanno redatto e sottoscritto il &ldquo;Decologo per una società ecologica&rdquo;, un manifesto in dieci punti con 78 proposte concrete indirizzate ai decisori politici a livello nazionale ed internazionale, necessarie ad impostare una concreta e non più rimandabile transizione ecologica dell&rsquo;economia e della società.</p>
<p>Tra i promotori, il Presidente dell&rsquo;Associazione Meteorologica Italiana Luca Mercalli, il gruppo di ricerca di Bologna &ldquo;Energia per l&rsquo;Italia&rdquo;, presieduto dal chimico Vincenzo Balzani e decine di altri esponenti di spicco della comunità scientifica, assieme a oltre 100 associazioni attive nella difesa dell&rsquo;ambiente e dei diritti ad esso connessi.</p>
