{"id":4315,"date":"2017-05-24T12:54:14","date_gmt":"2017-05-24T12:54:14","guid":{"rendered":"https:\/\/scienzaegoverno.org\/evento\/mi-ambiento-comunicazione-imprese-responsabilita-sociale-piuecoalla-sostenibilita\/"},"modified":"2017-05-24T12:54:14","modified_gmt":"2017-05-24T12:54:14","slug":"mi-ambiento-comunicazione-imprese-responsabilita-sociale-piuecoalla-sostenibilita","status":"publish","type":"evento","link":"https:\/\/www.scienzaegoverno.org\/?evento=mi-ambiento-comunicazione-imprese-responsabilita-sociale-piuecoalla-sostenibilita","title":{"rendered":"&#8220;Mi Ambiento- Comunicazione, imprese, responsabilit\u00e0 sociale &#8211; Pi\u00f9ecoalla sostenibilit\u00e0\u201d"},"content":{"rendered":"<p>Nel corso del workshop saranno presentati i risultati della ricerca: &ldquo;La sostenibilit\u00e0 nei media&rdquo;.<\/p>\n<hr \/>\n<p>L&#39;evento rientra tra le iniziative del1&deg; Festival Italiano dello Sviluppo Sostenibile, promosso da ASviS; avr\u00e0 l&rsquo;obiettivo di disegnare alcuni possibili scenari e azioni da intraprendere nel breve-medio periodo e di sottolineare l&rsquo;importanza di ciascun cittadino, a tutti i livelli, nel diventare protagonista della riconversione ecologica dell&rsquo;intero sistema.<\/p>\n<p>&nbsp;<\/p>\n<p>&nbsp;<\/p>\n","protected":false},"author":4,"featured_media":4316,"template":"","meta":{"advgb_blocks_editor_width":"","advgb_blocks_columns_visual_guide":""},"class_list":["post-4315","evento","type-evento","status-publish","has-post-thumbnail","hentry"],"featured_img":"https:\/\/www.scienzaegoverno.org\/wp-content\/uploads\/2017\/05\/pentapolis.jpg","coauthors":[],"author_meta":{"author_link":"https:\/\/www.scienzaegoverno.org\/?author=4","display_name":"NoName"},"relative_dates":{"created":"Pubblicato 9 anni fa","modified":"Aggiornato 9 anni fa"},"absolute_dates":{"created":"Pubblicato il 24\/05\/2017","modified":"Aggiornato il 24\/05\/2017"},"absolute_dates_time":{"created":"Pubblicato il 24\/05\/2017 12:54","modified":"Aggiornato il 24\/05\/2017 12:54"},"featured_img_caption":"","tax_additional":[],"series_order":"","_links":{"self":[{"href":"https:\/\/www.scienzaegoverno.org\/index.php?rest_route=\/wp\/v2\/evento\/4315","targetHints":{"allow":["GET"]}}],"collection":[{"href":"https:\/\/www.scienzaegoverno.org\/index.php?rest_route=\/wp\/v2\/evento"}],"about":[{"href":"https:\/\/www.scienzaegoverno.org\/index.php?rest_route=\/wp\/v2\/types\/evento"}],"author":[{"embeddable":true,"href":"https:\/\/www.scienzaegoverno.org\/index.php?rest_route=\/wp\/v2\/users\/4"}],"wp:featuredmedia":[{"embeddable":true,"href":"https:\/\/www.scienzaegoverno.org\/index.php?rest_route=\/wp\/v2\/media\/4316"}],"wp:attachment":[{"href":"https:\/\/www.scienzaegoverno.org\/index.php?rest_route=%2Fwp%2Fv2%2Fmedia&parent=4315"}],"curies":[{"name":"wp","href":"https:\/\/api.w.org\/{rel}","templated":true}]}}

&#8220;Mi Ambiento- Comunicazione, imprese, responsabilità sociale &#8211; Piùecoalla sostenibilità”

<p>Nel corso del workshop saranno presentati i risultati della ricerca: &ldquo;La sostenibilità nei media&rdquo;.</p>
<hr />
<p>L&#39;evento rientra tra le iniziative del1&deg; Festival Italiano dello Sviluppo Sostenibile, promosso da ASviS; avrà l&rsquo;obiettivo di disegnare alcuni possibili scenari e azioni da intraprendere nel breve-medio periodo e di sottolineare l&rsquo;importanza di ciascun cittadino, a tutti i livelli, nel diventare protagonista della riconversione ecologica dell&rsquo;intero sistema.</p>
<p>&nbsp;</p>
<p>&nbsp;</p>
