{"id":4241,"date":"2017-04-24T16:01:50","date_gmt":"2017-04-24T16:01:50","guid":{"rendered":"https:\/\/scienzaegoverno.org\/evento\/il-consorzio-ricrea-campione-delleconomia-circolare-bruxelles-con-treno-verde\/"},"modified":"2017-04-24T16:01:50","modified_gmt":"2017-04-24T16:01:50","slug":"il-consorzio-ricrea-campione-delleconomia-circolare-bruxelles-con-treno-verde","status":"publish","type":"evento","link":"https:\/\/www.scienzaegoverno.org\/?evento=il-consorzio-ricrea-campione-delleconomia-circolare-bruxelles-con-treno-verde","title":{"rendered":"Il Consorzio RICREA campione dell\u2019economia circolare a Bruxelles con treno verde"},"content":{"rendered":"<p>Barattoli, scatole, scatolette, lattine, fusti, secchielli, bombolette, tappi e chiusure: gli imballaggi in acciaio si riciclano al 100% all\u2019infinito.<\/p>\n<p>In Italia negli ultimi 20 anni avviate al riciclo 5.300.000 tonnellate di acciaio.<\/p>\n<p>Se l\u2019economia circolare \u00e8 l\u2019economia del futuro, gli imballaggi in acciaio sono senza dubbio tra i campioni di un mondo pi\u00f9 verde e sostenibile. Barattoli, scatole, scatolette, lattine, fusti, secchielli, bombolette, tappi e chiusure in acciaio sono i protagonisti di un percorso circolare virtuoso e senza fine.<br \/>\n\tGrazie all\u2019impegno di RICREA, il Consorzio Nazionale per il Riciclo degli Imballaggi in Acciaio, dei comuni, degli operatori e soprattutto dei cittadini impegnati nella raccolta differenziata, in 20 anni in Italia sono state avviate al riciclo 5.300.000 tonnellate di acciaio. Una quantit\u00e0 impressionante, sufficiente per realizzare circa 53.300 km di binari ferroviari (pi\u00f9 del doppio dell\u2019estensione dell\u2019intera rete ferroviaria italiana, pari a 24.435 km) o ben 48.000 vagoni.<\/p>\n<p>Il Consorzio RICREA negli scorsi mesi ha viaggiato per tutta la penisola con Treno Verde, la campagna itinerante promossa da Legambiente e Gruppo Ferrovie dello Stato Italiane con la partecipazione del Ministero dell\u2019Ambiente e della Tutela del Territorio e del Mare &nbsp;e ha concluso oggi, 24 aprile, il suo viaggio al Parlamento Europeo di Bruxelles, dove i \u201ccampioni\u201d dell\u2019economia circolare hanno incontrato il Vicepresidente della Commissione UE Jyrki Katainen e l\u2019Eurodeputata&nbsp;Simona Bonaf\u00e9, relatrice del Pacchetto sull\u2019Economia Circolare.<\/p>\n<p>&nbsp;\u201cL\u2019economia circolare degli imballaggi in acciaio \u00e8 gi\u00e0 realt\u00e0 \u2013 spiega Domenico Rinaldini, Presidente di RICREA \u2013. Da materia prima a imballaggio, a rifiuto differenziato, raccolto e avviato al riciclo per nascere a nuova vita, all\u2019infinito, l\u2019acciaio \u00e8 il materiale pi\u00f9 riciclato in Europa: \u00e8 facile da differenziare senza perdere le proprie intrinseche qualit\u00e0.<br \/>\n\tNell\u2019ultimo anno in Italia \u00e8 stato riciclato il 77,5% dell&#8217;immesso al consumo. Il nostro obiettivo, come consorzio, \u00e8 migliorare ancora gli ottimi risultati raggiunti, sensibilizzando e informando dei cittadini sulla \u2018convenienza ambientale\u2019 della raccolta differenziata dei contenitori in acciaio, materiale permanente che si ricicla al 100% e all\u2019infinito\u201d.<\/p>\n<p>Fonte : Miriam Pagano<\/p>\n<p>Ufficio Stampa RICREA c\/o Black &amp; White Comunicazione<br \/>\n\tTel. 0236507205<\/p>\n","protected":false},"author":4,"featured_media":0,"template":"","meta":{"advgb_blocks_editor_width":"","advgb_blocks_columns_visual_guide":""},"class_list":["post-4241","evento","type-evento","status-publish","hentry"],"featured_img":false,"coauthors":[],"author_meta":{"author_link":"https:\/\/www.scienzaegoverno.org\/?author=4","display_name":"NoName"},"relative_dates":{"created":"Pubblicato 9 anni fa","modified":"Aggiornato 9 anni fa"},"absolute_dates":{"created":"Pubblicato il 24\/04\/2017","modified":"Aggiornato il 24\/04\/2017"},"absolute_dates_time":{"created":"Pubblicato il 24\/04\/2017 16:01","modified":"Aggiornato il 24\/04\/2017 16:01"},"featured_img_caption":"","tax_additional":[],"series_order":"","_links":{"self":[{"href":"https:\/\/www.scienzaegoverno.org\/index.php?rest_route=\/wp\/v2\/evento\/4241","targetHints":{"allow":["GET"]}}],"collection":[{"href":"https:\/\/www.scienzaegoverno.org\/index.php?rest_route=\/wp\/v2\/evento"}],"about":[{"href":"https:\/\/www.scienzaegoverno.org\/index.php?rest_route=\/wp\/v2\/types\/evento"}],"author":[{"embeddable":true,"href":"https:\/\/www.scienzaegoverno.org\/index.php?rest_route=\/wp\/v2\/users\/4"}],"wp:attachment":[{"href":"https:\/\/www.scienzaegoverno.org\/index.php?rest_route=%2Fwp%2Fv2%2Fmedia&parent=4241"}],"curies":[{"name":"wp","href":"https:\/\/api.w.org\/{rel}","templated":true}]}}

<p>Barattoli, scatole, scatolette, lattine, fusti, secchielli, bombolette, tappi e chiusure: gli imballaggi in acciaio si riciclano al 100% all’infinito.</p>
<p>In Italia negli ultimi 20 anni avviate al riciclo 5.300.000 tonnellate di acciaio.</p>
<p>Se l’economia circolare è l’economia del futuro, gli imballaggi in acciaio sono senza dubbio tra i campioni di un mondo più verde e sostenibile. Barattoli, scatole, scatolette, lattine, fusti, secchielli, bombolette, tappi e chiusure in acciaio sono i protagonisti di un percorso circolare virtuoso e senza fine.<br />
	Grazie all’impegno di RICREA, il Consorzio Nazionale per il Riciclo degli Imballaggi in Acciaio, dei comuni, degli operatori e soprattutto dei cittadini impegnati nella raccolta differenziata, in 20 anni in Italia sono state avviate al riciclo 5.300.000 tonnellate di acciaio. Una quantità impressionante, sufficiente per realizzare circa 53.300 km di binari ferroviari (più del doppio dell’estensione dell’intera rete ferroviaria italiana, pari a 24.435 km) o ben 48.000 vagoni.</p>
<p>Il Consorzio RICREA negli scorsi mesi ha viaggiato per tutta la penisola con Treno Verde, la campagna itinerante promossa da Legambiente e Gruppo Ferrovie dello Stato Italiane con la partecipazione del Ministero dell’Ambiente e della Tutela del Territorio e del Mare &nbsp;e ha concluso oggi, 24 aprile, il suo viaggio al Parlamento Europeo di Bruxelles, dove i “campioni” dell’economia circolare hanno incontrato il Vicepresidente della Commissione UE Jyrki Katainen e l’Eurodeputata&nbsp;Simona Bonafé, relatrice del Pacchetto sull’Economia Circolare.</p>
<p>&nbsp;“L’economia circolare degli imballaggi in acciaio è già realtà – spiega Domenico Rinaldini, Presidente di RICREA –. Da materia prima a imballaggio, a rifiuto differenziato, raccolto e avviato al riciclo per nascere a nuova vita, all’infinito, l’acciaio è il materiale più riciclato in Europa: è facile da differenziare senza perdere le proprie intrinseche qualità.<br />
	Nell’ultimo anno in Italia è stato riciclato il 77,5% dell&#8217;immesso al consumo. Il nostro obiettivo, come consorzio, è migliorare ancora gli ottimi risultati raggiunti, sensibilizzando e informando dei cittadini sulla ‘convenienza ambientale’ della raccolta differenziata dei contenitori in acciaio, materiale permanente che si ricicla al 100% e all’infinito”.</p>
<p>Fonte : Miriam Pagano</p>
<p>Ufficio Stampa RICREA c/o Black &amp; White Comunicazione<br />
	Tel. 0236507205</p>
