{"id":4211,"date":"2017-04-05T14:21:58","date_gmt":"2017-04-05T14:21:58","guid":{"rendered":"https:\/\/scienzaegoverno.org\/evento\/expo-edile\/"},"modified":"2017-04-05T14:21:58","modified_gmt":"2017-04-05T14:21:58","slug":"expo-edile","status":"publish","type":"evento","link":"https:\/\/www.scienzaegoverno.org\/?evento=expo-edile","title":{"rendered":"Expo Edile"},"content":{"rendered":"<p>&nbsp;<\/p>\n<hr \/>\n<p>La manifestazione avr\u00e0 come punto trainante l&#8217;adeguamento sismico degli edifici e la&nbsp; vulnerabilit\u00e0 dei fabbricati esistenti.<br \/>\n\tSi far\u00e0 il punto sulla sicurezza e la sostenibilit\u00e0 del patrimonio immobiliare, si porr\u00e0 l&#8217;accento sul tema dell&#8217;antisismica puntando sull&#8217;importanza della classificazione sismica come criteri per definire priorit\u00e0 e modalit\u00e0 della riqualificazione.<\/p>\n<p>&nbsp;<\/p>\n<p>&nbsp;<\/p>\n","protected":false},"author":4,"featured_media":4212,"template":"","meta":{"advgb_blocks_editor_width":"","advgb_blocks_columns_visual_guide":""},"class_list":["post-4211","evento","type-evento","status-publish","has-post-thumbnail","hentry"],"featured_img":"https:\/\/www.scienzaegoverno.org\/wp-content\/uploads\/2017\/04\/logho-expo-edile-2017.jpg","coauthors":[],"author_meta":{"author_link":"https:\/\/www.scienzaegoverno.org\/?author=4","display_name":"NoName"},"relative_dates":{"created":"Pubblicato 9 anni fa","modified":"Aggiornato 9 anni fa"},"absolute_dates":{"created":"Pubblicato il 05\/04\/2017","modified":"Aggiornato il 05\/04\/2017"},"absolute_dates_time":{"created":"Pubblicato il 05\/04\/2017 14:21","modified":"Aggiornato il 05\/04\/2017 14:21"},"featured_img_caption":"","tax_additional":[],"series_order":"","_links":{"self":[{"href":"https:\/\/www.scienzaegoverno.org\/index.php?rest_route=\/wp\/v2\/evento\/4211","targetHints":{"allow":["GET"]}}],"collection":[{"href":"https:\/\/www.scienzaegoverno.org\/index.php?rest_route=\/wp\/v2\/evento"}],"about":[{"href":"https:\/\/www.scienzaegoverno.org\/index.php?rest_route=\/wp\/v2\/types\/evento"}],"author":[{"embeddable":true,"href":"https:\/\/www.scienzaegoverno.org\/index.php?rest_route=\/wp\/v2\/users\/4"}],"wp:featuredmedia":[{"embeddable":true,"href":"https:\/\/www.scienzaegoverno.org\/index.php?rest_route=\/wp\/v2\/media\/4212"}],"wp:attachment":[{"href":"https:\/\/www.scienzaegoverno.org\/index.php?rest_route=%2Fwp%2Fv2%2Fmedia&parent=4211"}],"curies":[{"name":"wp","href":"https:\/\/api.w.org\/{rel}","templated":true}]}}

<p>&nbsp;</p>
<hr />
<p>La manifestazione avrà come punto trainante l&#8217;adeguamento sismico degli edifici e la&nbsp; vulnerabilità dei fabbricati esistenti.<br />
	Si farà il punto sulla sicurezza e la sostenibilità del patrimonio immobiliare, si porrà l&#8217;accento sul tema dell&#8217;antisismica puntando sull&#8217;importanza della classificazione sismica come criteri per definire priorità e modalità della riqualificazione.</p>
<p>&nbsp;</p>
<p>&nbsp;</p>
