{"id":4168,"date":"2017-03-21T13:56:38","date_gmt":"2017-03-21T13:56:38","guid":{"rendered":"https:\/\/scienzaegoverno.org\/evento\/la-settimana-europea-dello-sviluppo-sostenibile-esdw\/"},"modified":"2017-03-21T13:56:38","modified_gmt":"2017-03-21T13:56:38","slug":"la-settimana-europea-dello-sviluppo-sostenibile-esdw","status":"publish","type":"evento","link":"https:\/\/www.scienzaegoverno.org\/?evento=la-settimana-europea-dello-sviluppo-sostenibile-esdw","title":{"rendered":"La Settimana Europea dello Sviluppo Sostenibile (ESDW)"},"content":{"rendered":"<p>La Settimana Europea dello Sviluppo Sostenibile &nbsp;(The European Sustainable Development Wee, kESDW), \u00e8 l&#8217;iniziativa europea dedicata a stimolare e dare visibilit\u00e0 ad attivit\u00e0, progetti ed eventi che promuovono lo sviluppo sostenibile e gli Obiettivi di Sviluppo Sostenibile delle Nazioni Unite (Sustainable Development Goals).<\/p>\n<p>La&nbsp;partecipazione&nbsp;\u00e8 aperta a istituzioni, centri di ricerca, universit\u00e0 e scuole, musei, fondazioni, associazioni, imprese e singoli cittadini che propongono iniziative che promuovono lo sviluppo sostenibile e gli obiettivi di Sviluppo Sostenibile delle Nazioni Unite (Sustainable Development Goals).<\/p>\n<hr \/>\n<p>\n\tIl&nbsp;Ministero dell\u2019Ambiente e della Tutela del Territorio e del Mare&nbsp;\u00e8 il&nbsp;<em>focal point<\/em>&nbsp;per l\u2019Italia.<\/p>\n<p>il volantino di partecipazione in allegato<\/p>\n","protected":false},"author":4,"featured_media":4169,"template":"","meta":{"advgb_blocks_editor_width":"","advgb_blocks_columns_visual_guide":""},"class_list":["post-4168","evento","type-evento","status-publish","has-post-thumbnail","hentry"],"featured_img":"https:\/\/www.scienzaegoverno.org\/wp-content\/uploads\/2017\/03\/ESDW-2017.png","coauthors":[],"author_meta":{"author_link":"https:\/\/www.scienzaegoverno.org\/?author=4","display_name":"NoName"},"relative_dates":{"created":"Pubblicato 9 anni fa","modified":"Aggiornato 9 anni fa"},"absolute_dates":{"created":"Pubblicato il 21\/03\/2017","modified":"Aggiornato il 21\/03\/2017"},"absolute_dates_time":{"created":"Pubblicato il 21\/03\/2017 13:56","modified":"Aggiornato il 21\/03\/2017 13:56"},"featured_img_caption":"","tax_additional":[],"series_order":"","_links":{"self":[{"href":"https:\/\/www.scienzaegoverno.org\/index.php?rest_route=\/wp\/v2\/evento\/4168","targetHints":{"allow":["GET"]}}],"collection":[{"href":"https:\/\/www.scienzaegoverno.org\/index.php?rest_route=\/wp\/v2\/evento"}],"about":[{"href":"https:\/\/www.scienzaegoverno.org\/index.php?rest_route=\/wp\/v2\/types\/evento"}],"author":[{"embeddable":true,"href":"https:\/\/www.scienzaegoverno.org\/index.php?rest_route=\/wp\/v2\/users\/4"}],"wp:featuredmedia":[{"embeddable":true,"href":"https:\/\/www.scienzaegoverno.org\/index.php?rest_route=\/wp\/v2\/media\/4169"}],"wp:attachment":[{"href":"https:\/\/www.scienzaegoverno.org\/index.php?rest_route=%2Fwp%2Fv2%2Fmedia&parent=4168"}],"curies":[{"name":"wp","href":"https:\/\/api.w.org\/{rel}","templated":true}]}}

<p>La Settimana Europea dello Sviluppo Sostenibile &nbsp;(The European Sustainable Development Wee, kESDW), è l&#8217;iniziativa europea dedicata a stimolare e dare visibilità ad attività, progetti ed eventi che promuovono lo sviluppo sostenibile e gli Obiettivi di Sviluppo Sostenibile delle Nazioni Unite (Sustainable Development Goals).</p>
<p>La&nbsp;partecipazione&nbsp;è aperta a istituzioni, centri di ricerca, università e scuole, musei, fondazioni, associazioni, imprese e singoli cittadini che propongono iniziative che promuovono lo sviluppo sostenibile e gli obiettivi di Sviluppo Sostenibile delle Nazioni Unite (Sustainable Development Goals).</p>
<hr />
<p>
	Il&nbsp;Ministero dell’Ambiente e della Tutela del Territorio e del Mare&nbsp;è il&nbsp;<em>focal point</em>&nbsp;per l’Italia.</p>
<p>il volantino di partecipazione in allegato</p>
