{"id":4146,"date":"2017-03-14T16:16:21","date_gmt":"2017-03-14T16:16:21","guid":{"rendered":"https:\/\/scienzaegoverno.org\/evento\/viscom\/"},"modified":"2017-03-14T16:16:21","modified_gmt":"2017-03-14T16:16:21","slug":"viscom","status":"publish","type":"evento","link":"https:\/\/www.scienzaegoverno.org\/?evento=viscom","title":{"rendered":"Viscom"},"content":{"rendered":"<p>Tipologia:B2B &nbsp;<\/p>\n<hr \/>\n<p>Viscom Italia \u00e8 pi\u00f9 di una fiera, \u00e8 un evento in continua evoluzione che raccoglie tecnologie, materiali, soluzioni ed applicazioni innovative offrendo una panoramica completa della filiera della comunicazione visiva.<\/p>\n","protected":false},"author":4,"featured_media":4147,"template":"","meta":{"advgb_blocks_editor_width":"","advgb_blocks_columns_visual_guide":""},"class_list":["post-4146","evento","type-evento","status-publish","has-post-thumbnail","hentry"],"featured_img":"https:\/\/www.scienzaegoverno.org\/wp-content\/uploads\/2017\/03\/manifestazione_logo_1846.jpg","coauthors":[],"author_meta":{"author_link":"https:\/\/www.scienzaegoverno.org\/?author=4","display_name":"NoName"},"relative_dates":{"created":"Pubblicato 9 anni fa","modified":"Aggiornato 9 anni fa"},"absolute_dates":{"created":"Pubblicato il 14\/03\/2017","modified":"Aggiornato il 14\/03\/2017"},"absolute_dates_time":{"created":"Pubblicato il 14\/03\/2017 16:16","modified":"Aggiornato il 14\/03\/2017 16:16"},"featured_img_caption":"","tax_additional":[],"series_order":"","_links":{"self":[{"href":"https:\/\/www.scienzaegoverno.org\/index.php?rest_route=\/wp\/v2\/evento\/4146","targetHints":{"allow":["GET"]}}],"collection":[{"href":"https:\/\/www.scienzaegoverno.org\/index.php?rest_route=\/wp\/v2\/evento"}],"about":[{"href":"https:\/\/www.scienzaegoverno.org\/index.php?rest_route=\/wp\/v2\/types\/evento"}],"author":[{"embeddable":true,"href":"https:\/\/www.scienzaegoverno.org\/index.php?rest_route=\/wp\/v2\/users\/4"}],"wp:featuredmedia":[{"embeddable":true,"href":"https:\/\/www.scienzaegoverno.org\/index.php?rest_route=\/wp\/v2\/media\/4147"}],"wp:attachment":[{"href":"https:\/\/www.scienzaegoverno.org\/index.php?rest_route=%2Fwp%2Fv2%2Fmedia&parent=4146"}],"curies":[{"name":"wp","href":"https:\/\/api.w.org\/{rel}","templated":true}]}}

<p>Tipologia:B2B &nbsp;</p>
<hr />
<p>Viscom Italia è più di una fiera, è un evento in continua evoluzione che raccoglie tecnologie, materiali, soluzioni ed applicazioni innovative offrendo una panoramica completa della filiera della comunicazione visiva.</p>
