{"id":4079,"date":"2017-03-01T14:01:26","date_gmt":"2017-03-01T14:01:26","guid":{"rendered":"https:\/\/scienzaegoverno.org\/evento\/zurigo-settimana-della-sostenibilita-nhw\/"},"modified":"2017-03-01T14:01:26","modified_gmt":"2017-03-01T14:01:26","slug":"zurigo-settimana-della-sostenibilita-nhw","status":"publish","type":"evento","link":"https:\/\/www.scienzaegoverno.org\/?evento=zurigo-settimana-della-sostenibilita-nhw","title":{"rendered":"Zurigo &#8211; Settimana della sostenibilit\u00e0 \u2013 NHW"},"content":{"rendered":"<hr \/>\n<p>\n\tZurigo \u00e8 da qualche anno punto di riferimento delle smart cities e considerata la citt\u00e0 pi\u00f9 sostenibile al mondo anche secondo la classifica stilata dal <em>Sustainable Cities Index<\/em> e condotta negli scorsi mesi dalla societ\u00e0 di consulenza Arcadis, che ha preso in considerazione gli aspetti sociali, ambientali ed economici delle principali 100 citt\u00e0 mondiali.<\/p>\n<p>Si svolger\u00e0 pertanto qui la quinta edizione della Nachhaltigkeitswoche (Settimana della sostenibilit\u00e0 \u2013 NHW)<\/p>\n<p>Durante la settimana aranno organizzati pi\u00f9 di 40 eventi, proposti da un\u2019ottantina di studenti. Il tema della sostenibilit\u00e0 verr\u00e0 discusso a livello ecologico, economico e sociale. Agli interessati verr\u00e0 proposto un ampio programma, con eventi aperti al pubblico e gratuiti, che comprender\u00e0 dibattiti, esposizioni, workshops, escursioni e conferenze con esperti del settore.<\/p>\n<p>Programma e informazioni nel comunicato stampa allegato<\/p>\n","protected":false},"author":4,"featured_media":4080,"template":"","meta":{"advgb_blocks_editor_width":"","advgb_blocks_columns_visual_guide":""},"class_list":["post-4079","evento","type-evento","status-publish","has-post-thumbnail","hentry"],"featured_img":"https:\/\/www.scienzaegoverno.org\/wp-content\/uploads\/2017\/03\/Zurigo_UrbanGardeningUniversita.jpg","coauthors":[],"author_meta":{"author_link":"https:\/\/www.scienzaegoverno.org\/?author=4","display_name":"NoName"},"relative_dates":{"created":"Pubblicato 9 anni fa","modified":"Aggiornato 9 anni fa"},"absolute_dates":{"created":"Pubblicato il 01\/03\/2017","modified":"Aggiornato il 01\/03\/2017"},"absolute_dates_time":{"created":"Pubblicato il 01\/03\/2017 14:01","modified":"Aggiornato il 01\/03\/2017 14:01"},"featured_img_caption":"","tax_additional":[],"series_order":"","_links":{"self":[{"href":"https:\/\/www.scienzaegoverno.org\/index.php?rest_route=\/wp\/v2\/evento\/4079","targetHints":{"allow":["GET"]}}],"collection":[{"href":"https:\/\/www.scienzaegoverno.org\/index.php?rest_route=\/wp\/v2\/evento"}],"about":[{"href":"https:\/\/www.scienzaegoverno.org\/index.php?rest_route=\/wp\/v2\/types\/evento"}],"author":[{"embeddable":true,"href":"https:\/\/www.scienzaegoverno.org\/index.php?rest_route=\/wp\/v2\/users\/4"}],"wp:featuredmedia":[{"embeddable":true,"href":"https:\/\/www.scienzaegoverno.org\/index.php?rest_route=\/wp\/v2\/media\/4080"}],"wp:attachment":[{"href":"https:\/\/www.scienzaegoverno.org\/index.php?rest_route=%2Fwp%2Fv2%2Fmedia&parent=4079"}],"curies":[{"name":"wp","href":"https:\/\/api.w.org\/{rel}","templated":true}]}}

Zurigo &#8211; Settimana della sostenibilità – NHW

<hr />
<p>
	Zurigo è da qualche anno punto di riferimento delle smart cities e considerata la città più sostenibile al mondo anche secondo la classifica stilata dal <em>Sustainable Cities Index</em> e condotta negli scorsi mesi dalla società di consulenza Arcadis, che ha preso in considerazione gli aspetti sociali, ambientali ed economici delle principali 100 città mondiali.</p>
<p>Si svolgerà pertanto qui la quinta edizione della Nachhaltigkeitswoche (Settimana della sostenibilità – NHW)</p>
<p>Durante la settimana aranno organizzati più di 40 eventi, proposti da un’ottantina di studenti. Il tema della sostenibilità verrà discusso a livello ecologico, economico e sociale. Agli interessati verrà proposto un ampio programma, con eventi aperti al pubblico e gratuiti, che comprenderà dibattiti, esposizioni, workshops, escursioni e conferenze con esperti del settore.</p>
<p>Programma e informazioni nel comunicato stampa allegato</p>
