{"id":3987,"date":"2017-01-23T13:53:28","date_gmt":"2017-01-23T13:53:28","guid":{"rendered":"https:\/\/scienzaegoverno.org\/evento\/le-filiere-cerealicole-toscana-problematiche-attuali-e-prospettive-future\/"},"modified":"2017-01-23T13:53:28","modified_gmt":"2017-01-23T13:53:28","slug":"le-filiere-cerealicole-toscana-problematiche-attuali-e-prospettive-future","status":"publish","type":"evento","link":"https:\/\/www.scienzaegoverno.org\/?evento=le-filiere-cerealicole-toscana-problematiche-attuali-e-prospettive-future","title":{"rendered":"Le filiere cerealicole in Toscana: problematiche attuali e prospettive future"},"content":{"rendered":"<p>&nbsp;<\/p>\n<p>A seguito della grave crisi che ha interessato il settore cerealicolo e considerata la grande importanza economica, sociale e ambientale che tale comparto riveste in Toscana, la Regione ha ritenuto opportuno promuovere un&#8217;iniziativa pubblica, finalizzata ad approfondire le problematiche attuali e le prospettive future delle principali filiere cerealicole regionali e ad esaminarne i principali punti di forza, quali la valorizzazione della tipicit\u00e0, della qualit\u00e0 e della tracciabilit\u00e0 (ad esempio il Pane Toscano DOP), anche al fine di valutare la possibilit\u00e0 di estendere tali esperienze positive ad altre filiere, in particolare a quella della pasta e ad altri prodotti derivati (prodotti da forno, ecc.).<\/p>\n<p>&nbsp;<\/p>\n","protected":false},"author":4,"featured_media":3988,"template":"","meta":{"advgb_blocks_editor_width":"","advgb_blocks_columns_visual_guide":""},"class_list":["post-3987","evento","type-evento","status-publish","has-post-thumbnail","hentry"],"featured_img":"https:\/\/www.scienzaegoverno.org\/wp-content\/uploads\/2017\/01\/filiere-cerealicole2017.png","coauthors":[],"author_meta":{"author_link":"https:\/\/www.scienzaegoverno.org\/?author=4","display_name":"NoName"},"relative_dates":{"created":"Pubblicato 9 anni fa","modified":"Aggiornato 9 anni fa"},"absolute_dates":{"created":"Pubblicato il 23\/01\/2017","modified":"Aggiornato il 23\/01\/2017"},"absolute_dates_time":{"created":"Pubblicato il 23\/01\/2017 13:53","modified":"Aggiornato il 23\/01\/2017 13:53"},"featured_img_caption":"","tax_additional":[],"series_order":"","_links":{"self":[{"href":"https:\/\/www.scienzaegoverno.org\/index.php?rest_route=\/wp\/v2\/evento\/3987","targetHints":{"allow":["GET"]}}],"collection":[{"href":"https:\/\/www.scienzaegoverno.org\/index.php?rest_route=\/wp\/v2\/evento"}],"about":[{"href":"https:\/\/www.scienzaegoverno.org\/index.php?rest_route=\/wp\/v2\/types\/evento"}],"author":[{"embeddable":true,"href":"https:\/\/www.scienzaegoverno.org\/index.php?rest_route=\/wp\/v2\/users\/4"}],"wp:featuredmedia":[{"embeddable":true,"href":"https:\/\/www.scienzaegoverno.org\/index.php?rest_route=\/wp\/v2\/media\/3988"}],"wp:attachment":[{"href":"https:\/\/www.scienzaegoverno.org\/index.php?rest_route=%2Fwp%2Fv2%2Fmedia&parent=3987"}],"curies":[{"name":"wp","href":"https:\/\/api.w.org\/{rel}","templated":true}]}}

<p>&nbsp;</p>
<p>A seguito della grave crisi che ha interessato il settore cerealicolo e considerata la grande importanza economica, sociale e ambientale che tale comparto riveste in Toscana, la Regione ha ritenuto opportuno promuovere un&#8217;iniziativa pubblica, finalizzata ad approfondire le problematiche attuali e le prospettive future delle principali filiere cerealicole regionali e ad esaminarne i principali punti di forza, quali la valorizzazione della tipicità, della qualità e della tracciabilità (ad esempio il Pane Toscano DOP), anche al fine di valutare la possibilità di estendere tali esperienze positive ad altre filiere, in particolare a quella della pasta e ad altri prodotti derivati (prodotti da forno, ecc.).</p>
<p>&nbsp;</p>
