{"id":3890,"date":"2016-11-22T11:53:41","date_gmt":"2016-11-22T11:53:41","guid":{"rendered":"https:\/\/scienzaegoverno.org\/evento\/radicepura-garden-festival-2017\/"},"modified":"2016-11-22T11:53:41","modified_gmt":"2016-11-22T11:53:41","slug":"radicepura-garden-festival-2017","status":"publish","type":"evento","link":"https:\/\/www.scienzaegoverno.org\/?evento=radicepura-garden-festival-2017","title":{"rendered":"Radicepura Garden Festival 2017"},"content":{"rendered":"<p>Call for ideas under 35 per la realizzazione di un giardino in Sicilia<\/p>\n<p>\tIn occasione della prima edizione del Garden Festival del Mediterraneo nel 2017, la fondazione Radicepura indice un bando di concorso internazionale rivolto a giovani paesaggisti, architetti e designer under 35 per la realizzazione di 5 giardini, con una&nbsp;superficie compresa tra 30 e 50 metri quadri, che affrontino il tema delle \u00abesperienze mediterranee\u00bb.<br \/>\n\tI giardini verranno realizzati a Radicepura, il parco botanico in provincia di Catania, a Giarre &#8211; tra l\u2019Etna e il mar Ionio &#8211; in stretta comunicazione con gli altri giardini progettati da paesaggisti di fama internazionale ed opere d\u2019arte.&nbsp;<br \/>\n\tLa partecipazione al concorso \u00e8 gratuita e i cinque progetti selezionati dalla giuria, presieduta dalla paesaggista inglese Sarah Eberle, riceveranno la fornitura parziale delle piante fino a un tetto massimo di 3.000 euro in valore commerciale e un budget&nbsp;di 2.000 euro per la realizzazione del giardino stesso.&nbsp;<br \/>\n\tI garden designer avranno la possibilit\u00e0 di esprimere la loro creativit\u00e0 utilizzando le piante pi\u00f9 originali coltivate nel vivaio Piante Faro, che raccoglie 800 diverse specie di piante tropicali, grasse, aromatiche, alberi mediterranei e agrumi.<br \/>\n\tPer partecipare al concorso<strong> \u00e8 necessario inviare il progetto sul sito <a href=\"http:\/\/www.radicepurafestival.com\/\" target=\"_blank\" rel=\"noopener\">www.radicepurafestival.co<\/a><\/strong><a href=\"http:\/\/www.radicepurafestival.com\/\" target=\"_blank\" rel=\"noopener\"><wbr><\/wbr><\/a><strong><a href=\"http:\/\/www.radicepurafestival.com\/\" target=\"_blank\" rel=\"noopener\">m<\/a>&nbsp;entro e non oltre l\u20198 gennaio 2017<\/strong>.<\/p>\n","protected":false},"author":4,"featured_media":3891,"template":"","meta":{"advgb_blocks_editor_width":"","advgb_blocks_columns_visual_guide":""},"class_list":["post-3890","evento","type-evento","status-publish","has-post-thumbnail","hentry"],"featured_img":"https:\/\/www.scienzaegoverno.org\/wp-content\/uploads\/2016\/11\/radicepura.png","coauthors":[],"author_meta":{"author_link":"https:\/\/www.scienzaegoverno.org\/?author=4","display_name":"NoName"},"relative_dates":{"created":"Pubblicato 9 anni fa","modified":"Aggiornato 9 anni fa"},"absolute_dates":{"created":"Pubblicato il 22\/11\/2016","modified":"Aggiornato il 22\/11\/2016"},"absolute_dates_time":{"created":"Pubblicato il 22\/11\/2016 11:53","modified":"Aggiornato il 22\/11\/2016 11:53"},"featured_img_caption":"","tax_additional":[],"series_order":"","_links":{"self":[{"href":"https:\/\/www.scienzaegoverno.org\/index.php?rest_route=\/wp\/v2\/evento\/3890","targetHints":{"allow":["GET"]}}],"collection":[{"href":"https:\/\/www.scienzaegoverno.org\/index.php?rest_route=\/wp\/v2\/evento"}],"about":[{"href":"https:\/\/www.scienzaegoverno.org\/index.php?rest_route=\/wp\/v2\/types\/evento"}],"author":[{"embeddable":true,"href":"https:\/\/www.scienzaegoverno.org\/index.php?rest_route=\/wp\/v2\/users\/4"}],"wp:featuredmedia":[{"embeddable":true,"href":"https:\/\/www.scienzaegoverno.org\/index.php?rest_route=\/wp\/v2\/media\/3891"}],"wp:attachment":[{"href":"https:\/\/www.scienzaegoverno.org\/index.php?rest_route=%2Fwp%2Fv2%2Fmedia&parent=3890"}],"curies":[{"name":"wp","href":"https:\/\/api.w.org\/{rel}","templated":true}]}}

<p>Call for ideas under 35 per la realizzazione di un giardino in Sicilia</p>
<p>	In occasione della prima edizione del Garden Festival del Mediterraneo nel 2017, la fondazione Radicepura indice un bando di concorso internazionale rivolto a giovani paesaggisti, architetti e designer under 35 per la realizzazione di 5 giardini, con una&nbsp;superficie compresa tra 30 e 50 metri quadri, che affrontino il tema delle «esperienze mediterranee».<br />
	I giardini verranno realizzati a Radicepura, il parco botanico in provincia di Catania, a Giarre &#8211; tra l’Etna e il mar Ionio &#8211; in stretta comunicazione con gli altri giardini progettati da paesaggisti di fama internazionale ed opere d’arte.&nbsp;<br />
	La partecipazione al concorso è gratuita e i cinque progetti selezionati dalla giuria, presieduta dalla paesaggista inglese Sarah Eberle, riceveranno la fornitura parziale delle piante fino a un tetto massimo di 3.000 euro in valore commerciale e un budget&nbsp;di 2.000 euro per la realizzazione del giardino stesso.&nbsp;<br />
	I garden designer avranno la possibilità di esprimere la loro creatività utilizzando le piante più originali coltivate nel vivaio Piante Faro, che raccoglie 800 diverse specie di piante tropicali, grasse, aromatiche, alberi mediterranei e agrumi.<br />
	Per partecipare al concorso<strong> è necessario inviare il progetto sul sito <a href="http://www.radicepurafestival.com/" target="_blank" rel="noopener">www.radicepurafestival.co</a></strong><a href="http://www.radicepurafestival.com/" target="_blank" rel="noopener"><wbr></wbr></a><strong><a href="http://www.radicepurafestival.com/" target="_blank" rel="noopener">m</a>&nbsp;entro e non oltre l’8 gennaio 2017</strong>.</p>
