{"id":3782,"date":"2016-09-27T12:44:16","date_gmt":"2016-09-27T12:44:16","guid":{"rendered":"https:\/\/scienzaegoverno.org\/evento\/leroy-merlin-incontri-al-salone-della-csr-e-dellinnovazione-sociale\/"},"modified":"2016-09-27T12:44:16","modified_gmt":"2016-09-27T12:44:16","slug":"leroy-merlin-incontri-al-salone-della-csr-e-dellinnovazione-sociale","status":"publish","type":"evento","link":"https:\/\/www.scienzaegoverno.org\/?evento=leroy-merlin-incontri-al-salone-della-csr-e-dellinnovazione-sociale","title":{"rendered":"Leroy Merlin  &#8211;  incontri al Salone della CSR e dell\u2019Innovazione Sociale"},"content":{"rendered":"<p>Al &nbsp;<strong>Salone della CSR e dell\u2019Innovazione Sociale<\/strong>&nbsp;\u2013 il pi\u00f9 importante evento in Italia dedicato alla sostenibilit\u00e0 e all\u2019innovazione sociale&nbsp;\u2013&nbsp;<strong>Leroy Merlin<\/strong>&nbsp;invita &nbsp;ad una serie di incontri per discutere di temi CSR quali lo studio di prodotti green perfomance all\u2019impegno per un trasporto sempre pi\u00f9 sostenibile, i progetti rivolti alle comunit\u00e0 come Ferriere, i giovani e la sostenibilit\u00e0 con esempi di esperienze di organizzazioni impegnate in progetti educativi, concorsi per stimolare una creativit\u00e0 responsabile, percorsi formativi e molto altro.<\/p>\n<p>&nbsp;<\/p>\n","protected":false},"author":4,"featured_media":0,"template":"","meta":{"advgb_blocks_editor_width":"","advgb_blocks_columns_visual_guide":""},"class_list":["post-3782","evento","type-evento","status-publish","hentry"],"featured_img":false,"coauthors":[],"author_meta":{"author_link":"https:\/\/www.scienzaegoverno.org\/?author=4","display_name":"NoName"},"relative_dates":{"created":"Pubblicato 10 anni fa","modified":"Aggiornato 10 anni fa"},"absolute_dates":{"created":"Pubblicato il 27\/09\/2016","modified":"Aggiornato il 27\/09\/2016"},"absolute_dates_time":{"created":"Pubblicato il 27\/09\/2016 12:44","modified":"Aggiornato il 27\/09\/2016 12:44"},"featured_img_caption":"","tax_additional":[],"series_order":"","_links":{"self":[{"href":"https:\/\/www.scienzaegoverno.org\/index.php?rest_route=\/wp\/v2\/evento\/3782","targetHints":{"allow":["GET"]}}],"collection":[{"href":"https:\/\/www.scienzaegoverno.org\/index.php?rest_route=\/wp\/v2\/evento"}],"about":[{"href":"https:\/\/www.scienzaegoverno.org\/index.php?rest_route=\/wp\/v2\/types\/evento"}],"author":[{"embeddable":true,"href":"https:\/\/www.scienzaegoverno.org\/index.php?rest_route=\/wp\/v2\/users\/4"}],"wp:attachment":[{"href":"https:\/\/www.scienzaegoverno.org\/index.php?rest_route=%2Fwp%2Fv2%2Fmedia&parent=3782"}],"curies":[{"name":"wp","href":"https:\/\/api.w.org\/{rel}","templated":true}]}}

<p>Al &nbsp;<strong>Salone della CSR e dell’Innovazione Sociale</strong>&nbsp;– il più importante evento in Italia dedicato alla sostenibilità e all’innovazione sociale&nbsp;–&nbsp;<strong>Leroy Merlin</strong>&nbsp;invita &nbsp;ad una serie di incontri per discutere di temi CSR quali lo studio di prodotti green perfomance all’impegno per un trasporto sempre più sostenibile, i progetti rivolti alle comunità come Ferriere, i giovani e la sostenibilità con esempi di esperienze di organizzazioni impegnate in progetti educativi, concorsi per stimolare una creatività responsabile, percorsi formativi e molto altro.</p>
<p>&nbsp;</p>
