{"id":3723,"date":"2016-07-26T12:59:16","date_gmt":"2016-07-26T12:59:16","guid":{"rendered":"https:\/\/scienzaegoverno.org\/evento\/festival-della-mente\/"},"modified":"2016-07-26T12:59:16","modified_gmt":"2016-07-26T12:59:16","slug":"festival-della-mente","status":"publish","type":"evento","link":"https:\/\/www.scienzaegoverno.org\/?evento=festival-della-mente","title":{"rendered":"FEStival della Mente"},"content":{"rendered":"<p>Dal 2 al 4 settembre&nbsp;la citt\u00e0 di Sarzana<\/p>\n<p>Per&nbsp;&nbsp;16 giorni&nbsp; la citt\u00e0 sar\u00e0 animata da eventi gratuiti: conferenze, spettacoli, laboratori e mostre con numerosi ospiti internazionali. Tra questi i due Premi Nobel per la Chimica Ada Yonath (2009) e Dan Shechtman (2011).<\/p>\n<p>I temi saranno come sempre trattati con un linguaggio divulgativo e indagati in modo interdisciplinare: neuroscienze, chimica, fisica, spazio, tecnologia, robotica, neurobiologia, evoluzione, arte, lingua e narrazione, sociologia, musica e suono.<\/p>\n<p>La sezione per bambini e ragazzi, quest&#8217;anno curata da Francesca Gianfranchi, \u00e8 un vero e proprio festival nel festival con 22 eventi (45 con le repliche) tra spettacoli e laboratori, ed \u00e8 realizzata con il contributo di Carispezia Cr\u00e9dit Agricole.<\/p>\n<p>I biglietti (3,50 \u20ac &#8211; 7,00 \u20ac) sono disponibili online con tutte le informazioni nella sezione biglietteria del sito del Festival della Mente, presso le biglietterie a Sarzana e La Spezia, e nei punti vendita segnalati su <a href=\"http:\/\/www.vivaticket.it\">www.vivaticket.it<\/a><\/p>\n<hr \/>\n<p>&nbsp;<\/p>\n<p><a href=\"http:\/\/customer32418.musvc1.net\/e\/t?q=7%3d7TFUB%26D%3dC%26H%3dCS%261%3dV8ZK%26O%3dlL65e3mJ_vset_73_4uWr_D0_vset_689Q1.8m7i41Io.51G_vset_68r9wLuPeDp9pDmGiF69_vset_68%26p%3dGyK875.FqN\" id=\"\" target=\"_blank\" rel=\"noopener\">Festival della Mente su Facebook<\/a><\/p>\n","protected":false},"author":4,"featured_media":3724,"template":"","meta":{"advgb_blocks_editor_width":"","advgb_blocks_columns_visual_guide":""},"class_list":["post-3723","evento","type-evento","status-publish","has-post-thumbnail","hentry"],"featured_img":"https:\/\/www.scienzaegoverno.org\/wp-content\/uploads\/2016\/07\/festival-mente-logo_0.gif","coauthors":[],"author_meta":{"author_link":"https:\/\/www.scienzaegoverno.org\/?author=4","display_name":"NoName"},"relative_dates":{"created":"Pubblicato 10 anni fa","modified":"Aggiornato 10 anni fa"},"absolute_dates":{"created":"Pubblicato il 26\/07\/2016","modified":"Aggiornato il 26\/07\/2016"},"absolute_dates_time":{"created":"Pubblicato il 26\/07\/2016 12:59","modified":"Aggiornato il 26\/07\/2016 12:59"},"featured_img_caption":"","tax_additional":[],"series_order":"","_links":{"self":[{"href":"https:\/\/www.scienzaegoverno.org\/index.php?rest_route=\/wp\/v2\/evento\/3723","targetHints":{"allow":["GET"]}}],"collection":[{"href":"https:\/\/www.scienzaegoverno.org\/index.php?rest_route=\/wp\/v2\/evento"}],"about":[{"href":"https:\/\/www.scienzaegoverno.org\/index.php?rest_route=\/wp\/v2\/types\/evento"}],"author":[{"embeddable":true,"href":"https:\/\/www.scienzaegoverno.org\/index.php?rest_route=\/wp\/v2\/users\/4"}],"wp:featuredmedia":[{"embeddable":true,"href":"https:\/\/www.scienzaegoverno.org\/index.php?rest_route=\/wp\/v2\/media\/3724"}],"wp:attachment":[{"href":"https:\/\/www.scienzaegoverno.org\/index.php?rest_route=%2Fwp%2Fv2%2Fmedia&parent=3723"}],"curies":[{"name":"wp","href":"https:\/\/api.w.org\/{rel}","templated":true}]}}

<p>Dal 2 al 4 settembre&nbsp;la città di Sarzana</p>
<p>Per&nbsp;&nbsp;16 giorni&nbsp; la città sarà animata da eventi gratuiti: conferenze, spettacoli, laboratori e mostre con numerosi ospiti internazionali. Tra questi i due Premi Nobel per la Chimica Ada Yonath (2009) e Dan Shechtman (2011).</p>
<p>I temi saranno come sempre trattati con un linguaggio divulgativo e indagati in modo interdisciplinare: neuroscienze, chimica, fisica, spazio, tecnologia, robotica, neurobiologia, evoluzione, arte, lingua e narrazione, sociologia, musica e suono.</p>
<p>La sezione per bambini e ragazzi, quest&#8217;anno curata da Francesca Gianfranchi, è un vero e proprio festival nel festival con 22 eventi (45 con le repliche) tra spettacoli e laboratori, ed è realizzata con il contributo di Carispezia Crédit Agricole.</p>
<p>I biglietti (3,50 € &#8211; 7,00 €) sono disponibili online con tutte le informazioni nella sezione biglietteria del sito del Festival della Mente, presso le biglietterie a Sarzana e La Spezia, e nei punti vendita segnalati su <a href="http://www.vivaticket.it">www.vivaticket.it</a></p>
<hr />
<p>&nbsp;</p>
<p><a href="http://customer32418.musvc1.net/e/t?q=7%3d7TFUB%26D%3dC%26H%3dCS%261%3dV8ZK%26O%3dlL65e3mJ_vset_73_4uWr_D0_vset_689Q1.8m7i41Io.51G_vset_68r9wLuPeDp9pDmGiF69_vset_68%26p%3dGyK875.FqN" id="" target="_blank" rel="noopener">Festival della Mente su Facebook</a></p>
