{"id":3679,"date":"2016-06-24T12:50:05","date_gmt":"2016-06-24T12:50:05","guid":{"rendered":"https:\/\/scienzaegoverno.org\/evento\/padova-resiliente-come-intervenire-nelle-citta-contrastare-i-cambiamenti-climatici\/"},"modified":"2016-06-24T12:50:05","modified_gmt":"2016-06-24T12:50:05","slug":"padova-resiliente-come-intervenire-nelle-citta-contrastare-i-cambiamenti-climatici","status":"publish","type":"evento","link":"https:\/\/www.scienzaegoverno.org\/?evento=padova-resiliente-come-intervenire-nelle-citta-contrastare-i-cambiamenti-climatici","title":{"rendered":"Padova resiliente: come intervenire nelle citt\u00e0 per contrastare i cambiamenti climatici"},"content":{"rendered":"<hr \/>\n<p>Fronteggiare gli impatti sul territorio legati ai cambiamenti climatici \u00e8 diventata oggi una priorit\u00e0 e il ruolo degli enti locali \u00e8 centrale. Padova, che si \u00e8 gi\u00e0 contraddistinta per gli strumenti di sostenibilit\u00e0 locale adottati, intende intraprendere un ulteriore passo in avanti per diventare una citt\u00e0 resiliente, capace di gestire gli impatti generati dalle variabili del clima.<\/p>\n<p>La prima tappa di questo lungo percorso, che porter\u00e0 a cambiare profondamente l\u2019approccio dell\u2019amministrazione comunale nella gestione della citt\u00e0, \u00e8 costituita dalle \u201clinee guida per la costruzione del piano di adattamento al cambiamento climatico\u201d. Il frutto di questo complesso lavoro tecnico interno ed esterno all\u2019Amministrazione Comunale, realizzato in collaborazione con Universit\u00e0 Iuav di Venezia, sar\u00e0 presentato alla cittadinanza marted\u00ec 28 giugno dalle ore 17.30 in sala Paladin di Palazzo Moroni.&nbsp;<br \/>\n\tNel corso dell\u2019evento &nbsp;si parler\u00e0 anche del ruolo delle citt\u00e0 nel raggiungimento degli obiettivi della strategia nazionale ai cambiamenti climatici con Maurizio Tira Presidente Coordinamento Agende<\/p>\n<p>21 Locali Italiane, del Piano di Adattamento ai cambiamenti climatici del Comune di Bologna, dell\u2019esperienza della Citt\u00e0 Metropolitana di Venezia nel progetto SeapAlps.<\/p>\n<p>Ad aprire i lavori, l\u2019Assessore all\u2019Ambiente Matteo Cavatton e il Rettore dell\u2019Universit\u00e0 Iuav di Venezia, Alberto Ferlenga.<\/p>\n<p>\tPer maggiori informazioni:&nbsp;<a data-saferedirecturl=\"https:\/\/www.google.com\/url?hl=it&amp;q=http:\/\/www.padovanet.it\/evento\/workshop-padova-resiliente&amp;source=gmail&amp;ust=1466857932271000&amp;usg=AFQjCNFJ3KH7o4Bur74IbT85u_rOquspVw\" href=\"http:\/\/www.padovanet.it\/evento\/workshop-padova-resiliente\" target=\"_blank\" rel=\"noopener\">padova-resiliente<\/a><br \/>\n\t\u00c8 consigliata la registrazione online al seguente&nbsp;<a data-saferedirecturl=\"https:\/\/www.google.com\/url?hl=it&amp;q=https:\/\/docs.google.com\/forms\/d\/19opxAfIFNg5hrBCTQHRkXOKz40KOIPrO2JSdt6RDNOA\/viewform?c%3D0%26w%3D1&amp;source=gmail&amp;ust=1466857932272000&amp;usg=AFQjCNEASFF3Qk4QVattli7nVYxGLriBLg\" href=\"https:\/\/docs.google.com\/forms\/d\/19opxAfIFNg5hrBCTQHRkXOKz40KOIPrO2JSdt6RDNOA\/viewform?c=0&amp;w=1\" target=\"_blank\" rel=\"noopener\">LINK<\/a><\/p>\n","protected":false},"author":4,"featured_media":3680,"template":"","meta":{"advgb_blocks_editor_width":"","advgb_blocks_columns_visual_guide":""},"class_list":["post-3679","evento","type-evento","status-publish","has-post-thumbnail","hentry"],"featured_img":"https:\/\/www.scienzaegoverno.org\/wp-content\/uploads\/2016\/06\/image-padovaResiliente.jpg","coauthors":[],"author_meta":{"author_link":"https:\/\/www.scienzaegoverno.org\/?author=4","display_name":"NoName"},"relative_dates":{"created":"Pubblicato 10 anni fa","modified":"Aggiornato 10 anni fa"},"absolute_dates":{"created":"Pubblicato il 24\/06\/2016","modified":"Aggiornato il 24\/06\/2016"},"absolute_dates_time":{"created":"Pubblicato il 24\/06\/2016 12:50","modified":"Aggiornato il 24\/06\/2016 12:50"},"featured_img_caption":"","tax_additional":[],"series_order":"","_links":{"self":[{"href":"https:\/\/www.scienzaegoverno.org\/index.php?rest_route=\/wp\/v2\/evento\/3679","targetHints":{"allow":["GET"]}}],"collection":[{"href":"https:\/\/www.scienzaegoverno.org\/index.php?rest_route=\/wp\/v2\/evento"}],"about":[{"href":"https:\/\/www.scienzaegoverno.org\/index.php?rest_route=\/wp\/v2\/types\/evento"}],"author":[{"embeddable":true,"href":"https:\/\/www.scienzaegoverno.org\/index.php?rest_route=\/wp\/v2\/users\/4"}],"wp:featuredmedia":[{"embeddable":true,"href":"https:\/\/www.scienzaegoverno.org\/index.php?rest_route=\/wp\/v2\/media\/3680"}],"wp:attachment":[{"href":"https:\/\/www.scienzaegoverno.org\/index.php?rest_route=%2Fwp%2Fv2%2Fmedia&parent=3679"}],"curies":[{"name":"wp","href":"https:\/\/api.w.org\/{rel}","templated":true}]}}

Padova resiliente: come intervenire nelle città per contrastare i cambiamenti climatici

<hr />
<p>Fronteggiare gli impatti sul territorio legati ai cambiamenti climatici è diventata oggi una priorità e il ruolo degli enti locali è centrale. Padova, che si è già contraddistinta per gli strumenti di sostenibilità locale adottati, intende intraprendere un ulteriore passo in avanti per diventare una città resiliente, capace di gestire gli impatti generati dalle variabili del clima.</p>
<p>La prima tappa di questo lungo percorso, che porterà a cambiare profondamente l’approccio dell’amministrazione comunale nella gestione della città, è costituita dalle “linee guida per la costruzione del piano di adattamento al cambiamento climatico”. Il frutto di questo complesso lavoro tecnico interno ed esterno all’Amministrazione Comunale, realizzato in collaborazione con Università Iuav di Venezia, sarà presentato alla cittadinanza martedì 28 giugno dalle ore 17.30 in sala Paladin di Palazzo Moroni.&nbsp;<br />
	Nel corso dell’evento &nbsp;si parlerà anche del ruolo delle città nel raggiungimento degli obiettivi della strategia nazionale ai cambiamenti climatici con Maurizio Tira Presidente Coordinamento Agende</p>
<p>21 Locali Italiane, del Piano di Adattamento ai cambiamenti climatici del Comune di Bologna, dell’esperienza della Città Metropolitana di Venezia nel progetto SeapAlps.</p>
<p>Ad aprire i lavori, l’Assessore all’Ambiente Matteo Cavatton e il Rettore dell’Università Iuav di Venezia, Alberto Ferlenga.</p>
<p>	Per maggiori informazioni:&nbsp;<a data-saferedirecturl="https://www.google.com/url?hl=it&amp;q=http://www.padovanet.it/evento/workshop-padova-resiliente&amp;source=gmail&amp;ust=1466857932271000&amp;usg=AFQjCNFJ3KH7o4Bur74IbT85u_rOquspVw" href="http://www.padovanet.it/evento/workshop-padova-resiliente" target="_blank" rel="noopener">padova-resiliente</a><br />
	È consigliata la registrazione online al seguente&nbsp;<a data-saferedirecturl="https://www.google.com/url?hl=it&amp;q=https://docs.google.com/forms/d/19opxAfIFNg5hrBCTQHRkXOKz40KOIPrO2JSdt6RDNOA/viewform?c%3D0%26w%3D1&amp;source=gmail&amp;ust=1466857932272000&amp;usg=AFQjCNEASFF3Qk4QVattli7nVYxGLriBLg" href="https://docs.google.com/forms/d/19opxAfIFNg5hrBCTQHRkXOKz40KOIPrO2JSdt6RDNOA/viewform?c=0&amp;w=1" target="_blank" rel="noopener">LINK</a></p>
