{"id":3657,"date":"2016-06-17T10:08:14","date_gmt":"2016-06-17T10:08:14","guid":{"rendered":"https:\/\/scienzaegoverno.org\/evento\/ludwig-van-festival-opv-e-le-9-sinfonie-di-beethoven\/"},"modified":"2016-06-17T10:08:14","modified_gmt":"2016-06-17T10:08:14","slug":"ludwig-van-festival-opv-e-le-9-sinfonie-di-beethoven","status":"publish","type":"evento","link":"https:\/\/www.scienzaegoverno.org\/?evento=ludwig-van-festival-opv-e-le-9-sinfonie-di-beethoven","title":{"rendered":"\u201cLudwig Van Festival\u201d &#8211; OPV e le 9 Sinfonie di Beethoven"},"content":{"rendered":"<p>&nbsp;<\/p>\n<p>L\u2019Orchestra di Padova e del Veneto si confronta con la forza, la modernit\u00e0 e la molteplicit\u00e0 di Beethoven proponendo l\u2019esecuzione integrale delle 9 Sinfonie di Beethoven sotto la direzione di Marco Angius.<\/p>\n<p>Il Festival, realizzato con il sostegno di Fondazione Antonveneta, si aprir\u00e0 venerd\u00ec 24 giugno alle 21.00 al Teatro Giardino di Palazzo Zuckermann, con la Prima e la Quinta Sinfonia, e si chiuder\u00e0 gioved\u00ec 4 agosto alle 21.30 al Castello dei Carraresi con la Nona Sinfonia.<br \/>\n\tI primi quattro programmi saranno proposti in parallelo anche nelle pi\u00f9 belle ville della Valpolicella, in un nuovo progetto di \u2018residenza estiva\u2019 firmato OPV.<\/p>\n<hr \/>\n<p><img decoding=\"async\" alt=\"\" src=\"https:\/\/www.scienzaegoverno.org\/sites\/default\/files\/galleries\/OPV e Marco Angius 2016.jpg\" style=\"width: 800px; height: 480px;\" title=\"OPV e il Maestro Marco Angius\" \/><\/p>\n<hr \/>\n<p>&nbsp;<\/p>\n<p>Il programma pu\u00f2 subire variazioni, si consiglia di consultare il sito&nbsp;<a data-saferedirecturl=\"https:\/\/www.google.com\/url?hl=it&amp;q=http:\/\/www.opvorchestra.it\/&amp;source=gmail&amp;ust=1466237848180000&amp;usg=AFQjCNGdgGtwvTKyrGMXeVJD37GvDSv7dw\" href=\"http:\/\/www.opvorchestra.it\/\" target=\"_blank\" rel=\"noopener\">www.opvorchestra.it<\/a>.<\/p>\n<p>Info:&nbsp;<a data-saferedirecturl=\"https:\/\/www.google.com\/url?hl=it&amp;q=http:\/\/www.opvorchestra.it\/&amp;source=gmail&amp;ust=1466237848180000&amp;usg=AFQjCNGdgGtwvTKyrGMXeVJD37GvDSv7dw\" href=\"http:\/\/www.opvorchestra.it\/\" target=\"_blank\" rel=\"noopener\">www.opvorchestra.it<\/a>, tel. 049 656848-656626.<\/p>\n<p>Ufficio stampa&nbsp;Studio Pierrepi<br \/>\n\t348-3423647<br \/>\n\t<a href=\"mailto:opvorchestra@studiopierrepi.it\" target=\"_blank\" rel=\"noopener\">opvorchestra@studiopierrepi.it<\/a><br \/>\n\t<a data-saferedirecturl=\"https:\/\/www.google.com\/url?hl=it&amp;q=http:\/\/www.studiopierrepi.it\/&amp;source=gmail&amp;ust=1466237848180000&amp;usg=AFQjCNHkrFXwGhC6hcrd_XLoAx_ITQPRGQ\" href=\"http:\/\/www.studiopierrepi.it\/\" target=\"_blank\" rel=\"noopener\">www.studiopierrepi.it<\/a><\/p>\n<div>\n\t&nbsp;<\/div>\n","protected":false},"author":4,"featured_media":3658,"template":"","meta":{"advgb_blocks_editor_width":"","advgb_blocks_columns_visual_guide":""},"class_list":["post-3657","evento","type-evento","status-publish","has-post-thumbnail","hentry"],"featured_img":"https:\/\/www.scienzaegoverno.org\/wp-content\/uploads\/2016\/06\/OPV-logo.jpg","coauthors":[],"author_meta":{"author_link":"https:\/\/www.scienzaegoverno.org\/?author=4","display_name":"NoName"},"relative_dates":{"created":"Pubblicato 10 anni fa","modified":"Aggiornato 10 anni fa"},"absolute_dates":{"created":"Pubblicato il 17\/06\/2016","modified":"Aggiornato il 17\/06\/2016"},"absolute_dates_time":{"created":"Pubblicato il 17\/06\/2016 10:08","modified":"Aggiornato il 17\/06\/2016 10:08"},"featured_img_caption":"","tax_additional":[],"series_order":"","_links":{"self":[{"href":"https:\/\/www.scienzaegoverno.org\/index.php?rest_route=\/wp\/v2\/evento\/3657","targetHints":{"allow":["GET"]}}],"collection":[{"href":"https:\/\/www.scienzaegoverno.org\/index.php?rest_route=\/wp\/v2\/evento"}],"about":[{"href":"https:\/\/www.scienzaegoverno.org\/index.php?rest_route=\/wp\/v2\/types\/evento"}],"author":[{"embeddable":true,"href":"https:\/\/www.scienzaegoverno.org\/index.php?rest_route=\/wp\/v2\/users\/4"}],"wp:featuredmedia":[{"embeddable":true,"href":"https:\/\/www.scienzaegoverno.org\/index.php?rest_route=\/wp\/v2\/media\/3658"}],"wp:attachment":[{"href":"https:\/\/www.scienzaegoverno.org\/index.php?rest_route=%2Fwp%2Fv2%2Fmedia&parent=3657"}],"curies":[{"name":"wp","href":"https:\/\/api.w.org\/{rel}","templated":true}]}}

<p>&nbsp;</p>
<p>L’Orchestra di Padova e del Veneto si confronta con la forza, la modernità e la molteplicità di Beethoven proponendo l’esecuzione integrale delle 9 Sinfonie di Beethoven sotto la direzione di Marco Angius.</p>
<p>Il Festival, realizzato con il sostegno di Fondazione Antonveneta, si aprirà venerdì 24 giugno alle 21.00 al Teatro Giardino di Palazzo Zuckermann, con la Prima e la Quinta Sinfonia, e si chiuderà giovedì 4 agosto alle 21.30 al Castello dei Carraresi con la Nona Sinfonia.<br />
	I primi quattro programmi saranno proposti in parallelo anche nelle più belle ville della Valpolicella, in un nuovo progetto di ‘residenza estiva’ firmato OPV.</p>
<hr />
<p><img decoding="async" alt="" src="https://www.scienzaegoverno.org/sites/default/files/galleries/OPV e Marco Angius 2016.jpg" style="width: 800px; height: 480px;" title="OPV e il Maestro Marco Angius" /></p>
<hr />
<p>&nbsp;</p>
<p>Il programma può subire variazioni, si consiglia di consultare il sito&nbsp;<a data-saferedirecturl="https://www.google.com/url?hl=it&amp;q=http://www.opvorchestra.it/&amp;source=gmail&amp;ust=1466237848180000&amp;usg=AFQjCNGdgGtwvTKyrGMXeVJD37GvDSv7dw" href="http://www.opvorchestra.it/" target="_blank" rel="noopener">www.opvorchestra.it</a>.</p>
<p>Info:&nbsp;<a data-saferedirecturl="https://www.google.com/url?hl=it&amp;q=http://www.opvorchestra.it/&amp;source=gmail&amp;ust=1466237848180000&amp;usg=AFQjCNGdgGtwvTKyrGMXeVJD37GvDSv7dw" href="http://www.opvorchestra.it/" target="_blank" rel="noopener">www.opvorchestra.it</a>, tel. 049 656848-656626.</p>
<p>Ufficio stampa&nbsp;Studio Pierrepi<br />
	348-3423647<br />
	<a href="mailto:opvorchestra@studiopierrepi.it" target="_blank" rel="noopener">opvorchestra@studiopierrepi.it</a><br />
	<a data-saferedirecturl="https://www.google.com/url?hl=it&amp;q=http://www.studiopierrepi.it/&amp;source=gmail&amp;ust=1466237848180000&amp;usg=AFQjCNHkrFXwGhC6hcrd_XLoAx_ITQPRGQ" href="http://www.studiopierrepi.it/" target="_blank" rel="noopener">www.studiopierrepi.it</a></p>
<div>
	&nbsp;</div>
