{"id":3638,"date":"2016-06-06T12:38:23","date_gmt":"2016-06-06T12:38:23","guid":{"rendered":"https:\/\/scienzaegoverno.org\/evento\/world-oceans-day\/"},"modified":"2016-06-06T12:38:23","modified_gmt":"2016-06-06T12:38:23","slug":"world-oceans-day","status":"publish","type":"evento","link":"https:\/\/www.scienzaegoverno.org\/?evento=world-oceans-day","title":{"rendered":"WORLD OCEANS DAY"},"content":{"rendered":"<p>\u201cLa Giornata mondiale degli Oceani \u00e8 un&#8217;occasione per ricordarci che i nostri mari sono in crisi, che in Europa il 60 per cento delle risorse ittiche studiate \u00e8 sovrasfruttato e che nel Mediterraneo e nel Mar Nero la situazione \u00e8 ancora pi\u00f9 allarmante. Per questo Greenpeace sostiene la pesca artigianale che impiega attrezzi a basso impatto ambientale e riduce al minimo gli scarti. I proprietari delle imbarcazioni solitamente lavorano sulle barche e pescano quanto necessario per sostenere le loro famiglie.\u201d (In \u201c<a href=\"http:\/\/www.greenpeace.org\/italy\/it\/multimedia\/Slideshow\/Giornata-Mondiale-degli-Oceani\/#\">Greenpeace<\/a>\u201d)<br \/>\n\t&nbsp;<\/p>\n<p>&nbsp;<\/p>\n","protected":false},"author":4,"featured_media":3639,"template":"","meta":{"advgb_blocks_editor_width":"","advgb_blocks_columns_visual_guide":""},"class_list":["post-3638","evento","type-evento","status-publish","has-post-thumbnail","hentry"],"featured_img":"https:\/\/www.scienzaegoverno.org\/wp-content\/uploads\/2016\/06\/wod-logo.png","coauthors":[],"author_meta":{"author_link":"https:\/\/www.scienzaegoverno.org\/?author=4","display_name":"NoName"},"relative_dates":{"created":"Pubblicato 10 anni fa","modified":"Aggiornato 10 anni fa"},"absolute_dates":{"created":"Pubblicato il 06\/06\/2016","modified":"Aggiornato il 06\/06\/2016"},"absolute_dates_time":{"created":"Pubblicato il 06\/06\/2016 12:38","modified":"Aggiornato il 06\/06\/2016 12:38"},"featured_img_caption":"","tax_additional":[],"series_order":"","_links":{"self":[{"href":"https:\/\/www.scienzaegoverno.org\/index.php?rest_route=\/wp\/v2\/evento\/3638","targetHints":{"allow":["GET"]}}],"collection":[{"href":"https:\/\/www.scienzaegoverno.org\/index.php?rest_route=\/wp\/v2\/evento"}],"about":[{"href":"https:\/\/www.scienzaegoverno.org\/index.php?rest_route=\/wp\/v2\/types\/evento"}],"author":[{"embeddable":true,"href":"https:\/\/www.scienzaegoverno.org\/index.php?rest_route=\/wp\/v2\/users\/4"}],"wp:featuredmedia":[{"embeddable":true,"href":"https:\/\/www.scienzaegoverno.org\/index.php?rest_route=\/wp\/v2\/media\/3639"}],"wp:attachment":[{"href":"https:\/\/www.scienzaegoverno.org\/index.php?rest_route=%2Fwp%2Fv2%2Fmedia&parent=3638"}],"curies":[{"name":"wp","href":"https:\/\/api.w.org\/{rel}","templated":true}]}}

<p>“La Giornata mondiale degli Oceani è un&#8217;occasione per ricordarci che i nostri mari sono in crisi, che in Europa il 60 per cento delle risorse ittiche studiate è sovrasfruttato e che nel Mediterraneo e nel Mar Nero la situazione è ancora più allarmante. Per questo Greenpeace sostiene la pesca artigianale che impiega attrezzi a basso impatto ambientale e riduce al minimo gli scarti. I proprietari delle imbarcazioni solitamente lavorano sulle barche e pescano quanto necessario per sostenere le loro famiglie.” (In “<a href="http://www.greenpeace.org/italy/it/multimedia/Slideshow/Giornata-Mondiale-degli-Oceani/#">Greenpeace</a>”)<br />
	&nbsp;</p>
<p>&nbsp;</p>
