{"id":3615,"date":"2016-05-31T13:12:34","date_gmt":"2016-05-31T13:12:34","guid":{"rendered":"https:\/\/scienzaegoverno.org\/evento\/festa-della-nuova-repubblica-2-giugno-2016\/"},"modified":"2016-05-31T13:12:34","modified_gmt":"2016-05-31T13:12:34","slug":"festa-della-nuova-repubblica-2-giugno-2016","status":"publish","type":"evento","link":"https:\/\/www.scienzaegoverno.org\/?evento=festa-della-nuova-repubblica-2-giugno-2016","title":{"rendered":"Festa della Nuova Repubblica &#8211; 2 giugno 2016"},"content":{"rendered":"<p>Dalle 9 alle 24<br \/>\n\t&nbsp;<\/p>\n<hr \/>\n<p>Una&nbsp;&quot;Festa della Nuova Repubblica&quot; che sia rivolta ad ogni italiano, cos\u00ec come ad ogni comunit\u00e0 di cui \u00e8 ricco il nostro territorio: da coloro che vi hanno una presenza consolidata ed attiva e chi, attraversando terre senza speranza, vi \u00e8 appena arrivato, che dovrebbe trovare la risposta al motivo del proprio viaggi proprio nei princ\u00ecpi istituzionali sanciti 70 anni fa e con cui ci auguriamo di ritrovare la consapevolezza della ricchezza dei nostri valori fondanti.<\/p>\n","protected":false},"author":4,"featured_media":3616,"template":"","meta":{"advgb_blocks_editor_width":"","advgb_blocks_columns_visual_guide":""},"class_list":["post-3615","evento","type-evento","status-publish","has-post-thumbnail","hentry"],"featured_img":"https:\/\/www.scienzaegoverno.org\/wp-content\/uploads\/2016\/05\/2-giugno_nuova-repubblica_0.jpg","coauthors":[],"author_meta":{"author_link":"https:\/\/www.scienzaegoverno.org\/?author=4","display_name":"NoName"},"relative_dates":{"created":"Pubblicato 10 anni fa","modified":"Aggiornato 10 anni fa"},"absolute_dates":{"created":"Pubblicato il 31\/05\/2016","modified":"Aggiornato il 31\/05\/2016"},"absolute_dates_time":{"created":"Pubblicato il 31\/05\/2016 13:12","modified":"Aggiornato il 31\/05\/2016 13:12"},"featured_img_caption":"","tax_additional":[],"series_order":"","_links":{"self":[{"href":"https:\/\/www.scienzaegoverno.org\/index.php?rest_route=\/wp\/v2\/evento\/3615","targetHints":{"allow":["GET"]}}],"collection":[{"href":"https:\/\/www.scienzaegoverno.org\/index.php?rest_route=\/wp\/v2\/evento"}],"about":[{"href":"https:\/\/www.scienzaegoverno.org\/index.php?rest_route=\/wp\/v2\/types\/evento"}],"author":[{"embeddable":true,"href":"https:\/\/www.scienzaegoverno.org\/index.php?rest_route=\/wp\/v2\/users\/4"}],"wp:featuredmedia":[{"embeddable":true,"href":"https:\/\/www.scienzaegoverno.org\/index.php?rest_route=\/wp\/v2\/media\/3616"}],"wp:attachment":[{"href":"https:\/\/www.scienzaegoverno.org\/index.php?rest_route=%2Fwp%2Fv2%2Fmedia&parent=3615"}],"curies":[{"name":"wp","href":"https:\/\/api.w.org\/{rel}","templated":true}]}}

<p>Dalle 9 alle 24<br />
	&nbsp;</p>
<hr />
<p>Una&nbsp;&quot;Festa della Nuova Repubblica&quot; che sia rivolta ad ogni italiano, così come ad ogni comunità di cui è ricco il nostro territorio: da coloro che vi hanno una presenza consolidata ed attiva e chi, attraversando terre senza speranza, vi è appena arrivato, che dovrebbe trovare la risposta al motivo del proprio viaggi proprio nei princìpi istituzionali sanciti 70 anni fa e con cui ci auguriamo di ritrovare la consapevolezza della ricchezza dei nostri valori fondanti.</p>
